{"id":3701,"date":"2021-07-09T14:36:10","date_gmt":"2021-07-09T12:36:10","guid":{"rendered":"https:\/\/sites.uef.fi\/vaikuttavuuden-talo\/?page_id=3701"},"modified":"2021-08-19T09:34:34","modified_gmt":"2021-08-19T07:34:34","slug":"ohjeet-esitykset-ja-posterit-2021","status":"publish","type":"page","link":"https:\/\/sites.uef.fi\/vaikuttavuuden-talo\/ohjeet-esitykset-ja-posterit-2021\/","title":{"rendered":"Ohjeet esitykset ja posterit 2021"},"content":{"rendered":"\n<h1 class=\"wp-block-heading\">Ohjeet esitysten ja postereiden valmisteluun<\/h1>\n\n\n\n<h2 class=\"wp-block-heading\"><strong>Suulliset esitykset<\/strong><\/h2>\n\n\n\n<p>Suullisen esityksen pituus on&nbsp;10\u201315&nbsp;minuuttia.&nbsp;Yhdess\u00e4 temaattisessa sessiossa on aikaa yhteens\u00e4 90 minuuttia,&nbsp;ja vaihteleva m\u00e4\u00e4r\u00e4 esityksi\u00e4. Aikaa on varattu&nbsp;my\u00f6s&nbsp;keskustelulle.&nbsp;Huomioithan, ettet ylit\u00e4 omaa aikaasi, jotta kaikilla on yht\u00e4l\u00e4isesti aikaa pit\u00e4\u00e4 oma esityksens\u00e4.&nbsp;<\/p>\n\n\n\n<p>Esityst\u00e4\u00a0varten voi valmistella maksimissaan 10\u00a0powerpoint-diaa, jotka pit\u00e4v\u00e4t sis\u00e4ll\u00e4\u00e4n aloitus- ja lopetusdiat. Vinkkej\u00e4 diojen laatimiseen alla posteriohjeissa.<\/p>\n\n\n\n<p>Linkit temaattisten sessioiden\u00a0Zoom-huoneisiin tulevat p\u00e4ivien internet-sivuille ohjelman yhteyteen. Kun oma esitysvuorosi tulee, voit jakaa esityksen omalta koneelta muiden kuulijoiden n\u00e4kyville.\u00a0Testaathan etuk\u00e4teen, ett\u00e4 internet-yhteytesi ja mikrofonisi ovat toimintakunnossa. Pyrimme varautumaan teknisiin ongelmiin ja pyyd\u00e4mme\u00a0siksi\u00a0l\u00e4hett\u00e4m\u00e4\u00e4n esityksen\u00a0ppt-tiedoston etuk\u00e4teen j\u00e4rjestelytoimikunnalle\u00a03.10. menness\u00e4\u00a0<a rel=\"noreferrer noopener\" href=\"https:\/\/registration.contio.fi\/uef\/Registration\/Login?id=2634-T_2634-3140\" target=\"_blank\">t\u00e4st\u00e4 linkist\u00e4<\/a>.\u00a0<\/p>\n\n\n\n<h2 class=\"wp-block-heading\"><strong>Posteri-esitykset<\/strong><\/h2>\n\n\n\n<p>Tutkimusp\u00e4ivien posterit esitell\u00e4\u00e4n t\u00e4n\u00e4 vuonna videoina. Videomuotoinen posteri\u00a0on maksimissaan viiden minuutin mittainen nauhoite, jossa tekij\u00e4 esittelee posterinsa. Posterissa\u00a0keskeiset asiat kootaan yhdelle\u00a0arkille\u00a0ja esitysmuotona voi olla esimerkiksi yksi\u00a0powerpoint-dia.\u00a0Posterin valmistelussa kannattaa noudattaa seuraavia yleisi\u00e4 ohjeita:\u00a0<\/p>\n\n\n\n<ul class=\"wp-block-list\"><li>Esit\u00e4 posterisi sis\u00e4lt\u00f6 tiiviisti ja selke\u00e4sti. V\u00e4lt\u00e4 pitki\u00e4 lauseita.\u00a0\u00a0<\/li><li>K\u00e4yt\u00e4 grafiikkaa ja kuvioita isojen taulukoiden sijaan.\u00a0\u00a0<\/li><li>V\u00e4reill\u00e4 voi korostaa olennaisia osioita ja asioita.\u00a0\u00a0<\/li><li>Johtop\u00e4\u00e4t\u00f6kset kannattaa esitt\u00e4\u00e4\u00a0bullet-pointteina.\u00a0\u00a0<\/li><\/ul>\n\n\n\n<p>Pyyd\u00e4mme l\u00e4hett\u00e4m\u00e4\u00e4n esityksen etuk\u00e4teen j\u00e4rjestelytoimikunnalle 3.10. menness\u00e4\u00a0osoitteeseen\u00a0<a href=\"mailto:emma.aarnio@uef.fi\">emma.aarnio@uef.fi<\/a>. <\/p>\n","protected":false},"excerpt":{"rendered":"<p>Ohjeet esitysten ja postereiden valmisteluun Suulliset esitykset Suullisen esityksen pituus on&nbsp;10\u201315&nbsp;minuuttia.&nbsp;Yhdess\u00e4 temaattisessa sessiossa on aikaa yhteens\u00e4 90 minuuttia,&nbsp;ja vaihteleva m\u00e4\u00e4r\u00e4 esityksi\u00e4. Aikaa on varattu&nbsp;my\u00f6s&nbsp;keskustelulle.&nbsp;Huomioithan, ettet ylit\u00e4 omaa aikaasi, jotta kaikilla on yht\u00e4l\u00e4isesti aikaa pit\u00e4\u00e4 oma esityksens\u00e4.&nbsp; Esityst\u00e4\u00a0varten voi valmistella maksimissaan 10\u00a0powerpoint-diaa, jotka pit\u00e4v\u00e4t sis\u00e4ll\u00e4\u00e4n aloitus- ja lopetusdiat. Vinkkej\u00e4 diojen laatimiseen alla posteriohjeissa. Linkit temaattisten sessioiden\u00a0Zoom-huoneisiin [&hellip;]<\/p>\n","protected":false},"author":473,"featured_media":0,"parent":0,"menu_order":0,"comment_status":"closed","ping_status":"closed","template":"","meta":{"_acf_changed":false,"_monsterinsights_skip_tracking":false,"_monsterinsights_sitenote_active":false,"_monsterinsights_sitenote_note":"","_monsterinsights_sitenote_category":0,"footnotes":""},"class_list":["post-3701","page","type-page","status-publish","hentry"],"acf":[],"yoast_head":"<!-- This site is optimized with the Yoast SEO plugin v27.1.1 - https:\/\/yoast.com\/product\/yoast-seo-wordpress\/ -->\n<title>Ohjeet esitykset ja posterit 2021 - Vaikuttavuuden talo<\/title>\n<meta name=\"robots\" content=\"index, follow, max-snippet:-1, max-image-preview:large, max-video-preview:-1\" \/>\n<link rel=\"canonical\" href=\"https:\/\/sites.uef.fi\/vaikuttavuuden-talo\/ohjeet-esitykset-ja-posterit-2021\/\" \/>\n<meta property=\"og:locale\" content=\"fi_FI\" \/>\n<meta property=\"og:type\" content=\"article\" \/>\n<meta property=\"og:title\" content=\"Ohjeet esitykset ja posterit 2021 - Vaikuttavuuden talo\" \/>\n<meta property=\"og:description\" content=\"Ohjeet esitysten ja postereiden valmisteluun Suulliset esitykset Suullisen esityksen pituus on&nbsp;10\u201315&nbsp;minuuttia.&nbsp;Yhdess\u00e4 temaattisessa sessiossa on aikaa yhteens\u00e4 90 minuuttia,&nbsp;ja vaihteleva m\u00e4\u00e4r\u00e4 esityksi\u00e4. Aikaa on varattu&nbsp;my\u00f6s&nbsp;keskustelulle.&nbsp;Huomioithan, ettet ylit\u00e4 omaa aikaasi, jotta kaikilla on yht\u00e4l\u00e4isesti aikaa pit\u00e4\u00e4 oma esityksens\u00e4.&nbsp; Esityst\u00e4\u00a0varten voi valmistella maksimissaan 10\u00a0powerpoint-diaa, jotka pit\u00e4v\u00e4t sis\u00e4ll\u00e4\u00e4n aloitus- ja lopetusdiat. Vinkkej\u00e4 diojen laatimiseen alla posteriohjeissa. Linkit temaattisten sessioiden\u00a0Zoom-huoneisiin [&hellip;]\" \/>\n<meta property=\"og:url\" content=\"https:\/\/sites.uef.fi\/vaikuttavuuden-talo\/ohjeet-esitykset-ja-posterit-2021\/\" \/>\n<meta property=\"og:site_name\" content=\"Vaikuttavuuden talo\" \/>\n<meta property=\"article:modified_time\" content=\"2021-08-19T07:34:34+00:00\" \/>\n<meta name=\"twitter:card\" content=\"summary_large_image\" \/>\n<meta name=\"twitter:label1\" content=\"Arvioitu lukuaika\" \/>\n\t<meta name=\"twitter:data1\" content=\"1 minuutti\" \/>\n<script type=\"application\/ld+json\" class=\"yoast-schema-graph\">{\"@context\":\"https:\/\/schema.org\",\"@graph\":[{\"@type\":\"WebPage\",\"@id\":\"https:\/\/sites.uef.fi\/vaikuttavuuden-talo\/ohjeet-esitykset-ja-posterit-2021\/\",\"url\":\"https:\/\/sites.uef.fi\/vaikuttavuuden-talo\/ohjeet-esitykset-ja-posterit-2021\/\",\"name\":\"Ohjeet esitykset ja posterit 2021 - Vaikuttavuuden talo\",\"isPartOf\":{\"@id\":\"https:\/\/sites.uef.fi\/vaikuttavuuden-talo\/#website\"},\"datePublished\":\"2021-07-09T12:36:10+00:00\",\"dateModified\":\"2021-08-19T07:34:34+00:00\",\"breadcrumb\":{\"@id\":\"https:\/\/sites.uef.fi\/vaikuttavuuden-talo\/ohjeet-esitykset-ja-posterit-2021\/#breadcrumb\"},\"inLanguage\":\"fi\",\"potentialAction\":[{\"@type\":\"ReadAction\",\"target\":[\"https:\/\/sites.uef.fi\/vaikuttavuuden-talo\/ohjeet-esitykset-ja-posterit-2021\/\"]}]},{\"@type\":\"BreadcrumbList\",\"@id\":\"https:\/\/sites.uef.fi\/vaikuttavuuden-talo\/ohjeet-esitykset-ja-posterit-2021\/#breadcrumb\",\"itemListElement\":[{\"@type\":\"ListItem\",\"position\":1,\"name\":\"Home\",\"item\":\"https:\/\/sites.uef.fi\/vaikuttavuuden-talo\/\"},{\"@type\":\"ListItem\",\"position\":2,\"name\":\"Ohjeet esitykset ja posterit 2021\"}]},{\"@type\":\"WebSite\",\"@id\":\"https:\/\/sites.uef.fi\/vaikuttavuuden-talo\/#website\",\"url\":\"https:\/\/sites.uef.fi\/vaikuttavuuden-talo\/\",\"name\":\"Vaikuttavuuden talo\",\"description\":\"\",\"potentialAction\":[{\"@type\":\"SearchAction\",\"target\":{\"@type\":\"EntryPoint\",\"urlTemplate\":\"https:\/\/sites.uef.fi\/vaikuttavuuden-talo\/?s={search_term_string}\"},\"query-input\":{\"@type\":\"PropertyValueSpecification\",\"valueRequired\":true,\"valueName\":\"search_term_string\"}}],\"inLanguage\":\"fi\"}]}<\/script>\n<!-- \/ Yoast SEO plugin. -->","yoast_head_json":{"title":"Ohjeet esitykset ja posterit 2021 - Vaikuttavuuden talo","robots":{"index":"index","follow":"follow","max-snippet":"max-snippet:-1","max-image-preview":"max-image-preview:large","max-video-preview":"max-video-preview:-1"},"canonical":"https:\/\/sites.uef.fi\/vaikuttavuuden-talo\/ohjeet-esitykset-ja-posterit-2021\/","og_locale":"fi_FI","og_type":"article","og_title":"Ohjeet esitykset ja posterit 2021 - Vaikuttavuuden talo","og_description":"Ohjeet esitysten ja postereiden valmisteluun Suulliset esitykset Suullisen esityksen pituus on&nbsp;10\u201315&nbsp;minuuttia.&nbsp;Yhdess\u00e4 temaattisessa sessiossa on aikaa yhteens\u00e4 90 minuuttia,&nbsp;ja vaihteleva m\u00e4\u00e4r\u00e4 esityksi\u00e4. Aikaa on varattu&nbsp;my\u00f6s&nbsp;keskustelulle.&nbsp;Huomioithan, ettet ylit\u00e4 omaa aikaasi, jotta kaikilla on yht\u00e4l\u00e4isesti aikaa pit\u00e4\u00e4 oma esityksens\u00e4.&nbsp; Esityst\u00e4\u00a0varten voi valmistella maksimissaan 10\u00a0powerpoint-diaa, jotka pit\u00e4v\u00e4t sis\u00e4ll\u00e4\u00e4n aloitus- ja lopetusdiat. Vinkkej\u00e4 diojen laatimiseen alla posteriohjeissa. Linkit temaattisten sessioiden\u00a0Zoom-huoneisiin [&hellip;]","og_url":"https:\/\/sites.uef.fi\/vaikuttavuuden-talo\/ohjeet-esitykset-ja-posterit-2021\/","og_site_name":"Vaikuttavuuden talo","article_modified_time":"2021-08-19T07:34:34+00:00","twitter_card":"summary_large_image","twitter_misc":{"Arvioitu lukuaika":"1 minuutti"},"schema":{"@context":"https:\/\/schema.org","@graph":[{"@type":"WebPage","@id":"https:\/\/sites.uef.fi\/vaikuttavuuden-talo\/ohjeet-esitykset-ja-posterit-2021\/","url":"https:\/\/sites.uef.fi\/vaikuttavuuden-talo\/ohjeet-esitykset-ja-posterit-2021\/","name":"Ohjeet esitykset ja posterit 2021 - Vaikuttavuuden talo","isPartOf":{"@id":"https:\/\/sites.uef.fi\/vaikuttavuuden-talo\/#website"},"datePublished":"2021-07-09T12:36:10+00:00","dateModified":"2021-08-19T07:34:34+00:00","breadcrumb":{"@id":"https:\/\/sites.uef.fi\/vaikuttavuuden-talo\/ohjeet-esitykset-ja-posterit-2021\/#breadcrumb"},"inLanguage":"fi","potentialAction":[{"@type":"ReadAction","target":["https:\/\/sites.uef.fi\/vaikuttavuuden-talo\/ohjeet-esitykset-ja-posterit-2021\/"]}]},{"@type":"BreadcrumbList","@id":"https:\/\/sites.uef.fi\/vaikuttavuuden-talo\/ohjeet-esitykset-ja-posterit-2021\/#breadcrumb","itemListElement":[{"@type":"ListItem","position":1,"name":"Home","item":"https:\/\/sites.uef.fi\/vaikuttavuuden-talo\/"},{"@type":"ListItem","position":2,"name":"Ohjeet esitykset ja posterit 2021"}]},{"@type":"WebSite","@id":"https:\/\/sites.uef.fi\/vaikuttavuuden-talo\/#website","url":"https:\/\/sites.uef.fi\/vaikuttavuuden-talo\/","name":"Vaikuttavuuden talo","description":"","potentialAction":[{"@type":"SearchAction","target":{"@type":"EntryPoint","urlTemplate":"https:\/\/sites.uef.fi\/vaikuttavuuden-talo\/?s={search_term_string}"},"query-input":{"@type":"PropertyValueSpecification","valueRequired":true,"valueName":"search_term_string"}}],"inLanguage":"fi"}]}},"_links":{"self":[{"href":"https:\/\/sites.uef.fi\/vaikuttavuuden-talo\/wp-json\/wp\/v2\/pages\/3701","targetHints":{"allow":["GET"]}}],"collection":[{"href":"https:\/\/sites.uef.fi\/vaikuttavuuden-talo\/wp-json\/wp\/v2\/pages"}],"about":[{"href":"https:\/\/sites.uef.fi\/vaikuttavuuden-talo\/wp-json\/wp\/v2\/types\/page"}],"author":[{"embeddable":true,"href":"https:\/\/sites.uef.fi\/vaikuttavuuden-talo\/wp-json\/wp\/v2\/users\/473"}],"replies":[{"embeddable":true,"href":"https:\/\/sites.uef.fi\/vaikuttavuuden-talo\/wp-json\/wp\/v2\/comments?post=3701"}],"version-history":[{"count":1,"href":"https:\/\/sites.uef.fi\/vaikuttavuuden-talo\/wp-json\/wp\/v2\/pages\/3701\/revisions"}],"predecessor-version":[{"id":3874,"href":"https:\/\/sites.uef.fi\/vaikuttavuuden-talo\/wp-json\/wp\/v2\/pages\/3701\/revisions\/3874"}],"wp:attachment":[{"href":"https:\/\/sites.uef.fi\/vaikuttavuuden-talo\/wp-json\/wp\/v2\/media?parent=3701"}],"curies":[{"name":"wp","href":"https:\/\/api.w.org\/{rel}","templated":true}]}}