{"id":3767,"date":"2021-08-11T12:11:37","date_gmt":"2021-08-11T10:11:37","guid":{"rendered":"https:\/\/sites.uef.fi\/vaikuttavuuden-talo\/?page_id=3767"},"modified":"2025-05-21T13:23:27","modified_gmt":"2025-05-21T11:23:27","slug":"menetelmakehitys-ja-aineistolahtoiset-lahestymistavat","status":"publish","type":"page","link":"https:\/\/sites.uef.fi\/vaikuttavuuden-talo\/menetelmakehitys-ja-aineistolahtoiset-lahestymistavat\/","title":{"rendered":"Vaikuttavuuden ja kustannusvaikuttavuuden menetelm\u00e4kehitys ja aineistol\u00e4ht\u00f6iset l\u00e4hestymistavat"},"content":{"rendered":"\n<p>Kehit\u00e4mme erilaisia vaikuttavuuden ja kustannusvaikuttavuuden arvioinnin menetelmi\u00e4 osana muita tutkimuksia. Hy\u00f6dynn\u00e4mme ja yhdist\u00e4mme erilaisia aineistol\u00e4ht\u00f6isi\u00e4 menetelmi\u00e4 sosiaali- ja terveyspalveluiden vaikuttavuuden ja saavutettavuuden arvioinnissa, esimerkkein\u00e4 kokeelliset tutkimusasetelmat, survey-asetelmat, rekisteritutkimus ja paikkatietomenetelm\u00e4t.<\/p>\n\n\n\n<ul class=\"wp-block-list\">\n<li><strong><a data-type=\"URL\" data-id=\"https:\/\/uefconnect.uef.fi\/tutkimusryhma\/kulttuurihyvinvointitoiminnan-taloudellinen-arviointi-hanke\/\" href=\"https:\/\/uefconnect.uef.fi\/tutkimusryhma\/kulttuurihyvinvointitoiminnan-taloudellinen-arviointi-hanke\/\">Kulttuurihyvinvointitoiminnan taloudellinen arviointi (ArtWell)<\/a> <\/strong>-hankkeessa kehitet\u00e4\u00e4n kulttuurihyvinvointitoimien ennakoivassa taloudellisessa arvioinnissa tarvittavia menetelmi\u00e4 ja laskentamalleja sek\u00e4 arvioinnin kriteerist\u00f6j\u00e4 ett\u00e4 tunnistetaan arviointia tukevan tietotuotannon tarpeita. Hanke toteutetaan It\u00e4-Suomen yliopiston Vaikuttavuuden talon, Taideyliopiston ja Kulttuurihyvinvointipooli ry:n yhteisty\u00f6n\u00e4. Selvityshanke rahoitetaan valtioneuvoston selvitys- ja tutkimustoiminnan VN-TEAS-rahoituksella 3\/2022\u20133\/2023 v\u00e4lisen\u00e4 aikana.<\/li>\n<\/ul>\n\n\n\n<ul class=\"wp-block-list\">\n<li><strong><a href=\"https:\/\/uefconnect.uef.fi\/tutkimusryhma\/vaeston-koettu-hyvinvointi-ja-terveys\/\">V\u00e4est\u00f6n koettu hyvinvointi ja terveys -tutkimushankkeessa<\/a><\/strong> (2022-2024) tutkitaan ja arvioidaan erilaisia koetun terveyden ja hyvinvoinnin mittareita alueellisen v\u00e4est\u00f6tason hyvinvoinnin ja terveyden seurantaa varten. Tutkimuksessa toteutetaan kysely 2000 kansalaiselle koko Suomen alueella yhteisty\u00f6ss\u00e4 Taloustutkimuksen kanssa. Kysely pit\u00e4\u00e4 sis\u00e4ll\u00e4\u00e4n useita erilaisia terveyden ja hyvinvoinnin sek\u00e4 toimintakyvyn mittareita sek\u00e4 n\u00e4iden kannalta olennaisia taustatekij\u00f6it\u00e4 mittareita. Kyselyss\u00e4 pyrit\u00e4\u00e4n saamaan alueellinen edustava otos vastaajista. &nbsp;Mittareiden tuloksia verrataan erilaisten tilastollisten menetelmien ja tunnuslukujen avulla.<\/li>\n<\/ul>\n\n\n\n<ul class=\"wp-block-list\">\n<li>It\u00e4-Suomen yliopiston Sosiaali- ja terveysjohtamisen laitos toimii yhten\u00e4<strong> <a href=\"https:\/\/jbi.global\/\">JBI-verkoston <\/a><\/strong>j\u00e4senen\u00e4<strong> <a href=\"https:\/\/www.hotus.fi\/jbi-cc\/\">Suomen JBI yhteisty\u00f6keskuksessa<\/a>. <\/strong>Suomen JBI yhteisty\u00f6keskus on JBI:n hallinnollisesti itsen\u00e4inen yhteisty\u00f6keskus, jonka teht\u00e4v\u00e4n\u00e4 on n\u00e4ytt\u00f6\u00f6n perustuvan terveydenhuollon edist\u00e4minen sek\u00e4 j\u00e4rjestelm\u00e4llisten katsausten tuottaminen. Keskus j\u00e4rjest\u00e4\u00e4 vuosittain j\u00e4rjestelm\u00e4llisten katsausten laadinnan (Comprehensive JBI Systematic Review Training Program, CSR) -koulutuksen yhteisty\u00f6ss\u00e4 It\u00e4-Suomen ja Oulun yliopiston kanssa. Sosiaali- ja terveysjohtamisen laitokselta Suomen JBI-keskuksen johtokunnan j\u00e4senen\u00e4 toimii professori Johanna Lammintakanen, varajohtajana ja arviointipaneelin puheenjohtajana Sosiaali- ja terveydenhuollon tiedonhallinnan tutkimustiimist\u00e4 yliopistonlehtori Virpi Jylh\u00e4 (core staff, CSR-kouluttaja) ja j\u00e4senen\u00e4 professori Ulla-Mari Kinnunen (core staff, CSR-kouluttaja).<\/li>\n<\/ul>\n\n\n\n<ul class=\"wp-block-list\">\n<li><a rel=\"noreferrer noopener\" href=\"https:\/\/www.stnimpro.fi\/\" target=\"_blank\"><strong>Parempi tietopohja ja palvelujen optimointi sosiaali- ja terveydenhuollon palvelurakenneuudistuksen tueksi (IMPRO)<\/strong>&nbsp;<\/a>-tutkimusprojekti (2018-2023) tuottaa tutkittua tietoa sosiaali- ja terveydenhuollon uudistuksen tueksi sote-palveluiden rakenteesta, toimivuudesta ja tuloksellisuudesta. Tutkimusryhm\u00e4 analysoi sosiaali- ja terveydenhuollon palvelurakenteita, hoidon saavutettavuutta, hoitopolkuja, hoidon tuloksia ja kustannuksia sek\u00e4 kustannusvaikuttavuutta ennen sote-uudistusta ja sen j\u00e4lkeen.  Tavoitteena on, ett\u00e4 hankkeessa kehitettyj\u00e4 rekisteritiedon hy\u00f6dynt\u00e4misen tapoja ja tuotettua laatutietoa sek\u00e4 kustannuslaskennan malleja voidaan hy\u00f6dynt\u00e4\u00e4 vaikuttavien sosiaali- ja terveyspalvelujen suunnitteluun kansallisesti, mik\u00e4li tietoj\u00e4rjestelm\u00e4t kehittyv\u00e4t toivotulla tavalla.<\/li>\n<\/ul>\n\n\n\n<ul class=\"wp-block-list\">\n<li><a href=\"https:\/\/www.proshade.fi\/\" data-type=\"URL\" data-id=\"https:\/\/www.proshade.fi\/\"><strong>PROSHADE \u2013 Tietoon pohjautuva jaettu p\u00e4\u00e4t\u00f6ksenteko terveydenhuollossa<\/strong><\/a> -hankkeessa (2020-2023, optio 2023-2026) kehit\u00e4mme taloudellisen ja vaikuttavuustiedon sek\u00e4 potilaiden tuottaman tiedon k\u00e4ytt\u00f6\u00e4 p\u00e4\u00e4t\u00f6ksenteossa. Tutkimme ja arvioimme jaetun p\u00e4\u00e4t\u00f6ksenteon k\u00e4yt\u00e4nt\u00f6j\u00e4 terveydenhuollon organisaatioissa ja potilaiden hoitop\u00e4\u00e4t\u00f6ksiss\u00e4. Terveydenhuollossa k\u00e4ytet\u00e4\u00e4n jo laajasti K\u00e4yp\u00e4 hoito -suosituksia. PROSHADE-hankkeessa niihin yhdistet\u00e4\u00e4n tietoa hoitojen kustannuksista ja kustannusvaikuttavuudesta. K\u00e4yp\u00e4 hoito -suositusten rinnalla ovat my\u00f6s uudemmat V\u00e4lt\u00e4 viisaasti -suositukset ja niihin on koottu tieto tarpeettomista tai v\u00e4ltett\u00e4vist\u00e4 tutkimus- ja hoitok\u00e4yt\u00e4nn\u00f6ist\u00e4. Hankkeessa kehitet\u00e4\u00e4n keinoja karsia v\u00e4h\u00e4hy\u00f6tyisi\u00e4 k\u00e4yt\u00e4nt\u00f6j\u00e4. PROSHADE-hankkeessa tutkitaan my\u00f6s kynnysarvon k\u00e4ytt\u00f6\u00e4 terveydenhuollon p\u00e4\u00e4t\u00f6ksenteossa ja selvitet\u00e4\u00e4n, onko se mahdollista laskea suomalaisella rekisteriaineistolla.<\/li>\n<\/ul>\n\n\n\n<ul class=\"wp-block-list\">\n<li><a href=\"https:\/\/www.uef.fi\/fi\/artikkeli\/iakkaiden-jarkevan-laakehoidon-implementointitutkimukseen-rahoitus-kelalta\"><strong>MEDIFF<\/strong><\/a>-hanke tutkii rekisteritutkimuksen keinoin kansallisten i\u00e4kk\u00e4iden l\u00e4\u00e4kehoidon toteutusta ohjaavien L\u00e4\u00e4ke75+-tietokannan ja Muistisairauksien K\u00e4yp\u00e4 hoito -suosituksen uudistuksen vaikutuksia v\u00e4ltett\u00e4vien l\u00e4\u00e4kkeiden k\u00e4ytt\u00f6\u00f6n Suomessa. Hankkeessa tuotetaan uutta tietoa kansallisten suositusten vaikutuksista i\u00e4kk\u00e4iden j\u00e4rkev\u00e4n l\u00e4\u00e4kehoidon toteutuksessa. Tutkimuksessa tuotettavaa tietoa voidaan hy\u00f6dynt\u00e4\u00e4 implementoinnin arvioinnissa ja uusien strategioiden kehitt\u00e4misess\u00e4.<\/li>\n<\/ul>\n\n\n\n<ul class=\"wp-block-list\">\n<li><strong><a href=\"https:\/\/uefconnect.uef.fi\/tutkimusryhma\/medalz\/\">MEDALZ (Medication use and Alzheimer\u2019s disease study)<\/a><\/strong> -tutkimuksessa  selvitet\u00e4\u00e4n Alzheimerin tautia sarastavien henkil\u00f6iden l\u00e4\u00e4kkeiden k\u00e4ytt\u00f6\u00e4 ja terveydentilaa. MEDALZ on valtakunnallinen terveysrekisteriaineistoihin pohjautuva tutkimus. MEDALZ-aineistoon sis\u00e4ltyv\u00e4t kaikki kotona asuvat henkil\u00f6t, joilla diagnosoitiin Alzheimerin tauti vuosina 2005-2011 Suomessa (n=70 718).&nbsp;<\/li>\n<\/ul>\n\n\n\n<ul class=\"wp-block-list\">\n<li><strong><a href=\"https:\/\/pubmed.ncbi.nlm.nih.gov\/33757451\/\">FINPARK (Finnish Study on Parkinson\u2019s disease)<\/a><\/strong> on rekisteripohjainen tutkimus jossa selvitet\u00e4\u00e4n Parkinsonin tautia sarastavien henkil\u00f6iden l\u00e4\u00e4kkeiden k\u00e4ytt\u00f6\u00e4 ja terveydentilaa. Tuotamme tietoa siit\u00e4 kuinka Parkinsonin tautia sairastavia hoidetaan Suomessa ja tutkimme l\u00e4\u00e4kehoidon vaikuttavuutta, my\u00f6s turvallisuusn\u00e4k\u00f6kulmasta.<\/li>\n<\/ul>\n\n\n\n<hr class=\"wp-block-separator has-css-opacity\" \/>\n\n\n\n<h2 class=\"wp-block-heading\">P\u00e4\u00e4ttyneet hankkeet<\/h2>\n","protected":false},"excerpt":{"rendered":"<p>Kehit\u00e4mme erilaisia vaikuttavuuden ja kustannusvaikuttavuuden arvioinnin menetelmi\u00e4 osana muita tutkimuksia. Hy\u00f6dynn\u00e4mme ja yhdist\u00e4mme erilaisia aineistol\u00e4ht\u00f6isi\u00e4 menetelmi\u00e4 sosiaali- ja terveyspalveluiden vaikuttavuuden ja saavutettavuuden arvioinnissa, esimerkkein\u00e4 kokeelliset tutkimusasetelmat, survey-asetelmat, rekisteritutkimus ja paikkatietomenetelm\u00e4t. P\u00e4\u00e4ttyneet hankkeet<\/p>\n","protected":false},"author":473,"featured_media":0,"parent":0,"menu_order":0,"comment_status":"closed","ping_status":"closed","template":"","meta":{"_acf_changed":false,"_monsterinsights_skip_tracking":false,"_monsterinsights_sitenote_active":false,"_monsterinsights_sitenote_note":"","_monsterinsights_sitenote_category":0,"footnotes":""},"class_list":["post-3767","page","type-page","status-publish","hentry"],"acf":[],"yoast_head":"<!-- This site is optimized with the Yoast SEO plugin v27.1.1 - https:\/\/yoast.com\/product\/yoast-seo-wordpress\/ -->\n<title>Vaikuttavuuden ja kustannusvaikuttavuuden menetelm\u00e4kehitys ja aineistol\u00e4ht\u00f6iset l\u00e4hestymistavat - Vaikuttavuuden talo<\/title>\n<meta name=\"robots\" content=\"index, follow, max-snippet:-1, max-image-preview:large, max-video-preview:-1\" \/>\n<link rel=\"canonical\" href=\"https:\/\/sites.uef.fi\/vaikuttavuuden-talo\/menetelmakehitys-ja-aineistolahtoiset-lahestymistavat\/\" \/>\n<meta property=\"og:locale\" content=\"fi_FI\" \/>\n<meta property=\"og:type\" content=\"article\" \/>\n<meta property=\"og:title\" content=\"Vaikuttavuuden ja kustannusvaikuttavuuden menetelm\u00e4kehitys ja aineistol\u00e4ht\u00f6iset l\u00e4hestymistavat - Vaikuttavuuden talo\" \/>\n<meta property=\"og:description\" content=\"Kehit\u00e4mme erilaisia vaikuttavuuden ja kustannusvaikuttavuuden arvioinnin menetelmi\u00e4 osana muita tutkimuksia. Hy\u00f6dynn\u00e4mme ja yhdist\u00e4mme erilaisia aineistol\u00e4ht\u00f6isi\u00e4 menetelmi\u00e4 sosiaali- ja terveyspalveluiden vaikuttavuuden ja saavutettavuuden arvioinnissa, esimerkkein\u00e4 kokeelliset tutkimusasetelmat, survey-asetelmat, rekisteritutkimus ja paikkatietomenetelm\u00e4t. P\u00e4\u00e4ttyneet hankkeet\" \/>\n<meta property=\"og:url\" content=\"https:\/\/sites.uef.fi\/vaikuttavuuden-talo\/menetelmakehitys-ja-aineistolahtoiset-lahestymistavat\/\" \/>\n<meta property=\"og:site_name\" content=\"Vaikuttavuuden talo\" \/>\n<meta property=\"article:modified_time\" content=\"2025-05-21T11:23:27+00:00\" \/>\n<meta name=\"twitter:card\" content=\"summary_large_image\" \/>\n<meta name=\"twitter:label1\" content=\"Arvioitu lukuaika\" \/>\n\t<meta name=\"twitter:data1\" content=\"4 minuuttia\" \/>\n<script type=\"application\/ld+json\" class=\"yoast-schema-graph\">{\"@context\":\"https:\/\/schema.org\",\"@graph\":[{\"@type\":\"WebPage\",\"@id\":\"https:\/\/sites.uef.fi\/vaikuttavuuden-talo\/menetelmakehitys-ja-aineistolahtoiset-lahestymistavat\/\",\"url\":\"https:\/\/sites.uef.fi\/vaikuttavuuden-talo\/menetelmakehitys-ja-aineistolahtoiset-lahestymistavat\/\",\"name\":\"Vaikuttavuuden ja kustannusvaikuttavuuden menetelm\u00e4kehitys ja aineistol\u00e4ht\u00f6iset l\u00e4hestymistavat - Vaikuttavuuden talo\",\"isPartOf\":{\"@id\":\"https:\/\/sites.uef.fi\/vaikuttavuuden-talo\/#website\"},\"datePublished\":\"2021-08-11T10:11:37+00:00\",\"dateModified\":\"2025-05-21T11:23:27+00:00\",\"breadcrumb\":{\"@id\":\"https:\/\/sites.uef.fi\/vaikuttavuuden-talo\/menetelmakehitys-ja-aineistolahtoiset-lahestymistavat\/#breadcrumb\"},\"inLanguage\":\"fi\",\"potentialAction\":[{\"@type\":\"ReadAction\",\"target\":[\"https:\/\/sites.uef.fi\/vaikuttavuuden-talo\/menetelmakehitys-ja-aineistolahtoiset-lahestymistavat\/\"]}]},{\"@type\":\"BreadcrumbList\",\"@id\":\"https:\/\/sites.uef.fi\/vaikuttavuuden-talo\/menetelmakehitys-ja-aineistolahtoiset-lahestymistavat\/#breadcrumb\",\"itemListElement\":[{\"@type\":\"ListItem\",\"position\":1,\"name\":\"Home\",\"item\":\"https:\/\/sites.uef.fi\/vaikuttavuuden-talo\/\"},{\"@type\":\"ListItem\",\"position\":2,\"name\":\"Vaikuttavuuden ja kustannusvaikuttavuuden menetelm\u00e4kehitys ja aineistol\u00e4ht\u00f6iset l\u00e4hestymistavat\"}]},{\"@type\":\"WebSite\",\"@id\":\"https:\/\/sites.uef.fi\/vaikuttavuuden-talo\/#website\",\"url\":\"https:\/\/sites.uef.fi\/vaikuttavuuden-talo\/\",\"name\":\"Vaikuttavuuden talo\",\"description\":\"\",\"potentialAction\":[{\"@type\":\"SearchAction\",\"target\":{\"@type\":\"EntryPoint\",\"urlTemplate\":\"https:\/\/sites.uef.fi\/vaikuttavuuden-talo\/?s={search_term_string}\"},\"query-input\":{\"@type\":\"PropertyValueSpecification\",\"valueRequired\":true,\"valueName\":\"search_term_string\"}}],\"inLanguage\":\"fi\"}]}<\/script>\n<!-- \/ Yoast SEO plugin. -->","yoast_head_json":{"title":"Vaikuttavuuden ja kustannusvaikuttavuuden menetelm\u00e4kehitys ja aineistol\u00e4ht\u00f6iset l\u00e4hestymistavat - Vaikuttavuuden talo","robots":{"index":"index","follow":"follow","max-snippet":"max-snippet:-1","max-image-preview":"max-image-preview:large","max-video-preview":"max-video-preview:-1"},"canonical":"https:\/\/sites.uef.fi\/vaikuttavuuden-talo\/menetelmakehitys-ja-aineistolahtoiset-lahestymistavat\/","og_locale":"fi_FI","og_type":"article","og_title":"Vaikuttavuuden ja kustannusvaikuttavuuden menetelm\u00e4kehitys ja aineistol\u00e4ht\u00f6iset l\u00e4hestymistavat - Vaikuttavuuden talo","og_description":"Kehit\u00e4mme erilaisia vaikuttavuuden ja kustannusvaikuttavuuden arvioinnin menetelmi\u00e4 osana muita tutkimuksia. Hy\u00f6dynn\u00e4mme ja yhdist\u00e4mme erilaisia aineistol\u00e4ht\u00f6isi\u00e4 menetelmi\u00e4 sosiaali- ja terveyspalveluiden vaikuttavuuden ja saavutettavuuden arvioinnissa, esimerkkein\u00e4 kokeelliset tutkimusasetelmat, survey-asetelmat, rekisteritutkimus ja paikkatietomenetelm\u00e4t. P\u00e4\u00e4ttyneet hankkeet","og_url":"https:\/\/sites.uef.fi\/vaikuttavuuden-talo\/menetelmakehitys-ja-aineistolahtoiset-lahestymistavat\/","og_site_name":"Vaikuttavuuden talo","article_modified_time":"2025-05-21T11:23:27+00:00","twitter_card":"summary_large_image","twitter_misc":{"Arvioitu lukuaika":"4 minuuttia"},"schema":{"@context":"https:\/\/schema.org","@graph":[{"@type":"WebPage","@id":"https:\/\/sites.uef.fi\/vaikuttavuuden-talo\/menetelmakehitys-ja-aineistolahtoiset-lahestymistavat\/","url":"https:\/\/sites.uef.fi\/vaikuttavuuden-talo\/menetelmakehitys-ja-aineistolahtoiset-lahestymistavat\/","name":"Vaikuttavuuden ja kustannusvaikuttavuuden menetelm\u00e4kehitys ja aineistol\u00e4ht\u00f6iset l\u00e4hestymistavat - Vaikuttavuuden talo","isPartOf":{"@id":"https:\/\/sites.uef.fi\/vaikuttavuuden-talo\/#website"},"datePublished":"2021-08-11T10:11:37+00:00","dateModified":"2025-05-21T11:23:27+00:00","breadcrumb":{"@id":"https:\/\/sites.uef.fi\/vaikuttavuuden-talo\/menetelmakehitys-ja-aineistolahtoiset-lahestymistavat\/#breadcrumb"},"inLanguage":"fi","potentialAction":[{"@type":"ReadAction","target":["https:\/\/sites.uef.fi\/vaikuttavuuden-talo\/menetelmakehitys-ja-aineistolahtoiset-lahestymistavat\/"]}]},{"@type":"BreadcrumbList","@id":"https:\/\/sites.uef.fi\/vaikuttavuuden-talo\/menetelmakehitys-ja-aineistolahtoiset-lahestymistavat\/#breadcrumb","itemListElement":[{"@type":"ListItem","position":1,"name":"Home","item":"https:\/\/sites.uef.fi\/vaikuttavuuden-talo\/"},{"@type":"ListItem","position":2,"name":"Vaikuttavuuden ja kustannusvaikuttavuuden menetelm\u00e4kehitys ja aineistol\u00e4ht\u00f6iset l\u00e4hestymistavat"}]},{"@type":"WebSite","@id":"https:\/\/sites.uef.fi\/vaikuttavuuden-talo\/#website","url":"https:\/\/sites.uef.fi\/vaikuttavuuden-talo\/","name":"Vaikuttavuuden talo","description":"","potentialAction":[{"@type":"SearchAction","target":{"@type":"EntryPoint","urlTemplate":"https:\/\/sites.uef.fi\/vaikuttavuuden-talo\/?s={search_term_string}"},"query-input":{"@type":"PropertyValueSpecification","valueRequired":true,"valueName":"search_term_string"}}],"inLanguage":"fi"}]}},"_links":{"self":[{"href":"https:\/\/sites.uef.fi\/vaikuttavuuden-talo\/wp-json\/wp\/v2\/pages\/3767","targetHints":{"allow":["GET"]}}],"collection":[{"href":"https:\/\/sites.uef.fi\/vaikuttavuuden-talo\/wp-json\/wp\/v2\/pages"}],"about":[{"href":"https:\/\/sites.uef.fi\/vaikuttavuuden-talo\/wp-json\/wp\/v2\/types\/page"}],"author":[{"embeddable":true,"href":"https:\/\/sites.uef.fi\/vaikuttavuuden-talo\/wp-json\/wp\/v2\/users\/473"}],"replies":[{"embeddable":true,"href":"https:\/\/sites.uef.fi\/vaikuttavuuden-talo\/wp-json\/wp\/v2\/comments?post=3767"}],"version-history":[{"count":1,"href":"https:\/\/sites.uef.fi\/vaikuttavuuden-talo\/wp-json\/wp\/v2\/pages\/3767\/revisions"}],"predecessor-version":[{"id":11788,"href":"https:\/\/sites.uef.fi\/vaikuttavuuden-talo\/wp-json\/wp\/v2\/pages\/3767\/revisions\/11788"}],"wp:attachment":[{"href":"https:\/\/sites.uef.fi\/vaikuttavuuden-talo\/wp-json\/wp\/v2\/media?parent=3767"}],"curies":[{"name":"wp","href":"https:\/\/api.w.org\/{rel}","templated":true}]}}