{"id":5464,"date":"2022-06-30T07:47:57","date_gmt":"2022-06-30T05:47:57","guid":{"rendered":"https:\/\/sites.uef.fi\/vaikuttavuuden-talo\/?page_id=5464"},"modified":"2023-08-16T09:15:29","modified_gmt":"2023-08-16T07:15:29","slug":"programme-2022","status":"publish","type":"page","link":"https:\/\/sites.uef.fi\/vaikuttavuuden-talo\/programme-2022\/?lang=en","title":{"rendered":"Programme 2022"},"content":{"rendered":"\n<h1 class=\"wp-block-heading\">Programme of the Conference of Effectiveness 2022<\/h1>\n\n\n\n<p>Highlighted plenaries are in English and highlighted sessions have presentations in English.<\/p>\n\n\n\n<p><strong>Follow the National Conference of Effectiveness Research on Twitter: @VAIKtaloUEF, and tweet #VTpaivat2022, #vaikuttavuus, #effectivenes<\/strong><\/p>\n\n\n\n<h2 class=\"wp-block-heading\">Tuesday 4.10.<\/h2>\n\n\n\n<p><strong>8.00 &#8211; 8.45<\/strong> <strong>Registration<\/strong> Snellmania lobby 1st floor <strong>and morning coffees<\/strong>, 2nd floor <\/p>\n\n\n\n<p><strong>8.45\u20139.00 Vaikuttavuuden tutkimuksen p\u00e4ivien avaaminen  (Opening of the National Conference of Effectiveness Research)<\/strong>&nbsp;<strong>Marko Korhonen<\/strong>, Pohjois-Savon hyvinvointialuejohtaja&nbsp;(SN100)<\/p>\n\n\n\n<p><strong>9.00 \u2013 10.00 <\/strong><mark style=\"background-color:#6db7cc\" class=\"has-inline-color\"><strong>PLENARY <\/strong><\/mark><a href=\"http:\/\/sites.uef.fi\/vaikuttavuuden-talo\/paapuhujien-abstraktit-2022\/?lang=en#Webber\"><strong>\u201cMethodological aspects of evaluating effectiveness of social interventions\u201d<\/strong><\/a>, Professor<strong> Martin Webber<\/strong>, International Centre for Mental Health Social Research, University of York (SN100)<\/p>\n\n\n\n<p><strong>10.15 \u2013 11.45 <strong>PARALLEL THEMATIC SESSION<\/strong>S<\/strong><\/p>\n\n\n\n<p><a href=\"https:\/\/sites.uef.fi\/vaikuttavuuden-talo\/abstraktikirja-2022\/#sessio1\">SESSION 1: <mark style=\"background-color:#6db7cc\" class=\"has-inline-color\">Effectiveness of Social Work and Social Services<\/mark>, chair Elisa Tiilikainen (UEF)<\/a> (SN100)<\/p>\n\n\n\n<ul class=\"wp-block-list\">\n<li>Evidencing Effective Social Work Intervention in Finnish Health Care, Janet Carter Anand, UEF &amp; Lynette Joubert, University of Melbourne<\/li>\n\n\n\n<li>Evidencing Health and Mental Health Social Work: a comparative study, Lynette Joubert, University of Melbourne &amp; Laura Yliruka, UEF, THL<\/li>\n\n\n\n<li>Methodological Insights Sosty\u00f6-Terva and Transformative Research, Janet Carter Anand, UEF, Ulla-Maija Kauppinen-Perttula, TAYS, Riekkinen-Tuovinen Sointu, KYS &amp; M\u00e4nnist\u00f6 Leena, HUS<\/li>\n\n\n\n<li>IPS Sijoita ja valmenna ty\u00f6h\u00f6nvalmennuksen arviointitutkimus \u2013 esimerkki monimenetelm\u00e4llisest\u00e4 interventiotutkimuksesta, Kaija Appelqvist-Schmidlechner &amp; Noora Sipil\u00e4, THL<\/li>\n<\/ul>\n\n\n\n<p><a href=\"https:\/\/sites.uef.fi\/vaikuttavuuden-talo\/abstraktikirja-2022\/#sessio2\">SESSION 2: Implementointitutkimus (osa 1) <em>(Implementation research (part 1))<\/em>, pj Mervi Rantsi (UEF)<\/a> (SN201)<\/p>\n\n\n\n<ul class=\"wp-block-list\">\n<li>Aivoterveyden edist\u00e4misen jalkauttamisen haasteet ja mahdollisuudet, Jenni Kulmala, Tampereen yliopisto ja THL<\/li>\n\n\n\n<li>L\u00e4\u00e4ke75+-tietokannan implementoinnin vaikuttavuus Suomessa: Katkaistu aikasarja-analyysi, Virva Hyttinen, It\u00e4-Suomen yliopisto<\/li>\n\n\n\n<li>Muistisairauksien K\u00e4yp\u00e4 hoito \u2013suosituksen julkaisun vaikutus k\u00e4yt\u00f6soireiden l\u00e4\u00e4kehoitoon, Mervi Rantsi, It\u00e4-Suomen yliopisto<\/li>\n<\/ul>\n\n\n\n<p><strong>11.45 \u2013 13.00 LUNCH<\/strong><\/p>\n\n\n\n<p><strong>13.00 \u2013 14.30 PARALLEL THEMATIC SESSIONS<\/strong><\/p>\n\n\n\n<p><a href=\"https:\/\/sites.uef.fi\/vaikuttavuuden-talo\/abstraktikirja-2022\/#sessio3\">SESSION 3: <mark style=\"background-color:#6db7cc\" class=\"has-inline-color\">Vaikuttavuus hyvinvoinnin ja terveyden edist\u00e4misess\u00e4 (Effectiveness of health and wellbeing promotion)<\/mark>, chair Tomi M\u00e4ki-Opas (UEF)<\/a> (SN100)<\/p>\n\n\n\n<ul class=\"wp-block-list\">\n<li>Osallistuvalla tutkimuskumppanuudella vaikuttavuutta hyvinvointiin, Salla Sipari, Nea V\u00e4nsk\u00e4 &amp; Sari Helenius, Metropolia AMK<\/li>\n\n\n\n<li>CANCELLED <s>Iteratiivinen ja monimenetelm\u00e4llinen osatutkimus Let\u2019s Move It -intervention prosessiarvioinnissa, Katri Kostamo, Tampereen yliopisto<\/s><\/li>\n\n\n\n<li>SOLA Matrix \u2013 Social Quality Effectiveness Indicators and Their Impact, Andra Aldea-L\u00f6pp\u00f6nen, Central Finland Health Care District &amp; Natalie Joubert, UEF<\/li>\n\n\n\n<li>Data-driven long-term glycaemic control clusters and their individualized predictors in patients with type 2 diabetes, Piia Lavikainen, UEF<\/li>\n<\/ul>\n\n\n\n<p><a href=\"https:\/\/sites.uef.fi\/vaikuttavuuden-talo\/abstraktikirja-2022\/#sessio4\">SESSION 4: Implementointitutkimus (osa 2) <em>(Implementation research (part 2))<\/em>, pj Virva Hyttinen (UEF)<\/a> (SN201)<\/p>\n\n\n\n<ul class=\"wp-block-list\">\n<li>Miten tutkia kuntoutuspalvelun toteutumista; viitekehysten, menetelmien ja aineistojen vuoropuhelua, Maarit Karhula, Kelan tutkimus ja Kaakkois-Suomen ammattikorkeakoulu<\/li>\n\n\n\n<li>Asiakkaiden odotuksia ja toiveita kuntoutuksen alkuvaiheessa -Et\u00e4kuntoutuksen implementaatiotutkimus, Hennariikka Heinijoki, Kela<\/li>\n\n\n\n<li>Kelan LAKU-perhekuntoutuksen toimeenpano ja toteutus ammattilaisten arvioimana, Tiina Lautamo, Lapin ammattikorkeakoulu<\/li>\n\n\n\n<li>Kehitysvammaisen lapsen toimintakyky\u00e4 ja osallisuutta tukevien terapioiden toteuttaminen, Anu Kippola-P\u00e4\u00e4kk\u00f6nen, Lapin AMK<\/li>\n<\/ul>\n\n\n\n<p><strong>14.30 \u2013 15.30<\/strong> <strong>COFFEE BREAK, <a href=\"https:\/\/sites.uef.fi\/vaikuttavuuden-talo\/abstraktikirja-2022\/#posterit\"><mark style=\"background-color:#6db7cc\" class=\"has-inline-color\">POSTER SESSIONS<\/mark><\/a><\/strong>, open meeting of the Implementation research network during a coffee break. (lower lobby)<\/p>\n\n\n\n<p><strong>15.30 \u2013 16.30 PLENARY<\/strong> \u201cKansallisten laaturekisterien rakentamisen tilannekuva ja suunnittelu\u201d (The current state of the construction and planning of the national quality registers), Medical Specialist <strong>Jonna Salonen<\/strong>, Senior Medical Officer, Finnish Institute for Health and Welfare (THL) (SN100)<\/p>\n\n\n\n<p><strong>19.00 Social dinner<\/strong>, Kummised\u00e4n aitta (Minna Canthin katu 44)<\/p>\n\n\n\n<h2 class=\"wp-block-heading\">WEDNESDAY 5.10.<\/h2>\n\n\n\n<p><strong>8.00 &#8211; 9.00<\/strong> <strong>Morning coffees<\/strong>, Snellmania lobby 2nd floor <\/p>\n\n\n\n<p><strong>9.00 \u2013 10.00 PLENARY \u201cVaikuttavuuden mittaamisen ja tutkimuksen yhdist\u00e4minen\u201d (Combining effectiveness measurement and research)<\/strong>, Adjunct professor<strong> Sakari Kainulainen<\/strong>, RDI specialist, DiakHub, Diaconia University of Applied Sciences (SN100)<\/p>\n\n\n\n<p><strong>10.15 \u2013 11.45 <strong>PARALLEL THEMATIC SESSION<\/strong>S<\/strong><\/p>\n\n\n\n<p><a href=\"https:\/\/sites.uef.fi\/vaikuttavuuden-talo\/abstraktikirja-2022\/#sessio5\">SESSION 5: Vaikuttavuuden mittaaminen ja tutkimusasetelmat <em>(Measurement and study designs of effectiveness research)<\/em>, pj Antti-Jussi Kouvo (UEF)<\/a> (SN100)<\/p>\n\n\n\n<p>KEYNOTE &#8221;Vaikuttavuuden mittaaminen: n\u00e4k\u00f6kulmia geneerisiin PROM-mittareihin&#8221;, <strong>Paulus Torkki<\/strong><\/p>\n\n\n\n<ul class=\"wp-block-list\">\n<li>Vaikuttavuus sek\u00e4 kustannusten ja palveluiden k\u00e4yt\u00f6n muutokset sote-integroiduilla alueilla. Tuloksia monisairaiden ja muiden potilasryhmien seurannoista, Miika Linna, UEF, Aalto yliopisto<\/li>\n\n\n\n<li>Reittiopas vaikuttavuuteen 2.0: keskeisempi rooli vaikuttavuusestimaattien tarkastelulle, Neill Booth, Summaryx Oy<\/li>\n\n\n\n<li>Kasvun tuen arviointij\u00e4rjestelm\u00e4 lapsille, nuorille ja perheille suunnatuille psykososiaalisille menetelmille, Lotta Heikkil\u00e4, Marko Merikukka &amp; Marjo Kurki, Itla<\/li>\n\n\n\n<li>Suomen Joutsen eli terveydenhuollon sosiaality\u00f6n arviointimalli (F-SWAN), Leena M\u00e4nnist\u00f6, PKS Sosiaalialan osaamiskeskus Socca, HUS<\/li>\n<\/ul>\n\n\n\n<p><a href=\"https:\/\/sites.uef.fi\/vaikuttavuuden-talo\/abstraktikirja-2022\/#sessio6\">SESSION 6: Sosiaality\u00f6n ja sosiaalipalveluiden vaikuttavuus <em>(Effectiveness of Social Work and Social Services)<\/em>, pj Hanna Ristolainen (UEF)<\/a> (SN201)<\/p>\n\n\n\n<ul class=\"wp-block-list\">\n<li>Lapsuuden k\u00e4yt\u00f6songelmiin tarjottavan vanhemmuuden tuen kustannusvaikuttavuus erityisen tuen palveluiden perheiss\u00e4, Elisa Rissanen, UEF ja THL<\/li>\n\n\n\n<li>Taloussosiaality\u00f6n interventio talousvaikeuksissa olevien lapsiperheiden tukena, Henna Isoniemi &amp; Meri Moisio, Turun yliopisto<\/li>\n\n\n\n<li>Vaikuttavuutta tutkimassa &#8211; p\u00e4ihteit\u00e4 ongelmallisesti k\u00e4ytt\u00e4vien asiakassegmentointi, Katja Kuusisto, Tampereen yliopisto<\/li>\n\n\n\n<li>P\u00e4ihdepalvelujen saavutettavuus, Heidi Vanjusov, UEF<\/li>\n<\/ul>\n\n\n\n<p><strong>11.45 \u2013 12.45<\/strong> <strong>LUNCH<\/strong><\/p>\n\n\n\n<p><strong>12.45 \u2013 13.45 <\/strong><mark style=\"background-color:#6db7cc\" class=\"has-inline-color\"><strong>PLENARY <\/strong><\/mark><strong><a href=\"http:\/\/sites.uef.fi\/vaikuttavuuden-talo\/paapuhujien-abstraktit-2022\/?lang=en#Adler\">\u201dMeasuring Social Welfare, with Priority for the Worse Off\u201d<\/a><\/strong>, Professor <strong>Matthew D. Adler<\/strong>, Duke Law School, Duke University (SN100)<\/p>\n\n\n\n<p><strong>13.45 \u2013 14.15<\/strong> <strong>Yhteenveto tutkimusp\u00e4ivist\u00e4 ja kutsu vuoden 2023 Vaikuttavuuden tutkimuksen p\u00e4iville (Wrap-up of the conference &amp; welcome to the National Conference of Effectiveness Research in 2023)<\/strong>, Research director <strong>Tomi M\u00e4ki-Opas<\/strong>, House of Effectiveness, University of Eastern Finland (SN100)<\/p>\n","protected":false},"excerpt":{"rendered":"<p>Programme of the Conference of Effectiveness 2022 Highlighted plenaries are in English and highlighted sessions have presentations in English. Follow the National Conference of Effectiveness Research on Twitter: @VAIKtaloUEF, and tweet #VTpaivat2022, #vaikuttavuus, #effectivenes Tuesday 4.10. 8.00 &#8211; 8.45 Registration Snellmania lobby 1st floor and morning coffees, 2nd floor 8.45\u20139.00 Vaikuttavuuden tutkimuksen p\u00e4ivien avaaminen (Opening [&hellip;]<\/p>\n","protected":false},"author":44,"featured_media":0,"parent":0,"menu_order":0,"comment_status":"closed","ping_status":"closed","template":"","meta":{"_acf_changed":false,"_monsterinsights_skip_tracking":false,"_monsterinsights_sitenote_active":false,"_monsterinsights_sitenote_note":"","_monsterinsights_sitenote_category":0,"footnotes":""},"class_list":["post-5464","page","type-page","status-publish","hentry"],"acf":[],"yoast_head":"<!-- This site is optimized with the Yoast SEO plugin v27.3 - https:\/\/yoast.com\/product\/yoast-seo-wordpress\/ -->\n<title>Programme 2022 - Vaikuttavuuden talo<\/title>\n<meta name=\"robots\" content=\"index, follow, max-snippet:-1, max-image-preview:large, max-video-preview:-1\" \/>\n<link rel=\"canonical\" href=\"https:\/\/sites.uef.fi\/vaikuttavuuden-talo\/programme-2022\/?lang=en\" \/>\n<meta property=\"og:locale\" content=\"fi_FI\" \/>\n<meta property=\"og:type\" content=\"article\" \/>\n<meta property=\"og:title\" content=\"Programme 2022 - Vaikuttavuuden talo\" \/>\n<meta property=\"og:description\" content=\"Programme of the Conference of Effectiveness 2022 Highlighted plenaries are in English and highlighted sessions have presentations in English. Follow the National Conference of Effectiveness Research on Twitter: @VAIKtaloUEF, and tweet #VTpaivat2022, #vaikuttavuus, #effectivenes Tuesday 4.10. 8.00 &#8211; 8.45 Registration Snellmania lobby 1st floor and morning coffees, 2nd floor 8.45\u20139.00 Vaikuttavuuden tutkimuksen p\u00e4ivien avaaminen (Opening [&hellip;]\" \/>\n<meta property=\"og:url\" content=\"https:\/\/sites.uef.fi\/vaikuttavuuden-talo\/programme-2022\/?lang=en\" \/>\n<meta property=\"og:site_name\" content=\"Vaikuttavuuden talo\" \/>\n<meta property=\"article:modified_time\" content=\"2023-08-16T07:15:29+00:00\" \/>\n<meta name=\"twitter:card\" content=\"summary_large_image\" \/>\n<meta name=\"twitter:label1\" content=\"Arvioitu lukuaika\" \/>\n\t<meta name=\"twitter:data1\" content=\"4 minuuttia\" \/>\n<script type=\"application\/ld+json\" class=\"yoast-schema-graph\">{\"@context\":\"https:\\\/\\\/schema.org\",\"@graph\":[{\"@type\":\"WebPage\",\"@id\":\"https:\\\/\\\/sites.uef.fi\\\/vaikuttavuuden-talo\\\/programme-2022\\\/?lang=en\",\"url\":\"https:\\\/\\\/sites.uef.fi\\\/vaikuttavuuden-talo\\\/programme-2022\\\/?lang=en\",\"name\":\"Programme 2022 - Vaikuttavuuden talo\",\"isPartOf\":{\"@id\":\"https:\\\/\\\/sites.uef.fi\\\/vaikuttavuuden-talo\\\/#website\"},\"datePublished\":\"2022-06-30T05:47:57+00:00\",\"dateModified\":\"2023-08-16T07:15:29+00:00\",\"breadcrumb\":{\"@id\":\"https:\\\/\\\/sites.uef.fi\\\/vaikuttavuuden-talo\\\/programme-2022\\\/?lang=en#breadcrumb\"},\"inLanguage\":\"fi\",\"potentialAction\":[{\"@type\":\"ReadAction\",\"target\":[\"https:\\\/\\\/sites.uef.fi\\\/vaikuttavuuden-talo\\\/programme-2022\\\/?lang=en\"]}]},{\"@type\":\"BreadcrumbList\",\"@id\":\"https:\\\/\\\/sites.uef.fi\\\/vaikuttavuuden-talo\\\/programme-2022\\\/?lang=en#breadcrumb\",\"itemListElement\":[{\"@type\":\"ListItem\",\"position\":1,\"name\":\"Home\",\"item\":\"https:\\\/\\\/sites.uef.fi\\\/vaikuttavuuden-talo\\\/\"},{\"@type\":\"ListItem\",\"position\":2,\"name\":\"Programme 2022\"}]},{\"@type\":\"WebSite\",\"@id\":\"https:\\\/\\\/sites.uef.fi\\\/vaikuttavuuden-talo\\\/#website\",\"url\":\"https:\\\/\\\/sites.uef.fi\\\/vaikuttavuuden-talo\\\/\",\"name\":\"Vaikuttavuuden talo\",\"description\":\"\",\"potentialAction\":[{\"@type\":\"SearchAction\",\"target\":{\"@type\":\"EntryPoint\",\"urlTemplate\":\"https:\\\/\\\/sites.uef.fi\\\/vaikuttavuuden-talo\\\/?s={search_term_string}\"},\"query-input\":{\"@type\":\"PropertyValueSpecification\",\"valueRequired\":true,\"valueName\":\"search_term_string\"}}],\"inLanguage\":\"fi\"}]}<\/script>\n<!-- \/ Yoast SEO plugin. -->","yoast_head_json":{"title":"Programme 2022 - Vaikuttavuuden talo","robots":{"index":"index","follow":"follow","max-snippet":"max-snippet:-1","max-image-preview":"max-image-preview:large","max-video-preview":"max-video-preview:-1"},"canonical":"https:\/\/sites.uef.fi\/vaikuttavuuden-talo\/programme-2022\/?lang=en","og_locale":"fi_FI","og_type":"article","og_title":"Programme 2022 - Vaikuttavuuden talo","og_description":"Programme of the Conference of Effectiveness 2022 Highlighted plenaries are in English and highlighted sessions have presentations in English. Follow the National Conference of Effectiveness Research on Twitter: @VAIKtaloUEF, and tweet #VTpaivat2022, #vaikuttavuus, #effectivenes Tuesday 4.10. 8.00 &#8211; 8.45 Registration Snellmania lobby 1st floor and morning coffees, 2nd floor 8.45\u20139.00 Vaikuttavuuden tutkimuksen p\u00e4ivien avaaminen (Opening [&hellip;]","og_url":"https:\/\/sites.uef.fi\/vaikuttavuuden-talo\/programme-2022\/?lang=en","og_site_name":"Vaikuttavuuden talo","article_modified_time":"2023-08-16T07:15:29+00:00","twitter_card":"summary_large_image","twitter_misc":{"Arvioitu lukuaika":"4 minuuttia"},"schema":{"@context":"https:\/\/schema.org","@graph":[{"@type":"WebPage","@id":"https:\/\/sites.uef.fi\/vaikuttavuuden-talo\/programme-2022\/?lang=en","url":"https:\/\/sites.uef.fi\/vaikuttavuuden-talo\/programme-2022\/?lang=en","name":"Programme 2022 - Vaikuttavuuden talo","isPartOf":{"@id":"https:\/\/sites.uef.fi\/vaikuttavuuden-talo\/#website"},"datePublished":"2022-06-30T05:47:57+00:00","dateModified":"2023-08-16T07:15:29+00:00","breadcrumb":{"@id":"https:\/\/sites.uef.fi\/vaikuttavuuden-talo\/programme-2022\/?lang=en#breadcrumb"},"inLanguage":"fi","potentialAction":[{"@type":"ReadAction","target":["https:\/\/sites.uef.fi\/vaikuttavuuden-talo\/programme-2022\/?lang=en"]}]},{"@type":"BreadcrumbList","@id":"https:\/\/sites.uef.fi\/vaikuttavuuden-talo\/programme-2022\/?lang=en#breadcrumb","itemListElement":[{"@type":"ListItem","position":1,"name":"Home","item":"https:\/\/sites.uef.fi\/vaikuttavuuden-talo\/"},{"@type":"ListItem","position":2,"name":"Programme 2022"}]},{"@type":"WebSite","@id":"https:\/\/sites.uef.fi\/vaikuttavuuden-talo\/#website","url":"https:\/\/sites.uef.fi\/vaikuttavuuden-talo\/","name":"Vaikuttavuuden talo","description":"","potentialAction":[{"@type":"SearchAction","target":{"@type":"EntryPoint","urlTemplate":"https:\/\/sites.uef.fi\/vaikuttavuuden-talo\/?s={search_term_string}"},"query-input":{"@type":"PropertyValueSpecification","valueRequired":true,"valueName":"search_term_string"}}],"inLanguage":"fi"}]}},"_links":{"self":[{"href":"https:\/\/sites.uef.fi\/vaikuttavuuden-talo\/wp-json\/wp\/v2\/pages\/5464","targetHints":{"allow":["GET"]}}],"collection":[{"href":"https:\/\/sites.uef.fi\/vaikuttavuuden-talo\/wp-json\/wp\/v2\/pages"}],"about":[{"href":"https:\/\/sites.uef.fi\/vaikuttavuuden-talo\/wp-json\/wp\/v2\/types\/page"}],"author":[{"embeddable":true,"href":"https:\/\/sites.uef.fi\/vaikuttavuuden-talo\/wp-json\/wp\/v2\/users\/44"}],"replies":[{"embeddable":true,"href":"https:\/\/sites.uef.fi\/vaikuttavuuden-talo\/wp-json\/wp\/v2\/comments?post=5464"}],"version-history":[{"count":2,"href":"https:\/\/sites.uef.fi\/vaikuttavuuden-talo\/wp-json\/wp\/v2\/pages\/5464\/revisions"}],"predecessor-version":[{"id":7920,"href":"https:\/\/sites.uef.fi\/vaikuttavuuden-talo\/wp-json\/wp\/v2\/pages\/5464\/revisions\/7920"}],"wp:attachment":[{"href":"https:\/\/sites.uef.fi\/vaikuttavuuden-talo\/wp-json\/wp\/v2\/media?parent=5464"}],"curies":[{"name":"wp","href":"https:\/\/api.w.org\/{rel}","templated":true}]}}