{"id":5581,"date":"2022-08-03T09:17:44","date_gmt":"2022-08-03T07:17:44","guid":{"rendered":"https:\/\/sites.uef.fi\/vaikuttavuuden-talo\/?page_id=5581"},"modified":"2022-08-03T09:26:19","modified_gmt":"2022-08-03T07:26:19","slug":"paapuhujien-abstraktit-2022","status":"publish","type":"page","link":"https:\/\/sites.uef.fi\/vaikuttavuuden-talo\/paapuhujien-abstraktit-2022\/","title":{"rendered":"P\u00e4\u00e4puhujien abstraktit 2022"},"content":{"rendered":"\n<h1 class=\"wp-block-heading\">P\u00e4\u00e4puhujien abstraktit <\/h1>\n\n\n\n<h2 class=\"wp-block-heading\" id=\"Adler\"><a href=\"#Adler\">Matthew Adler: Measuring Social Welfare, with Priority for the Worse Off<\/a><\/h2>\n\n\n\n<p><\/p>\n\n\n\n<div class=\"wp-block-columns is-layout-flex wp-container-core-columns-is-layout-9d6595d7 wp-block-columns-is-layout-flex\">\n<div class=\"wp-block-column is-layout-flow wp-block-column-is-layout-flow\" style=\"flex-basis:100%\">\n<div class=\"wp-block-columns alignwide is-layout-flex wp-container-core-columns-is-layout-9d6595d7 wp-block-columns-is-layout-flex\">\n<div class=\"wp-block-column is-layout-flow wp-block-column-is-layout-flow\" style=\"flex-basis:50%\">\n<figure class=\"wp-block-image\"><img loading=\"lazy\" decoding=\"async\" width=\"600\" height=\"599\" src=\"https:\/\/sites.uef.fi\/vaikuttavuuden-talo\/wp-content\/uploads\/sites\/28\/2022\/04\/Plenary_Matthew_D_Adler.jpg\" alt=\"Professor Matthew D. Adler.\" class=\"wp-image-4969\" srcset=\"https:\/\/sites.uef.fi\/vaikuttavuuden-talo\/wp-content\/uploads\/sites\/28\/2022\/04\/Plenary_Matthew_D_Adler.jpg 600w, https:\/\/sites.uef.fi\/vaikuttavuuden-talo\/wp-content\/uploads\/sites\/28\/2022\/04\/Plenary_Matthew_D_Adler-300x300.jpg 300w, https:\/\/sites.uef.fi\/vaikuttavuuden-talo\/wp-content\/uploads\/sites\/28\/2022\/04\/Plenary_Matthew_D_Adler-150x150.jpg 150w, https:\/\/sites.uef.fi\/vaikuttavuuden-talo\/wp-content\/uploads\/sites\/28\/2022\/04\/Plenary_Matthew_D_Adler-100x100.jpg 100w\" sizes=\"auto, (max-width: 600px) 100vw, 600px\" \/><\/figure>\n<\/div>\n\n\n\n<div class=\"wp-block-column is-layout-flow wp-block-column-is-layout-flow\" style=\"flex-basis:50%\">\n<p>The social welfare function (SWF) framework is a powerful tool for evaluating governmental policies in light of human well-being. It represents a major step beyond cost-benefit analysis, currently the dominant policy-assessment tool. While cost-benefit analysis quantifies well-being impacts in monetary units, the SWF framework does so using an interpersonally comparable well-being measure.<\/p>\n\n\n\n<p>The SWF proper is a rule for ranking outcomes and policies understood as patterns of individual well-being. \u201cPrioritarian\u201d SWFs give extra weight to well-being changes affecting individuals at lower levels of well-being\u2014by contrast with utilitarianism, which simply adds up well-being numbers.<\/p>\n\n\n\n<p>My book Measuring Social Welfare (Oxford U. Press, 2019) provides a rigorous but accessible overview and defense of the SWF framework. In this lecture, I will discuss Measuring Social Welfare, with a particular focus on prioritarianism.<\/p>\n\n\n\n<p>I will first give an overview of the SWF methodology. I will then discuss one type of application: using SWFs to evaluate the many different kinds of governmental policies that seek to reduce fatality risks, such as policies that address pollution, consumer products, workplace safety, automobiles, transportation systems, infrastructure, and (most recently) the spread of the COVID-19 virus.<\/p>\n<\/div>\n<\/div>\n<\/div>\n<\/div>\n\n\n\n<hr class=\"wp-block-separator has-alpha-channel-opacity\" \/>\n\n\n\n<h2 class=\"wp-block-heading\" id=\"Webber\"><a href=\"#Webber\">Martin Webber: Methodological aspects of evaluating effectiveness of social interventions<\/a><\/h2>\n\n\n\n<p><\/p>\n\n\n\n<div class=\"wp-block-columns is-layout-flex wp-container-core-columns-is-layout-9d6595d7 wp-block-columns-is-layout-flex\">\n<div class=\"wp-block-column is-layout-flow wp-block-column-is-layout-flow\" style=\"flex-basis:100%\">\n<div class=\"wp-block-columns alignwide is-layout-flex wp-container-core-columns-is-layout-9d6595d7 wp-block-columns-is-layout-flex\">\n<div class=\"wp-block-column is-layout-flow wp-block-column-is-layout-flow\" style=\"flex-basis:50%\">\n<figure class=\"wp-block-image size-full\"><img loading=\"lazy\" decoding=\"async\" width=\"705\" height=\"705\" src=\"https:\/\/sites.uef.fi\/vaikuttavuuden-talo\/wp-content\/uploads\/sites\/28\/2022\/03\/Plenary_Martin_Webber-1.jpg\" alt=\"Professor Martin Webber.\" class=\"wp-image-4753\" srcset=\"https:\/\/sites.uef.fi\/vaikuttavuuden-talo\/wp-content\/uploads\/sites\/28\/2022\/03\/Plenary_Martin_Webber-1.jpg 705w, https:\/\/sites.uef.fi\/vaikuttavuuden-talo\/wp-content\/uploads\/sites\/28\/2022\/03\/Plenary_Martin_Webber-1-300x300.jpg 300w, https:\/\/sites.uef.fi\/vaikuttavuuden-talo\/wp-content\/uploads\/sites\/28\/2022\/03\/Plenary_Martin_Webber-1-150x150.jpg 150w, https:\/\/sites.uef.fi\/vaikuttavuuden-talo\/wp-content\/uploads\/sites\/28\/2022\/03\/Plenary_Martin_Webber-1-100x100.jpg 100w\" sizes=\"auto, (max-width: 705px) 100vw, 705px\" \/><\/figure>\n<\/div>\n\n\n\n<div class=\"wp-block-column is-layout-flow wp-block-column-is-layout-flow\" style=\"flex-basis:50%\">\n<p>Social interventions are inherently complex which makes evaluating their effectiveness a challenging endeavour. Social workers and other professionals working with people with mental health problems use relationship-based skills and approaches to effect change in people\u2019s lives. These approaches are not always possible to articulate in a manual, or replicate in a different context, though it is just as important to measure their effectiveness than medical or psychological interventions, for example. Firstly, a programme theory needs to be developed which articulates the intervention methods and processes; the contexts in which they are to be used; and the anticipated outcomes. <\/p>\n\n\n\n<p>This is then tested for feasibility and indicative outcomes before a larger trial is possible. This opportunity to implement a theory or model in practice helps the researchers to understand the real-world challenges of using the intervention, and some adaptations may be required. Finally, large scale intervention testing requires significant efforts across multiple sites to recruit and retain participants in the trial; implementation of the intervention with fidelity to the model; and rigorous scientific data collection to ensure the outcomes can be measured without bias. <\/p>\n\n\n\n<p>This plenary will draw upon social intervention research conducted in mental health services in England to illustrate some of the methodological challenges of evaluating the effectiveness of social interventions, and the importance of co-production with service users and practitioners throughout.<\/p>\n<\/div>\n<\/div>\n<\/div>\n<\/div>\n\n\n\n<hr class=\"wp-block-separator has-alpha-channel-opacity\" \/>\n","protected":false},"excerpt":{"rendered":"<p>P\u00e4\u00e4puhujien abstraktit Matthew Adler: Measuring Social Welfare, with Priority for the Worse Off The social welfare function (SWF) framework is a powerful tool for evaluating governmental policies in light of human well-being. It represents a major step beyond cost-benefit analysis, currently the dominant policy-assessment tool. While cost-benefit analysis quantifies well-being impacts in monetary units, the [&hellip;]<\/p>\n","protected":false},"author":44,"featured_media":0,"parent":0,"menu_order":0,"comment_status":"closed","ping_status":"closed","template":"","meta":{"_acf_changed":false,"_monsterinsights_skip_tracking":false,"_monsterinsights_sitenote_active":false,"_monsterinsights_sitenote_note":"","_monsterinsights_sitenote_category":0,"footnotes":""},"class_list":["post-5581","page","type-page","status-publish","hentry"],"acf":[],"yoast_head":"<!-- This site is optimized with the Yoast SEO plugin v27.1.1 - https:\/\/yoast.com\/product\/yoast-seo-wordpress\/ -->\n<title>P\u00e4\u00e4puhujien abstraktit 2022 - Vaikuttavuuden talo<\/title>\n<meta name=\"robots\" content=\"index, follow, max-snippet:-1, max-image-preview:large, max-video-preview:-1\" \/>\n<link rel=\"canonical\" href=\"https:\/\/sites.uef.fi\/vaikuttavuuden-talo\/paapuhujien-abstraktit-2022\/\" \/>\n<meta property=\"og:locale\" content=\"fi_FI\" \/>\n<meta property=\"og:type\" content=\"article\" \/>\n<meta property=\"og:title\" content=\"P\u00e4\u00e4puhujien abstraktit 2022 - Vaikuttavuuden talo\" \/>\n<meta property=\"og:description\" content=\"P\u00e4\u00e4puhujien abstraktit Matthew Adler: Measuring Social Welfare, with Priority for the Worse Off The social welfare function (SWF) framework is a powerful tool for evaluating governmental policies in light of human well-being. It represents a major step beyond cost-benefit analysis, currently the dominant policy-assessment tool. While cost-benefit analysis quantifies well-being impacts in monetary units, the [&hellip;]\" \/>\n<meta property=\"og:url\" content=\"https:\/\/sites.uef.fi\/vaikuttavuuden-talo\/paapuhujien-abstraktit-2022\/\" \/>\n<meta property=\"og:site_name\" content=\"Vaikuttavuuden talo\" \/>\n<meta property=\"article:modified_time\" content=\"2022-08-03T07:26:19+00:00\" \/>\n<meta property=\"og:image\" content=\"https:\/\/sites.uef.fi\/vaikuttavuuden-talo\/wp-content\/uploads\/sites\/28\/2022\/04\/Plenary_Matthew_D_Adler.jpg\" \/>\n<meta name=\"twitter:card\" content=\"summary_large_image\" \/>\n<meta name=\"twitter:label1\" content=\"Arvioitu lukuaika\" \/>\n\t<meta name=\"twitter:data1\" content=\"2 minuuttia\" \/>\n<script type=\"application\/ld+json\" class=\"yoast-schema-graph\">{\"@context\":\"https:\/\/schema.org\",\"@graph\":[{\"@type\":\"WebPage\",\"@id\":\"https:\/\/sites.uef.fi\/vaikuttavuuden-talo\/paapuhujien-abstraktit-2022\/\",\"url\":\"https:\/\/sites.uef.fi\/vaikuttavuuden-talo\/paapuhujien-abstraktit-2022\/\",\"name\":\"P\u00e4\u00e4puhujien abstraktit 2022 - Vaikuttavuuden talo\",\"isPartOf\":{\"@id\":\"https:\/\/sites.uef.fi\/vaikuttavuuden-talo\/#website\"},\"primaryImageOfPage\":{\"@id\":\"https:\/\/sites.uef.fi\/vaikuttavuuden-talo\/paapuhujien-abstraktit-2022\/#primaryimage\"},\"image\":{\"@id\":\"https:\/\/sites.uef.fi\/vaikuttavuuden-talo\/paapuhujien-abstraktit-2022\/#primaryimage\"},\"thumbnailUrl\":\"https:\/\/sites.uef.fi\/vaikuttavuuden-talo\/wp-content\/uploads\/sites\/28\/2022\/04\/Plenary_Matthew_D_Adler.jpg\",\"datePublished\":\"2022-08-03T07:17:44+00:00\",\"dateModified\":\"2022-08-03T07:26:19+00:00\",\"breadcrumb\":{\"@id\":\"https:\/\/sites.uef.fi\/vaikuttavuuden-talo\/paapuhujien-abstraktit-2022\/#breadcrumb\"},\"inLanguage\":\"fi\",\"potentialAction\":[{\"@type\":\"ReadAction\",\"target\":[\"https:\/\/sites.uef.fi\/vaikuttavuuden-talo\/paapuhujien-abstraktit-2022\/\"]}]},{\"@type\":\"ImageObject\",\"inLanguage\":\"fi\",\"@id\":\"https:\/\/sites.uef.fi\/vaikuttavuuden-talo\/paapuhujien-abstraktit-2022\/#primaryimage\",\"url\":\"https:\/\/sites.uef.fi\/vaikuttavuuden-talo\/wp-content\/uploads\/sites\/28\/2022\/04\/Plenary_Matthew_D_Adler.jpg\",\"contentUrl\":\"https:\/\/sites.uef.fi\/vaikuttavuuden-talo\/wp-content\/uploads\/sites\/28\/2022\/04\/Plenary_Matthew_D_Adler.jpg\",\"width\":600,\"height\":599,\"caption\":\"Professor Matthew D. Adler.\"},{\"@type\":\"BreadcrumbList\",\"@id\":\"https:\/\/sites.uef.fi\/vaikuttavuuden-talo\/paapuhujien-abstraktit-2022\/#breadcrumb\",\"itemListElement\":[{\"@type\":\"ListItem\",\"position\":1,\"name\":\"Home\",\"item\":\"https:\/\/sites.uef.fi\/vaikuttavuuden-talo\/\"},{\"@type\":\"ListItem\",\"position\":2,\"name\":\"P\u00e4\u00e4puhujien abstraktit 2022\"}]},{\"@type\":\"WebSite\",\"@id\":\"https:\/\/sites.uef.fi\/vaikuttavuuden-talo\/#website\",\"url\":\"https:\/\/sites.uef.fi\/vaikuttavuuden-talo\/\",\"name\":\"Vaikuttavuuden talo\",\"description\":\"\",\"potentialAction\":[{\"@type\":\"SearchAction\",\"target\":{\"@type\":\"EntryPoint\",\"urlTemplate\":\"https:\/\/sites.uef.fi\/vaikuttavuuden-talo\/?s={search_term_string}\"},\"query-input\":{\"@type\":\"PropertyValueSpecification\",\"valueRequired\":true,\"valueName\":\"search_term_string\"}}],\"inLanguage\":\"fi\"}]}<\/script>\n<!-- \/ Yoast SEO plugin. -->","yoast_head_json":{"title":"P\u00e4\u00e4puhujien abstraktit 2022 - Vaikuttavuuden talo","robots":{"index":"index","follow":"follow","max-snippet":"max-snippet:-1","max-image-preview":"max-image-preview:large","max-video-preview":"max-video-preview:-1"},"canonical":"https:\/\/sites.uef.fi\/vaikuttavuuden-talo\/paapuhujien-abstraktit-2022\/","og_locale":"fi_FI","og_type":"article","og_title":"P\u00e4\u00e4puhujien abstraktit 2022 - Vaikuttavuuden talo","og_description":"P\u00e4\u00e4puhujien abstraktit Matthew Adler: Measuring Social Welfare, with Priority for the Worse Off The social welfare function (SWF) framework is a powerful tool for evaluating governmental policies in light of human well-being. It represents a major step beyond cost-benefit analysis, currently the dominant policy-assessment tool. While cost-benefit analysis quantifies well-being impacts in monetary units, the [&hellip;]","og_url":"https:\/\/sites.uef.fi\/vaikuttavuuden-talo\/paapuhujien-abstraktit-2022\/","og_site_name":"Vaikuttavuuden talo","article_modified_time":"2022-08-03T07:26:19+00:00","og_image":[{"url":"https:\/\/sites.uef.fi\/vaikuttavuuden-talo\/wp-content\/uploads\/sites\/28\/2022\/04\/Plenary_Matthew_D_Adler.jpg","type":"","width":"","height":""}],"twitter_card":"summary_large_image","twitter_misc":{"Arvioitu lukuaika":"2 minuuttia"},"schema":{"@context":"https:\/\/schema.org","@graph":[{"@type":"WebPage","@id":"https:\/\/sites.uef.fi\/vaikuttavuuden-talo\/paapuhujien-abstraktit-2022\/","url":"https:\/\/sites.uef.fi\/vaikuttavuuden-talo\/paapuhujien-abstraktit-2022\/","name":"P\u00e4\u00e4puhujien abstraktit 2022 - Vaikuttavuuden talo","isPartOf":{"@id":"https:\/\/sites.uef.fi\/vaikuttavuuden-talo\/#website"},"primaryImageOfPage":{"@id":"https:\/\/sites.uef.fi\/vaikuttavuuden-talo\/paapuhujien-abstraktit-2022\/#primaryimage"},"image":{"@id":"https:\/\/sites.uef.fi\/vaikuttavuuden-talo\/paapuhujien-abstraktit-2022\/#primaryimage"},"thumbnailUrl":"https:\/\/sites.uef.fi\/vaikuttavuuden-talo\/wp-content\/uploads\/sites\/28\/2022\/04\/Plenary_Matthew_D_Adler.jpg","datePublished":"2022-08-03T07:17:44+00:00","dateModified":"2022-08-03T07:26:19+00:00","breadcrumb":{"@id":"https:\/\/sites.uef.fi\/vaikuttavuuden-talo\/paapuhujien-abstraktit-2022\/#breadcrumb"},"inLanguage":"fi","potentialAction":[{"@type":"ReadAction","target":["https:\/\/sites.uef.fi\/vaikuttavuuden-talo\/paapuhujien-abstraktit-2022\/"]}]},{"@type":"ImageObject","inLanguage":"fi","@id":"https:\/\/sites.uef.fi\/vaikuttavuuden-talo\/paapuhujien-abstraktit-2022\/#primaryimage","url":"https:\/\/sites.uef.fi\/vaikuttavuuden-talo\/wp-content\/uploads\/sites\/28\/2022\/04\/Plenary_Matthew_D_Adler.jpg","contentUrl":"https:\/\/sites.uef.fi\/vaikuttavuuden-talo\/wp-content\/uploads\/sites\/28\/2022\/04\/Plenary_Matthew_D_Adler.jpg","width":600,"height":599,"caption":"Professor Matthew D. Adler."},{"@type":"BreadcrumbList","@id":"https:\/\/sites.uef.fi\/vaikuttavuuden-talo\/paapuhujien-abstraktit-2022\/#breadcrumb","itemListElement":[{"@type":"ListItem","position":1,"name":"Home","item":"https:\/\/sites.uef.fi\/vaikuttavuuden-talo\/"},{"@type":"ListItem","position":2,"name":"P\u00e4\u00e4puhujien abstraktit 2022"}]},{"@type":"WebSite","@id":"https:\/\/sites.uef.fi\/vaikuttavuuden-talo\/#website","url":"https:\/\/sites.uef.fi\/vaikuttavuuden-talo\/","name":"Vaikuttavuuden talo","description":"","potentialAction":[{"@type":"SearchAction","target":{"@type":"EntryPoint","urlTemplate":"https:\/\/sites.uef.fi\/vaikuttavuuden-talo\/?s={search_term_string}"},"query-input":{"@type":"PropertyValueSpecification","valueRequired":true,"valueName":"search_term_string"}}],"inLanguage":"fi"}]}},"_links":{"self":[{"href":"https:\/\/sites.uef.fi\/vaikuttavuuden-talo\/wp-json\/wp\/v2\/pages\/5581","targetHints":{"allow":["GET"]}}],"collection":[{"href":"https:\/\/sites.uef.fi\/vaikuttavuuden-talo\/wp-json\/wp\/v2\/pages"}],"about":[{"href":"https:\/\/sites.uef.fi\/vaikuttavuuden-talo\/wp-json\/wp\/v2\/types\/page"}],"author":[{"embeddable":true,"href":"https:\/\/sites.uef.fi\/vaikuttavuuden-talo\/wp-json\/wp\/v2\/users\/44"}],"replies":[{"embeddable":true,"href":"https:\/\/sites.uef.fi\/vaikuttavuuden-talo\/wp-json\/wp\/v2\/comments?post=5581"}],"version-history":[{"count":2,"href":"https:\/\/sites.uef.fi\/vaikuttavuuden-talo\/wp-json\/wp\/v2\/pages\/5581\/revisions"}],"predecessor-version":[{"id":5605,"href":"https:\/\/sites.uef.fi\/vaikuttavuuden-talo\/wp-json\/wp\/v2\/pages\/5581\/revisions\/5605"}],"wp:attachment":[{"href":"https:\/\/sites.uef.fi\/vaikuttavuuden-talo\/wp-json\/wp\/v2\/media?parent=5581"}],"curies":[{"name":"wp","href":"https:\/\/api.w.org\/{rel}","templated":true}]}}