{"id":6669,"date":"2023-01-18T15:20:48","date_gmt":"2023-01-18T13:20:48","guid":{"rendered":"https:\/\/sites.uef.fi\/vaikuttavuuden-talo\/?page_id=6669"},"modified":"2024-04-11T10:10:03","modified_gmt":"2024-04-11T08:10:03","slug":"kansallinen-vaikuttavuuskeskus-verkosto","status":"publish","type":"page","link":"https:\/\/sites.uef.fi\/vaikuttavuuden-talo\/kansallinen-vaikuttavuuskeskus-verkosto\/","title":{"rendered":"Kansallinen Vaikuttavuuskeskus -verkosto"},"content":{"rendered":"\n<h2 class=\"wp-block-heading\">Sosiaali- ja terveysalan kansallinen Vaikuttavuuskeskus kokoaa yhteen eri puolilla Suomea karttuvan vaikuttavuustiedon ja -osaamisen.<\/h2>\n\n\n\n<h3 class=\"wp-block-heading\">Taustaa <\/h3>\n\n\n\n<p>Helsingin yliopiston l\u00e4\u00e4ketieteellisen tiedekunnan ja It\u00e4-Suomen yliopiston tutkimusty\u00f6h\u00f6n keskittyv\u00e4n Vaikuttavuuden talon yhteisty\u00f6n\u00e4 vuonna 2021 valtioneuvostolle tekem\u00e4ss\u00e4 selvityksess\u00e4 kartoitettiin sote-palveluiden vaikuttavuusty\u00f6t\u00e4 ja tulevaisuuden tarpeita Suomessa. Selvityksen pohjalta n\u00e4htiin tarve toteuttaa kansallinen vaikuttavuuskeskus -verkosto, jonka toiminnalla tavoitellaan hyvinvointialueiden palvelujen yhdenvertaista laatua, toimintakulttuuria ja kustannusvaikuttavuutta.<\/p>\n\n\n\n<h3 class=\"wp-block-heading\">Tavoitteet<\/h3>\n\n\n\n<p>Kansallisen vaikuttavuusverkoston tavoitteena on l\u00f6yt\u00e4\u00e4 vastauksia ja mittareita siihen, miten hyvinvointialueilla saadaan tuotettua asiakkaiden el\u00e4m\u00e4nlaatua parantavia palveluja yhdenvertaisesti ja kustannusvaikuttavasti.<\/p>\n\n\n\n<p>Ty\u00f6t\u00e4 vaikuttavien hoitojen ja palvelujen kehitt\u00e4miseksi on tehty eri puolilla Suomea vuosia. Nyt tavoitteena on juurruttaa vaikuttavuuden ajatus erikoissairaanhoitoon, perusterveydenhuoltoon, sosiaalipalveluihin sek\u00e4 hyvinvoinnin ja terveyden edist\u00e4misen palveluihin.<\/p>\n\n\n\n<h3 class=\"wp-block-heading\">Kansallinen vaikuttavuuskeskus etsii vastauksia muun muassa kysymyksiin:<\/h3>\n\n\n\n<ul class=\"wp-block-list\">\n<li>Onko leikkaus paras mahdollinen hoito tilanteessani vai parantaako jokin muu hoito el\u00e4m\u00e4nlaatuani enemm\u00e4n?<\/li>\n\n\n\n<li>Miten p\u00e4\u00e4sen osallistumaan vahvemmin ja kertomaan n\u00e4kemykseni palveluiden j\u00e4rjest\u00e4misest\u00e4?<\/li>\n\n\n\n<li>Milloin kalliit hoidot ja palvelut kannattavat ja kenen niit\u00e4 kuuluu saada?<\/li>\n\n\n\n<li>Miten hyvinvointialueen rahat saadaan riitt\u00e4m\u00e4\u00e4n tarvittaviin palveluihin?<\/li>\n<\/ul>\n\n\n\n<h3 class=\"wp-block-heading\">Vaikuttavuuskeskuksen t\u00e4rkeit\u00e4 teht\u00e4vi\u00e4 sote-organisaatioille tulevat olemaan<\/h3>\n\n\n\n<ol class=\"wp-block-list\" style=\"list-style-type:1\">\n<li>tieto- ja osaamistarpeiden nykytilan kartoittaminen, mutta erityisesti vaikuttavuuden mittaamisen tuki,<\/li>\n\n\n\n<li>tiedonkeruun ja raportoinnin hyvien k\u00e4yt\u00e4nt\u00f6jen levitt\u00e4minen<\/li>\n\n\n\n<li>sek\u00e4 jo olemassa olevien rekistereiden ja muun vaikuttavuusdatan laajempi hy\u00f6dynt\u00e4minen n\u00e4ytt\u00f6\u00f6n perustuvan p\u00e4\u00e4t\u00f6ksenteon tukena<\/li>\n<\/ol>\n\n\n\n<h3 class=\"wp-block-heading\">Pohjois-Savon hyvinvointialueen ja UEF\\\\Vaikuttavuuden talon rooli on tukea verkostoa perustason SOTE-vaikuttavuuden TKI ja monitieteisell\u00e4 koulutusosaamisella<\/h3>\n\n\n\n<p>Pohjois-Savon hyvinvointialueen ja Vaikuttavuuden talon roolina on tuoda verkostoon monitieteellinen TKI- ja koulutusosaamisensa liittyen perustason sosiaali- ja terveyspalveluiden sek\u00e4 hyvinvoinnin edist\u00e4misen vaikuttavuuteen. T\u00e4m\u00e4 lis\u00e4ksi tukemme verkoston rakentumista p\u00e4ivitt\u00e4m\u00e4ll\u00e4 tilannekuvan tietotarpeita ja osaamistarpeiden nykytilasta. Voimme monitieteellisell\u00e4 osaamisellamme tarjota t\u00e4h\u00e4n tieteellisen tutkimuksen perustuvia koulutuskokonaisuuksia, ty\u00f6kaluja vaikuttavuuden mittaamiseen ja tiedolla johtamisen tueksi.<\/p>\n\n\n\n<p>Pohjois-Savon hyvinvointi alueen ja UEF Vaikuttavuuden talon yhteisty\u00f6n\u00e4 toteutamme n\u00e4ihin liittyen Pohjois-Savon alueella kehitt\u00e4mistoimenpiteit\u00e4, joissa levit\u00e4mme koko maakunnan alueelle hyv\u00e4ksi havaittuja toimintamalleja asukkaiden mielen hyvinvoinnin ja p\u00e4ihteett\u00f6myyden edist\u00e4miseksi ja tyypin 2 diabeteksen seuraamuksien v\u00e4hent\u00e4miseksi sek\u00e4 n\u00e4ihin liittyvien sosiaalipalveluiden kustannuksien v\u00e4hent\u00e4miseksi.<\/p>\n\n\n\n<h3 class=\"wp-block-heading\">Kansallinen Vaikuttavuuskeskus tulee perustumaan verkostomaiseen toimintamalliin<\/h3>\n\n\n\n<p>Kansallisen vaikuttavuuskeskusvalmistelun verkkosivut ovat nyt auenneet osoitteessa <strong><a href=\"https:\/\/vaikuttavuuskeskus.fi\/tietoa-meista\/\">vaikuttavuuskeskus.fi<\/a><\/strong>.<\/p>\n\n\n\n<p>Vaikuttavuuskeskuksen verkostoa koordinoi <a href=\"https:\/\/www.pirha.fi\/\" data-type=\"URL\" data-id=\"https:\/\/www.pirha.fi\/\">Pirkanmaan hyvinvointialue<\/a>, jonka lis\u00e4ksi ty\u00f6ryhm\u00e4\u00e4n kuuluvat <a href=\"https:\/\/pshyvinvointialue.fi\/\" data-type=\"URL\" data-id=\"https:\/\/pshyvinvointialue.fi\/\">Pohjois-Savon<\/a>, <a href=\"https:\/\/pohde.fi\/\" data-type=\"URL\" data-id=\"https:\/\/pohde.fi\/\">Pohjois-Pohjanmaan<\/a> ja <a href=\"https:\/\/www.varha.fi\" data-type=\"URL\" data-id=\"https:\/\/www.varha.fi\">Varsinais-Suomen <\/a>yliopistolliset hyvinvointialueet ja <a href=\"https:\/\/www.hus.fi\/\" data-type=\"URL\" data-id=\"https:\/\/www.hus.fi\/\">Helsingin yliopistollinen sairaala HUS<\/a>.<\/p>\n\n\n\n<p><strong>Rahoitus ja ajanjakso:<\/strong> Kest\u00e4v\u00e4n kasvun rahahoitus (RRF), vuodet 2023-2025<\/p>\n\n\n\n<p><strong>Lis\u00e4tietoja:<\/strong><br>Professori Tomi M\u00e4ki-Opas, Vaikuttavuuden talo, UEF, p. 050 323 4020, tomi.maki-opas@uef.fi<\/p>\n\n\n\n<p>Professori Janne Martikainen, Vaikuttavuuden talo, UEF, p. 040 355 2600, janne.martikainen@uef.fi<\/p>\n\n\n\n<p>Arviointiylil\u00e4\u00e4k\u00e4ri Kati Kinnunen, Pohjois-Savon hyvinvointialue, p. 044 7179374, Kati.Kinnunen@pshyvinvointialue.fi<\/p>\n\n\n\n<p>Hallintoylil\u00e4\u00e4k\u00e4ri Suvi Liimatainen, sairaalapalvelujen linja, Pirkanmaan hyvinvointialue, p. 0400 581&nbsp;871, suvi.liimatainen@pirha.fi<\/p>\n\n\n\n<p><strong>Tutustu Vaikuttavuuskeskus-verkoston, Pohjois-Savon hyvinvointialueen ja It\u00e4-Suomen yliopiston yhteishankkeen <a href=\"https:\/\/uefconnect.uef.fi\/tutkimusryhma\/hyvinvoinnin-edistamisen-ja-perustason-sote-palveluiden-integraation-vaikuttavuuden-parantaminen-pohjois-savossa-hype\/\">Hyvinvoinnin edist\u00e4misen ja perustason sote-palveluiden integraation vaikuttavuuden parantaminen Pohjois-Savossa (HYPE)<\/a> blogikirjoituksiin:<\/strong><\/p>\n\n\n\n<ul class=\"wp-block-list\">\n<li><a href=\"https:\/\/blogs.uef.fi\/puheenvuoroja\/2024\/03\/11\/innovatiivisilla-digitaalisilla-tyokaluilla-tunnistetaan-elintapojen-ja-mielenterveyden-riskitekijoita-seka-edistetaan-hyvinvointia\/\">Innovatiivisilla digitaalisilla ty\u00f6kaluilla tunnistetaan elintapojen ja mielenterveyden riskitekij\u00f6it\u00e4 sek\u00e4 edistet\u00e4\u00e4n hyvinvointia<\/a><\/li>\n\n\n\n<li><a href=\"https:\/\/blogs.uef.fi\/puheenvuoroja\/2024\/04\/10\/pohjois-savon-alueella-levitetaan-hyvaksi-havaittuja-kehittamistoimenpiteita-ja-toimintamalleja-tyypin-2-diabeteksen-lisasairauksien-ehkaisemiseksi\/\">Pohjois-Savon alueella levitet\u00e4\u00e4n hyv\u00e4ksi havaittuja kehitt\u00e4mistoimenpiteit\u00e4 ja toimintamalleja tyypin 2 diabeteksen lis\u00e4sairauksien ehk\u00e4isemiseksi<\/a><\/li>\n<\/ul>\n\n\n\n<p><strong>Linkit aikaisempaa ty\u00f6h\u00f6n:<\/strong><\/p>\n\n\n\n<ul class=\"wp-block-list\">\n<li>Esiselvityshanke <a href=\"https:\/\/uefconnect.uef.fi\/tutkimusryhma\/sote-vaikuttavuuskeskus-hanke\/\" data-type=\"URL\" data-id=\"https:\/\/uefconnect.uef.fi\/tutkimusryhma\/sote-vaikuttavuuskeskus-hanke\/\">SOTE-vaikuttavuuskeskus -hanke<\/a> <\/li>\n\n\n\n<li><a href=\"https:\/\/sites.uef.fi\/vaikuttavuuden-talo\/kansallinen-vaikuttavuuden-tki-ekosysteemi\/\" data-type=\"URL\" data-id=\"https:\/\/sites.uef.fi\/vaikuttavuuden-talo\/kansallinen-vaikuttavuuden-tki-ekosysteemi\/\">RDIWELL <\/a><\/li>\n<\/ul>\n","protected":false},"excerpt":{"rendered":"<p>Sosiaali- ja terveysalan kansallinen Vaikuttavuuskeskus kokoaa yhteen eri puolilla Suomea karttuvan vaikuttavuustiedon ja -osaamisen. Taustaa Helsingin yliopiston l\u00e4\u00e4ketieteellisen tiedekunnan ja It\u00e4-Suomen yliopiston tutkimusty\u00f6h\u00f6n keskittyv\u00e4n Vaikuttavuuden talon yhteisty\u00f6n\u00e4 vuonna 2021 valtioneuvostolle tekem\u00e4ss\u00e4 selvityksess\u00e4 kartoitettiin sote-palveluiden vaikuttavuusty\u00f6t\u00e4 ja tulevaisuuden tarpeita Suomessa. Selvityksen pohjalta n\u00e4htiin tarve toteuttaa kansallinen vaikuttavuuskeskus -verkosto, jonka toiminnalla tavoitellaan hyvinvointialueiden palvelujen yhdenvertaista laatua, toimintakulttuuria [&hellip;]<\/p>\n","protected":false},"author":44,"featured_media":0,"parent":0,"menu_order":0,"comment_status":"closed","ping_status":"closed","template":"","meta":{"_acf_changed":false,"_monsterinsights_skip_tracking":false,"_monsterinsights_sitenote_active":false,"_monsterinsights_sitenote_note":"","_monsterinsights_sitenote_category":0,"footnotes":""},"class_list":["post-6669","page","type-page","status-publish","hentry"],"acf":[],"yoast_head":"<!-- This site is optimized with the Yoast SEO plugin v27.1.1 - https:\/\/yoast.com\/product\/yoast-seo-wordpress\/ -->\n<title>Kansallinen Vaikuttavuuskeskus -verkosto - Vaikuttavuuden talo<\/title>\n<meta name=\"robots\" content=\"index, follow, max-snippet:-1, max-image-preview:large, max-video-preview:-1\" \/>\n<link rel=\"canonical\" href=\"https:\/\/sites.uef.fi\/vaikuttavuuden-talo\/kansallinen-vaikuttavuuskeskus-verkosto\/\" \/>\n<meta property=\"og:locale\" content=\"fi_FI\" \/>\n<meta property=\"og:type\" content=\"article\" \/>\n<meta property=\"og:title\" content=\"Kansallinen Vaikuttavuuskeskus -verkosto - Vaikuttavuuden talo\" \/>\n<meta property=\"og:description\" content=\"Sosiaali- ja terveysalan kansallinen Vaikuttavuuskeskus kokoaa yhteen eri puolilla Suomea karttuvan vaikuttavuustiedon ja -osaamisen. Taustaa Helsingin yliopiston l\u00e4\u00e4ketieteellisen tiedekunnan ja It\u00e4-Suomen yliopiston tutkimusty\u00f6h\u00f6n keskittyv\u00e4n Vaikuttavuuden talon yhteisty\u00f6n\u00e4 vuonna 2021 valtioneuvostolle tekem\u00e4ss\u00e4 selvityksess\u00e4 kartoitettiin sote-palveluiden vaikuttavuusty\u00f6t\u00e4 ja tulevaisuuden tarpeita Suomessa. Selvityksen pohjalta n\u00e4htiin tarve toteuttaa kansallinen vaikuttavuuskeskus -verkosto, jonka toiminnalla tavoitellaan hyvinvointialueiden palvelujen yhdenvertaista laatua, toimintakulttuuria [&hellip;]\" \/>\n<meta property=\"og:url\" content=\"https:\/\/sites.uef.fi\/vaikuttavuuden-talo\/kansallinen-vaikuttavuuskeskus-verkosto\/\" \/>\n<meta property=\"og:site_name\" content=\"Vaikuttavuuden talo\" \/>\n<meta property=\"article:modified_time\" content=\"2024-04-11T08:10:03+00:00\" \/>\n<meta name=\"twitter:card\" content=\"summary_large_image\" \/>\n<meta name=\"twitter:label1\" content=\"Arvioitu lukuaika\" \/>\n\t<meta name=\"twitter:data1\" content=\"3 minuuttia\" \/>\n<script type=\"application\/ld+json\" class=\"yoast-schema-graph\">{\"@context\":\"https:\/\/schema.org\",\"@graph\":[{\"@type\":\"WebPage\",\"@id\":\"https:\/\/sites.uef.fi\/vaikuttavuuden-talo\/kansallinen-vaikuttavuuskeskus-verkosto\/\",\"url\":\"https:\/\/sites.uef.fi\/vaikuttavuuden-talo\/kansallinen-vaikuttavuuskeskus-verkosto\/\",\"name\":\"Kansallinen Vaikuttavuuskeskus -verkosto - Vaikuttavuuden talo\",\"isPartOf\":{\"@id\":\"https:\/\/sites.uef.fi\/vaikuttavuuden-talo\/#website\"},\"datePublished\":\"2023-01-18T13:20:48+00:00\",\"dateModified\":\"2024-04-11T08:10:03+00:00\",\"breadcrumb\":{\"@id\":\"https:\/\/sites.uef.fi\/vaikuttavuuden-talo\/kansallinen-vaikuttavuuskeskus-verkosto\/#breadcrumb\"},\"inLanguage\":\"fi\",\"potentialAction\":[{\"@type\":\"ReadAction\",\"target\":[\"https:\/\/sites.uef.fi\/vaikuttavuuden-talo\/kansallinen-vaikuttavuuskeskus-verkosto\/\"]}]},{\"@type\":\"BreadcrumbList\",\"@id\":\"https:\/\/sites.uef.fi\/vaikuttavuuden-talo\/kansallinen-vaikuttavuuskeskus-verkosto\/#breadcrumb\",\"itemListElement\":[{\"@type\":\"ListItem\",\"position\":1,\"name\":\"Home\",\"item\":\"https:\/\/sites.uef.fi\/vaikuttavuuden-talo\/\"},{\"@type\":\"ListItem\",\"position\":2,\"name\":\"Kansallinen Vaikuttavuuskeskus -verkosto\"}]},{\"@type\":\"WebSite\",\"@id\":\"https:\/\/sites.uef.fi\/vaikuttavuuden-talo\/#website\",\"url\":\"https:\/\/sites.uef.fi\/vaikuttavuuden-talo\/\",\"name\":\"Vaikuttavuuden talo\",\"description\":\"\",\"potentialAction\":[{\"@type\":\"SearchAction\",\"target\":{\"@type\":\"EntryPoint\",\"urlTemplate\":\"https:\/\/sites.uef.fi\/vaikuttavuuden-talo\/?s={search_term_string}\"},\"query-input\":{\"@type\":\"PropertyValueSpecification\",\"valueRequired\":true,\"valueName\":\"search_term_string\"}}],\"inLanguage\":\"fi\"}]}<\/script>\n<!-- \/ Yoast SEO plugin. -->","yoast_head_json":{"title":"Kansallinen Vaikuttavuuskeskus -verkosto - Vaikuttavuuden talo","robots":{"index":"index","follow":"follow","max-snippet":"max-snippet:-1","max-image-preview":"max-image-preview:large","max-video-preview":"max-video-preview:-1"},"canonical":"https:\/\/sites.uef.fi\/vaikuttavuuden-talo\/kansallinen-vaikuttavuuskeskus-verkosto\/","og_locale":"fi_FI","og_type":"article","og_title":"Kansallinen Vaikuttavuuskeskus -verkosto - Vaikuttavuuden talo","og_description":"Sosiaali- ja terveysalan kansallinen Vaikuttavuuskeskus kokoaa yhteen eri puolilla Suomea karttuvan vaikuttavuustiedon ja -osaamisen. Taustaa Helsingin yliopiston l\u00e4\u00e4ketieteellisen tiedekunnan ja It\u00e4-Suomen yliopiston tutkimusty\u00f6h\u00f6n keskittyv\u00e4n Vaikuttavuuden talon yhteisty\u00f6n\u00e4 vuonna 2021 valtioneuvostolle tekem\u00e4ss\u00e4 selvityksess\u00e4 kartoitettiin sote-palveluiden vaikuttavuusty\u00f6t\u00e4 ja tulevaisuuden tarpeita Suomessa. Selvityksen pohjalta n\u00e4htiin tarve toteuttaa kansallinen vaikuttavuuskeskus -verkosto, jonka toiminnalla tavoitellaan hyvinvointialueiden palvelujen yhdenvertaista laatua, toimintakulttuuria [&hellip;]","og_url":"https:\/\/sites.uef.fi\/vaikuttavuuden-talo\/kansallinen-vaikuttavuuskeskus-verkosto\/","og_site_name":"Vaikuttavuuden talo","article_modified_time":"2024-04-11T08:10:03+00:00","twitter_card":"summary_large_image","twitter_misc":{"Arvioitu lukuaika":"3 minuuttia"},"schema":{"@context":"https:\/\/schema.org","@graph":[{"@type":"WebPage","@id":"https:\/\/sites.uef.fi\/vaikuttavuuden-talo\/kansallinen-vaikuttavuuskeskus-verkosto\/","url":"https:\/\/sites.uef.fi\/vaikuttavuuden-talo\/kansallinen-vaikuttavuuskeskus-verkosto\/","name":"Kansallinen Vaikuttavuuskeskus -verkosto - Vaikuttavuuden talo","isPartOf":{"@id":"https:\/\/sites.uef.fi\/vaikuttavuuden-talo\/#website"},"datePublished":"2023-01-18T13:20:48+00:00","dateModified":"2024-04-11T08:10:03+00:00","breadcrumb":{"@id":"https:\/\/sites.uef.fi\/vaikuttavuuden-talo\/kansallinen-vaikuttavuuskeskus-verkosto\/#breadcrumb"},"inLanguage":"fi","potentialAction":[{"@type":"ReadAction","target":["https:\/\/sites.uef.fi\/vaikuttavuuden-talo\/kansallinen-vaikuttavuuskeskus-verkosto\/"]}]},{"@type":"BreadcrumbList","@id":"https:\/\/sites.uef.fi\/vaikuttavuuden-talo\/kansallinen-vaikuttavuuskeskus-verkosto\/#breadcrumb","itemListElement":[{"@type":"ListItem","position":1,"name":"Home","item":"https:\/\/sites.uef.fi\/vaikuttavuuden-talo\/"},{"@type":"ListItem","position":2,"name":"Kansallinen Vaikuttavuuskeskus -verkosto"}]},{"@type":"WebSite","@id":"https:\/\/sites.uef.fi\/vaikuttavuuden-talo\/#website","url":"https:\/\/sites.uef.fi\/vaikuttavuuden-talo\/","name":"Vaikuttavuuden talo","description":"","potentialAction":[{"@type":"SearchAction","target":{"@type":"EntryPoint","urlTemplate":"https:\/\/sites.uef.fi\/vaikuttavuuden-talo\/?s={search_term_string}"},"query-input":{"@type":"PropertyValueSpecification","valueRequired":true,"valueName":"search_term_string"}}],"inLanguage":"fi"}]}},"_links":{"self":[{"href":"https:\/\/sites.uef.fi\/vaikuttavuuden-talo\/wp-json\/wp\/v2\/pages\/6669","targetHints":{"allow":["GET"]}}],"collection":[{"href":"https:\/\/sites.uef.fi\/vaikuttavuuden-talo\/wp-json\/wp\/v2\/pages"}],"about":[{"href":"https:\/\/sites.uef.fi\/vaikuttavuuden-talo\/wp-json\/wp\/v2\/types\/page"}],"author":[{"embeddable":true,"href":"https:\/\/sites.uef.fi\/vaikuttavuuden-talo\/wp-json\/wp\/v2\/users\/44"}],"replies":[{"embeddable":true,"href":"https:\/\/sites.uef.fi\/vaikuttavuuden-talo\/wp-json\/wp\/v2\/comments?post=6669"}],"version-history":[{"count":2,"href":"https:\/\/sites.uef.fi\/vaikuttavuuden-talo\/wp-json\/wp\/v2\/pages\/6669\/revisions"}],"predecessor-version":[{"id":9971,"href":"https:\/\/sites.uef.fi\/vaikuttavuuden-talo\/wp-json\/wp\/v2\/pages\/6669\/revisions\/9971"}],"wp:attachment":[{"href":"https:\/\/sites.uef.fi\/vaikuttavuuden-talo\/wp-json\/wp\/v2\/media?parent=6669"}],"curies":[{"name":"wp","href":"https:\/\/api.w.org\/{rel}","templated":true}]}}