{"version":"1.0","provider_name":"Verkko- ja monimuotopedagogiikka","provider_url":"https:\/\/sites.uef.fi\/verkko-ja-monimuotopedagogiikka","title":"Viikon vinkki 20\/2021 - Verkko- ja monimuotopedagogiikka","type":"rich","width":600,"height":338,"html":"<blockquote class=\"wp-embedded-content\" data-secret=\"WkuMm9MAtE\"><a href=\"https:\/\/sites.uef.fi\/verkko-ja-monimuotopedagogiikka\/2021\/06\/07\/viikon-vinkki-20-21\/\">Viikon vinkki 20\/2021<\/a><\/blockquote><iframe sandbox=\"allow-scripts\" security=\"restricted\" src=\"https:\/\/sites.uef.fi\/verkko-ja-monimuotopedagogiikka\/2021\/06\/07\/viikon-vinkki-20-21\/embed\/#?secret=WkuMm9MAtE\" width=\"600\" height=\"338\" title=\"&#8221;Viikon vinkki 20\/2021&#8221; &#8212; Verkko- ja monimuotopedagogiikka\" data-secret=\"WkuMm9MAtE\" frameborder=\"0\" marginwidth=\"0\" marginheight=\"0\" scrolling=\"no\" class=\"wp-embedded-content\"><\/iframe><script>\n\/*! This file is auto-generated *\/\n!function(d,l){\"use strict\";l.querySelector&&d.addEventListener&&\"undefined\"!=typeof URL&&(d.wp=d.wp||{},d.wp.receiveEmbedMessage||(d.wp.receiveEmbedMessage=function(e){var t=e.data;if((t||t.secret||t.message||t.value)&&!\/[^a-zA-Z0-9]\/.test(t.secret)){for(var s,r,n,a=l.querySelectorAll('iframe[data-secret=\"'+t.secret+'\"]'),o=l.querySelectorAll('blockquote[data-secret=\"'+t.secret+'\"]'),c=new RegExp(\"^https?:$\",\"i\"),i=0;i<o.length;i++)o[i].style.display=\"none\";for(i=0;i<a.length;i++)s=a[i],e.source===s.contentWindow&&(s.removeAttribute(\"style\"),\"height\"===t.message?(1e3<(r=parseInt(t.value,10))?r=1e3:~~r<200&&(r=200),s.height=r):\"link\"===t.message&&(r=new URL(s.getAttribute(\"src\")),n=new URL(t.value),c.test(n.protocol))&&n.host===r.host&&l.activeElement===s&&(d.top.location.href=t.value))}},d.addEventListener(\"message\",d.wp.receiveEmbedMessage,!1),l.addEventListener(\"DOMContentLoaded\",function(){for(var e,t,s=l.querySelectorAll(\"iframe.wp-embedded-content\"),r=0;r<s.length;r++)(t=(e=s[r]).getAttribute(\"data-secret\"))||(t=Math.random().toString(36).substring(2,12),e.src+=\"#?secret=\"+t,e.setAttribute(\"data-secret\",t)),e.contentWindow.postMessage({message:\"ready\",secret:t},\"*\")},!1)))}(window,document);\n\/\/# sourceURL=https:\/\/sites.uef.fi\/verkko-ja-monimuotopedagogiikka\/wp-includes\/js\/wp-embed.min.js\n<\/script>\n","description":"Liven\u00e4, et\u00e4n\u00e4, hybridin\u00e4? Olemme el\u00e4neet poikkeusaikaa nyt reilun vuoden. T\u00e4ss\u00e4 vaiheessa lukuvuotta alkaa useimmille olla jo aika hieman heng\u00e4ht\u00e4\u00e4. Ehk\u00e4p\u00e4 suurempien opetuskiireiden hellitt\u00e4ess\u00e4 on mahdollisuus katsoa taaksep\u00e4in ja suuntautua jo my\u00f6s eteenp\u00e4in \u2013 mit\u00e4 meille kuuluu juuri nyt? T\u00e4llaista pohdintaa on fasilitaattori-Kati viritellyt verkkosivujen kes\u00e4kuun blogikirjoituksessaan. My\u00f6s tulevissa keskustelutilaisuuksissa n\u00e4m\u00e4 teemat ovat esill\u00e4 sek\u00e4 yleisemmin &hellip; Jatka lukemista \"\""}

Livenä, etänä, hybridinä? Olemme eläneet poikkeusaikaa nyt reilun vuoden. Tässä vaiheessa lukuvuotta alkaa useimmille olla jo aika hieman hengähtää. Ehkäpä suurempien opetuskiireiden hellittäessä on mahdollisuus katsoa taaksepäin ja suuntautua jo myös eteenpäin – mitä meille kuuluu juuri nyt? Tällaista pohdintaa on fasilitaattori-Kati viritellyt verkkosivujen kesäkuun blogikirjoituksessaan. Myös tulevissa keskustelutilaisuuksissa nämä teemat ovat esillä sekä yleisemmin &hellip; Jatka lukemista ""
