{"id":572,"date":"2020-12-15T14:16:07","date_gmt":"2020-12-15T12:16:07","guid":{"rendered":"https:\/\/sites.uef.fi\/verkko-ja-monimuotopedagogiikka\/?page_id=572"},"modified":"2022-05-12T16:12:33","modified_gmt":"2022-05-12T13:12:33","slug":"yhteistyotahot","status":"publish","type":"page","link":"https:\/\/sites.uef.fi\/verkko-ja-monimuotopedagogiikka\/yhteistyotahot\/","title":{"rendered":"Yhteisty\u00f6tahot"},"content":{"rendered":"\n<h2 class=\"wp-block-heading\">Kehitt\u00e4misyhteisty\u00f6t\u00e4 fasilitaattoreiden kanssa tekev\u00e4t mm.<\/h2>\n\n\n\n<p><\/p>\n\n\n\n<h3 class=\"wp-block-heading\">Kokeneet toimijat<\/h3>\n\n\n\n<p><\/p>\n\n\n\n<p><a href=\"https:\/\/www.uef.fi\/fi\/jatkuvan-oppimisen-keskus\">Jatkuvan oppimisen keskus<\/a><\/p>\n\n\n\n<p><a href=\"https:\/\/studentuef.sharepoint.com\/sites\/heimo_fi\/palvelut\/opetuksen-tunnustuspalkinnot\/Sivut\/Taitava-opettaja.aspx?OR=Teams-HL&amp;CT=1652347753333&amp;params=eyJBcHBOYW1lIjoiVGVhbXMtRGVza3RvcCIsIkFwcFZlcnNpb24iOiIyNy8yMjA0MDExMTQwOSJ9\">Taitava opettaja -verkosto <\/a>(vaatii UEF-kirjautumisen)<\/p>\n\n\n\n<p><a href=\"https:\/\/sites.uef.fi\/verkko-ja-monimuotopedagogiikka\/oppimisymparistotyoryhma\/\">Oppimisymp\u00e4rist\u00f6ty\u00f6ryhm\u00e4<\/a><\/p>\n\n\n\n<p><a href=\"https:\/\/sites.uef.fi\/flippaus\/\">Flipparit <\/a><\/p>\n\n\n\n<p>Digisparraajat<\/p>\n\n\n\n<p><\/p>\n\n\n\n<h3 class=\"wp-block-heading\">Tutkimusperustainen kehitt\u00e4minen<\/h3>\n\n\n\n<p><\/p>\n\n\n\n<p><a href=\"https:\/\/www.uef.fi\/fi\/tutkimusyhteiso\/oppiminen-digitalisoituneessa-yhteiskunnassa\">Oppiminen digitalisoituneessa yhteiskunnassa (DIGS) -tutkimusyhteis\u00f6<\/a><\/p>\n\n\n\n<p><a rel=\"noreferrer noopener\" href=\"https:\/\/uefconnect.uef.fi\/tutkimusryhma\/ameba-tiimi\/\" target=\"_blank\">Ameba-tiimi <\/a><\/p>\n\n\n\n<p><\/p>\n\n\n\n<h3 class=\"wp-block-heading\">Koulutus- ja tukipalvelut<\/h3>\n\n\n\n<p><a href=\"https:\/\/studentuef.sharepoint.com\/sites\/heimo_fi\/palvelut\/eoppimisen_tukipalvelut\/Sivut\/etusivu.aspx\">eOppimisen tukipalvelut<\/a> \/ Oppitupa (vaatii UEF-kirjautumisen)<\/p>\n\n\n\n<p><a rel=\"noreferrer noopener\" href=\"https:\/\/www.uef.fi\/fi\/yksikko\/tietotekniikkapalvelut\" target=\"_blank\">UEF tietotekniikkapalvelut<\/a> \/ IT-tuki<\/p>\n\n\n\n<p><a href=\"https:\/\/studentuef.sharepoint.com\/sites\/tietotyo-uef\">Tietoty\u00f6n muutos -hanke<\/a>  (vaatii UEF-kirjautumisen)<\/p>\n\n\n\n<p><a href=\"https:\/\/studentuef.sharepoint.com\/sites\/heimo_fi\/palvelut\/yopeda\/Sivut\/etusivu.aspx\">Yliopistopedagoginen koulutus <\/a>\/ Koulutuspalvelut (vaatii UEF-kirjautumisen)<\/p>\n\n\n\n<p><\/p>\n\n\n\n<h3 class=\"wp-block-heading\">Yhteisty\u00f6ss\u00e4 mukana my\u00f6s<\/h3>\n\n\n\n<p>Toimitilapalvelut<\/p>\n\n\n\n<p><a href=\"https:\/\/www.uef.fi\/fi\/kirjasto\">UEF kirjasto<\/a><\/p>\n\n\n\n<p>Yksik\u00f6iden muut verkko- ja monimuotopedagogiikan kehittymist\u00e4 edist\u00e4v\u00e4t toimijat <\/p>\n","protected":false},"excerpt":{"rendered":"<p>Kehitt\u00e4misyhteisty\u00f6t\u00e4 fasilitaattoreiden kanssa tekev\u00e4t mm. Kokeneet toimijat Jatkuvan oppimisen keskus Taitava opettaja -verkosto (vaatii UEF-kirjautumisen) Oppimisymp\u00e4rist\u00f6ty\u00f6ryhm\u00e4 Flipparit Digisparraajat Tutkimusperustainen kehitt\u00e4minen Oppiminen digitalisoituneessa yhteiskunnassa (DIGS) -tutkimusyhteis\u00f6 Ameba-tiimi Koulutus- ja tukipalvelut eOppimisen tukipalvelut \/ Oppitupa (vaatii UEF-kirjautumisen) UEF tietotekniikkapalvelut \/ IT-tuki Tietoty\u00f6n muutos -hanke (vaatii UEF-kirjautumisen) Yliopistopedagoginen koulutus \/ Koulutuspalvelut (vaatii UEF-kirjautumisen) Yhteisty\u00f6ss\u00e4 mukana my\u00f6s Toimitilapalvelut UEF &hellip; <\/p>\n<p class=\"link-more\"><a href=\"https:\/\/sites.uef.fi\/verkko-ja-monimuotopedagogiikka\/yhteistyotahot\/\" class=\"more-link\">Jatka lukemista<span class=\"screen-reader-text\"> &#8221;Yhteisty\u00f6tahot&#8221;<\/span><\/a><\/p>\n","protected":false},"author":392,"featured_media":0,"parent":0,"menu_order":0,"comment_status":"closed","ping_status":"closed","template":"","meta":{"_acf_changed":false,"footnotes":""},"class_list":["post-572","page","type-page","status-publish","hentry"],"acf":[],"_links":{"self":[{"href":"https:\/\/sites.uef.fi\/verkko-ja-monimuotopedagogiikka\/wp-json\/wp\/v2\/pages\/572","targetHints":{"allow":["GET"]}}],"collection":[{"href":"https:\/\/sites.uef.fi\/verkko-ja-monimuotopedagogiikka\/wp-json\/wp\/v2\/pages"}],"about":[{"href":"https:\/\/sites.uef.fi\/verkko-ja-monimuotopedagogiikka\/wp-json\/wp\/v2\/types\/page"}],"author":[{"embeddable":true,"href":"https:\/\/sites.uef.fi\/verkko-ja-monimuotopedagogiikka\/wp-json\/wp\/v2\/users\/392"}],"replies":[{"embeddable":true,"href":"https:\/\/sites.uef.fi\/verkko-ja-monimuotopedagogiikka\/wp-json\/wp\/v2\/comments?post=572"}],"version-history":[{"count":3,"href":"https:\/\/sites.uef.fi\/verkko-ja-monimuotopedagogiikka\/wp-json\/wp\/v2\/pages\/572\/revisions"}],"predecessor-version":[{"id":3640,"href":"https:\/\/sites.uef.fi\/verkko-ja-monimuotopedagogiikka\/wp-json\/wp\/v2\/pages\/572\/revisions\/3640"}],"wp:attachment":[{"href":"https:\/\/sites.uef.fi\/verkko-ja-monimuotopedagogiikka\/wp-json\/wp\/v2\/media?parent=572"}],"curies":[{"name":"wp","href":"https:\/\/api.w.org\/{rel}","templated":true}]}}