{"id":1085,"date":"2022-06-27T16:58:07","date_gmt":"2022-06-27T16:58:07","guid":{"rendered":"https:\/\/sites.uef.fi\/weltech\/?page_id=1085"},"modified":"2025-06-17T10:50:18","modified_gmt":"2025-06-17T10:50:18","slug":"board-members","status":"publish","type":"page","link":"https:\/\/sites.uef.fi\/weltech\/board-members\/","title":{"rendered":"Board Members"},"content":{"rendered":"\n<div class=\"person-card\">\n    \n                    <a href=\"https:\/\/uefconnect.uef.fi\/en\/person\/honglin.chen\/\" class=\"person-card-link hover-scale-down\">\n                            <div class=\"person-card-item\">\n                    <div class=\"person-card-column-left\">\n                                                    <img decoding=\"async\" class=\"person-card-image\" src=\"https:\/\/sites.uef.fi\/weltech\/wp-content\/uploads\/sites\/376\/2022\/05\/a6ad2eabc94e1e0027a04431e5681d29_profile_file-500x500-1.jpg\" alt=\"Image of person\" \/>\n                                            <\/div>\n\n                    <div class=\"person-card-column-right\">\n                                                <p class=\"person-card-name\">Dr. Honglin Chen<\/p>\n                        \n                                                <p class=\"person-card-position\">Professor<\/p>\n                        \n                                                <p class=\"person-card-organisation\">University of Eastern Finland, Kuopio, Finland<\/p>\n                        \n                                                <p class=\"person-card-text\">Professor in Gerontological Social Work, Department of Social Work, Kuopio<\/p>\n                        \n                                                    <div>\n\t\t\t\t\t\t\t<svg xmlns=\"http:\/\/www.w3.org\/2000\/svg\" height=\"25px\" viewBox=\"0 -960 960 960\" width=\"24px\" ><path fill=\"currentColor\" d=\"M200-120q-33 0-56.5-23.5T120-200v-560q0-33 23.5-56.5T200-840h280v80H200v560h560v-280h80v280q0 33-23.5 56.5T760-120H200Zm188-212-56-56 372-372H560v-80h280v280h-80v-144L388-332Z\"\/><\/svg>\t\t\t\t\t\t\t<\/div>\n                                            <\/div>\n                <\/div>\n                            <\/a>\n                            <\/div>\n\n\n\n<div class=\"person-card\">\n    \n                    <a href=\"https:\/\/uefconnect.uef.fi\/en\/person\/juha.hamalainen\/\" class=\"person-card-link hover-scale-down\">\n                            <div class=\"person-card-item\">\n                    <div class=\"person-card-column-left\">\n                                                    <img decoding=\"async\" class=\"person-card-image\" src=\"https:\/\/sites.uef.fi\/weltech\/wp-content\/uploads\/sites\/376\/2022\/05\/J.Hamalainen.jpg\" alt=\"Image of person\" \/>\n                                            <\/div>\n\n                    <div class=\"person-card-column-right\">\n                                                <p class=\"person-card-name\">Dr. Juha H\u00e4m\u00e4l\u00e4inen<\/p>\n                        \n                                                <p class=\"person-card-position\">Professor Emerita<\/p>\n                        \n                                                <p class=\"person-card-organisation\">University of Eastern Finland, Kuopio, Finland<\/p>\n                        \n                                                <p class=\"person-card-text\">Professor Emerita in Social Work, especially Social Pedagogy, Department of Social Work, Kuopio<\/p>\n                        \n                                                    <div>\n\t\t\t\t\t\t\t<svg xmlns=\"http:\/\/www.w3.org\/2000\/svg\" height=\"25px\" viewBox=\"0 -960 960 960\" width=\"24px\" ><path fill=\"currentColor\" d=\"M200-120q-33 0-56.5-23.5T120-200v-560q0-33 23.5-56.5T200-840h280v80H200v560h560v-280h80v280q0 33-23.5 56.5T760-120H200Zm188-212-56-56 372-372H560v-80h280v280h-80v-144L388-332Z\"\/><\/svg>\t\t\t\t\t\t\t<\/div>\n                                            <\/div>\n                <\/div>\n                            <\/a>\n                            <\/div>\n\n\n\n<div class=\"person-card\">\n    \n                    <a href=\"https:\/\/uefconnect.uef.fi\/en\/person\/ulla-mari.kinnunen\/\" class=\"person-card-link hover-scale-down\">\n                            <div class=\"person-card-item\">\n                    <div class=\"person-card-column-left\">\n                                                    <img decoding=\"async\" class=\"person-card-image\" src=\"https:\/\/sites.uef.fi\/weltech\/wp-content\/uploads\/sites\/376\/2022\/06\/Kinnunen_Ulla-Mari-8290-scaled.jpg\" alt=\"\" \/>\n                                            <\/div>\n\n                    <div class=\"person-card-column-right\">\n                                                <p class=\"person-card-name\">Dr. Ulla-Mari Kinnunen<\/p>\n                        \n                                                <p class=\"person-card-position\">Professor<\/p>\n                        \n                                                <p class=\"person-card-organisation\">University of Eastern Finland, Finland<\/p>\n                        \n                                                <p class=\"person-card-text\">Ulla-Mari Kinnunen is a Professor of Health and Human Services Informatics and Adjunct Professor in Evidence Based Research and Development<\/p>\n                        \n                                                    <div>\n\t\t\t\t\t\t\t<svg xmlns=\"http:\/\/www.w3.org\/2000\/svg\" height=\"25px\" viewBox=\"0 -960 960 960\" width=\"24px\" ><path fill=\"currentColor\" d=\"M200-120q-33 0-56.5-23.5T120-200v-560q0-33 23.5-56.5T200-840h280v80H200v560h560v-280h80v280q0 33-23.5 56.5T760-120H200Zm188-212-56-56 372-372H560v-80h280v280h-80v-144L388-332Z\"\/><\/svg>\t\t\t\t\t\t\t<\/div>\n                                            <\/div>\n                <\/div>\n                            <\/a>\n                            <\/div>\n\n\n\n<div class=\"person-card\">\n    \n                    <a href=\"https:\/\/uefconnect.uef.fi\/henkilo\/harri.laihonen\" class=\"person-card-link hover-scale-down\">\n                            <div class=\"person-card-item\">\n                    <div class=\"person-card-column-left\">\n                                                    <img decoding=\"async\" class=\"person-card-image\" src=\"https:\/\/sites.uef.fi\/weltech\/wp-content\/uploads\/sites\/376\/2022\/06\/Laihonen_Harri-4228-10x15cm.jpg\" alt=\"Image of person\" \/>\n                                            <\/div>\n\n                    <div class=\"person-card-column-right\">\n                                                <p class=\"person-card-name\">Dr. Harri Laihonen<\/p>\n                        \n                                                <p class=\"person-card-position\">Professor<\/p>\n                        \n                                                <p class=\"person-card-organisation\">University of Eastern Finland, Finland<\/p>\n                        \n                                                <p class=\"person-card-text\">Professor in Health and Social Management, Faculty of Social Sciences and Business Studies, Department of Health and Social Management\r\n<\/p>\n                        \n                                                    <div>\n\t\t\t\t\t\t\t<svg xmlns=\"http:\/\/www.w3.org\/2000\/svg\" height=\"25px\" viewBox=\"0 -960 960 960\" width=\"24px\" ><path fill=\"currentColor\" d=\"M200-120q-33 0-56.5-23.5T120-200v-560q0-33 23.5-56.5T200-840h280v80H200v560h560v-280h80v280q0 33-23.5 56.5T760-120H200Zm188-212-56-56 372-372H560v-80h280v280h-80v-144L388-332Z\"\/><\/svg>\t\t\t\t\t\t\t<\/div>\n                                            <\/div>\n                <\/div>\n                            <\/a>\n                            <\/div>\n\n\n\n<div class=\"person-card\">\n    \n                    <a href=\"https:\/\/uefconnect.uef.fi\/en\/person\/timo.toikko\/\" class=\"person-card-link hover-scale-down\">\n                            <div class=\"person-card-item\">\n                    <div class=\"person-card-column-left\">\n                                                    <img decoding=\"async\" class=\"person-card-image\" src=\"https:\/\/sites.uef.fi\/weltech\/wp-content\/uploads\/sites\/376\/2022\/06\/Timo-Toikko.jpg\" alt=\"Image of person\" \/>\n                                            <\/div>\n\n                    <div class=\"person-card-column-right\">\n                                                <p class=\"person-card-name\">Dr. Timo Toikko<\/p>\n                        \n                                                <p class=\"person-card-position\">Professor, Head of Department<\/p>\n                        \n                                                <p class=\"person-card-organisation\">University of Eastern Finland, Kuopio, Finland<\/p>\n                        \n                                                <p class=\"person-card-text\">Professor in Social Work, Head of Department of Social Sciences, Social Work\r\n<\/p>\n                        \n                                                    <div>\n\t\t\t\t\t\t\t<svg xmlns=\"http:\/\/www.w3.org\/2000\/svg\" height=\"25px\" viewBox=\"0 -960 960 960\" width=\"24px\" ><path fill=\"currentColor\" d=\"M200-120q-33 0-56.5-23.5T120-200v-560q0-33 23.5-56.5T200-840h280v80H200v560h560v-280h80v280q0 33-23.5 56.5T760-120H200Zm188-212-56-56 372-372H560v-80h280v280h-80v-144L388-332Z\"\/><\/svg>\t\t\t\t\t\t\t<\/div>\n                                            <\/div>\n                <\/div>\n                            <\/a>\n                            <\/div>\n","protected":false},"excerpt":{"rendered":"","protected":false},"author":824,"featured_media":0,"parent":0,"menu_order":0,"comment_status":"closed","ping_status":"closed","template":"","meta":{"_acf_changed":false,"footnotes":""},"class_list":["post-1085","page","type-page","status-publish","hentry"],"acf":[],"yoast_head":"<!-- This site is optimized with the Yoast SEO plugin v27.1.1 - https:\/\/yoast.com\/product\/yoast-seo-wordpress\/ -->\n<title>Board Members - Social Research Center for Welfare Technology<\/title>\n<meta name=\"robots\" content=\"index, follow, max-snippet:-1, max-image-preview:large, max-video-preview:-1\" \/>\n<link rel=\"canonical\" href=\"https:\/\/sites.uef.fi\/weltech\/board-members\/\" \/>\n<meta property=\"og:locale\" content=\"en_US\" \/>\n<meta property=\"og:type\" content=\"article\" \/>\n<meta property=\"og:title\" content=\"Board Members - Social Research Center for Welfare Technology\" \/>\n<meta property=\"og:url\" content=\"https:\/\/sites.uef.fi\/weltech\/board-members\/\" \/>\n<meta property=\"og:site_name\" content=\"Social Research Center for Welfare Technology\" \/>\n<meta property=\"article:modified_time\" content=\"2025-06-17T10:50:18+00:00\" \/>\n<meta name=\"twitter:card\" content=\"summary_large_image\" \/>\n<script type=\"application\/ld+json\" class=\"yoast-schema-graph\">{\"@context\":\"https:\/\/schema.org\",\"@graph\":[{\"@type\":\"WebPage\",\"@id\":\"https:\/\/sites.uef.fi\/weltech\/board-members\/\",\"url\":\"https:\/\/sites.uef.fi\/weltech\/board-members\/\",\"name\":\"Board Members - Social Research Center for Welfare Technology\",\"isPartOf\":{\"@id\":\"https:\/\/sites.uef.fi\/weltech\/#website\"},\"datePublished\":\"2022-06-27T16:58:07+00:00\",\"dateModified\":\"2025-06-17T10:50:18+00:00\",\"breadcrumb\":{\"@id\":\"https:\/\/sites.uef.fi\/weltech\/board-members\/#breadcrumb\"},\"inLanguage\":\"en-US\",\"potentialAction\":[{\"@type\":\"ReadAction\",\"target\":[\"https:\/\/sites.uef.fi\/weltech\/board-members\/\"]}]},{\"@type\":\"BreadcrumbList\",\"@id\":\"https:\/\/sites.uef.fi\/weltech\/board-members\/#breadcrumb\",\"itemListElement\":[{\"@type\":\"ListItem\",\"position\":1,\"name\":\"Home\",\"item\":\"https:\/\/sites.uef.fi\/weltech\/\"},{\"@type\":\"ListItem\",\"position\":2,\"name\":\"Board Members\"}]},{\"@type\":\"WebSite\",\"@id\":\"https:\/\/sites.uef.fi\/weltech\/#website\",\"url\":\"https:\/\/sites.uef.fi\/weltech\/\",\"name\":\"Social Research Center for Welfare Technology\",\"description\":\"\",\"publisher\":{\"@id\":\"https:\/\/sites.uef.fi\/weltech\/#organization\"},\"potentialAction\":[{\"@type\":\"SearchAction\",\"target\":{\"@type\":\"EntryPoint\",\"urlTemplate\":\"https:\/\/sites.uef.fi\/weltech\/?s={search_term_string}\"},\"query-input\":{\"@type\":\"PropertyValueSpecification\",\"valueRequired\":true,\"valueName\":\"search_term_string\"}}],\"inLanguage\":\"en-US\"},{\"@type\":\"Organization\",\"@id\":\"https:\/\/sites.uef.fi\/weltech\/#organization\",\"name\":\"Social Research Center for Welfare Technology\",\"url\":\"https:\/\/sites.uef.fi\/weltech\/\",\"logo\":{\"@type\":\"ImageObject\",\"inLanguage\":\"en-US\",\"@id\":\"https:\/\/sites.uef.fi\/weltech\/#\/schema\/logo\/image\/\",\"url\":\"\",\"contentUrl\":\"\",\"caption\":\"Social Research Center for Welfare Technology\"},\"image\":{\"@id\":\"https:\/\/sites.uef.fi\/weltech\/#\/schema\/logo\/image\/\"}}]}<\/script>\n<!-- \/ Yoast SEO plugin. -->","yoast_head_json":{"title":"Board Members - Social Research Center for Welfare Technology","robots":{"index":"index","follow":"follow","max-snippet":"max-snippet:-1","max-image-preview":"max-image-preview:large","max-video-preview":"max-video-preview:-1"},"canonical":"https:\/\/sites.uef.fi\/weltech\/board-members\/","og_locale":"en_US","og_type":"article","og_title":"Board Members - Social Research Center for Welfare Technology","og_url":"https:\/\/sites.uef.fi\/weltech\/board-members\/","og_site_name":"Social Research Center for Welfare Technology","article_modified_time":"2025-06-17T10:50:18+00:00","twitter_card":"summary_large_image","schema":{"@context":"https:\/\/schema.org","@graph":[{"@type":"WebPage","@id":"https:\/\/sites.uef.fi\/weltech\/board-members\/","url":"https:\/\/sites.uef.fi\/weltech\/board-members\/","name":"Board Members - Social Research Center for Welfare Technology","isPartOf":{"@id":"https:\/\/sites.uef.fi\/weltech\/#website"},"datePublished":"2022-06-27T16:58:07+00:00","dateModified":"2025-06-17T10:50:18+00:00","breadcrumb":{"@id":"https:\/\/sites.uef.fi\/weltech\/board-members\/#breadcrumb"},"inLanguage":"en-US","potentialAction":[{"@type":"ReadAction","target":["https:\/\/sites.uef.fi\/weltech\/board-members\/"]}]},{"@type":"BreadcrumbList","@id":"https:\/\/sites.uef.fi\/weltech\/board-members\/#breadcrumb","itemListElement":[{"@type":"ListItem","position":1,"name":"Home","item":"https:\/\/sites.uef.fi\/weltech\/"},{"@type":"ListItem","position":2,"name":"Board Members"}]},{"@type":"WebSite","@id":"https:\/\/sites.uef.fi\/weltech\/#website","url":"https:\/\/sites.uef.fi\/weltech\/","name":"Social Research Center for Welfare Technology","description":"","publisher":{"@id":"https:\/\/sites.uef.fi\/weltech\/#organization"},"potentialAction":[{"@type":"SearchAction","target":{"@type":"EntryPoint","urlTemplate":"https:\/\/sites.uef.fi\/weltech\/?s={search_term_string}"},"query-input":{"@type":"PropertyValueSpecification","valueRequired":true,"valueName":"search_term_string"}}],"inLanguage":"en-US"},{"@type":"Organization","@id":"https:\/\/sites.uef.fi\/weltech\/#organization","name":"Social Research Center for Welfare Technology","url":"https:\/\/sites.uef.fi\/weltech\/","logo":{"@type":"ImageObject","inLanguage":"en-US","@id":"https:\/\/sites.uef.fi\/weltech\/#\/schema\/logo\/image\/","url":"","contentUrl":"","caption":"Social Research Center for Welfare Technology"},"image":{"@id":"https:\/\/sites.uef.fi\/weltech\/#\/schema\/logo\/image\/"}}]}},"_links":{"self":[{"href":"https:\/\/sites.uef.fi\/weltech\/wp-json\/wp\/v2\/pages\/1085","targetHints":{"allow":["GET"]}}],"collection":[{"href":"https:\/\/sites.uef.fi\/weltech\/wp-json\/wp\/v2\/pages"}],"about":[{"href":"https:\/\/sites.uef.fi\/weltech\/wp-json\/wp\/v2\/types\/page"}],"author":[{"embeddable":true,"href":"https:\/\/sites.uef.fi\/weltech\/wp-json\/wp\/v2\/users\/824"}],"replies":[{"embeddable":true,"href":"https:\/\/sites.uef.fi\/weltech\/wp-json\/wp\/v2\/comments?post=1085"}],"version-history":[{"count":2,"href":"https:\/\/sites.uef.fi\/weltech\/wp-json\/wp\/v2\/pages\/1085\/revisions"}],"predecessor-version":[{"id":3209,"href":"https:\/\/sites.uef.fi\/weltech\/wp-json\/wp\/v2\/pages\/1085\/revisions\/3209"}],"wp:attachment":[{"href":"https:\/\/sites.uef.fi\/weltech\/wp-json\/wp\/v2\/media?parent=1085"}],"curies":[{"name":"wp","href":"https:\/\/api.w.org\/{rel}","templated":true}]}}