{"id":253,"date":"2024-09-23T12:48:56","date_gmt":"2024-09-23T09:48:56","guid":{"rendered":"https:\/\/sites.uef.fi\/ycafin\/?page_id=253"},"modified":"2024-12-18T12:47:20","modified_gmt":"2024-12-18T09:47:20","slug":"tietoa-tutkimuksesta","status":"publish","type":"page","link":"https:\/\/sites.uef.fi\/ycafin\/tietoa-tutkimuksesta\/","title":{"rendered":"Tietoa tutkimuksesta"},"content":{"rendered":"\t<div id=\"accordion-block_3f29cfe5794e001cbf1177437c21bea3\" class=\"accordions\">\n\t\t\t\t\t<div class=\"accordion accordion-js\">\n\t\t\t\t<button class=\"accordion__button\" aria-controls=\"content-8059\" aria-expanded=\"false\" id=\"accordion-control-8059\">\n\t\t\t\t\t<h3 class=\"accordion__heading\" >\n\t\t\t\t\t\tMit\u00e4 tutkimme?\t\t\t\t\t<\/h3>\n\t\t\t\t<\/button>\n\t\t\t\t<div class=\"accordion__content\" role=\"region\" aria-labelledby=\"accordion-control-8059\" aria-hidden=\"true\" id=\"content-8059\">\n\t\t\t\t\t<p><span data-contrast=\"auto\">T\u00e4m\u00e4n projektin tavoitteena on tuottaa tietoa nuorista hoivaajista Suomessa. Projektissa nuoret hoivaajat m\u00e4\u00e4ritell\u00e4\u00e4n 15\u201324-vuotiaiksi nuoriksi ja nuoriksi aikuisiksi, jotka hoivaavat s\u00e4\u00e4nn\u00f6llisesti perheenj\u00e4sent\u00e4\u00e4n tai muuta l\u00e4heist\u00e4\u00e4n. <\/span><\/p>\n<p><span data-contrast=\"auto\">Tutkimuksen tavoitteena on: 1) tuottaa ymm\u00e4rryst\u00e4 siit\u00e4, miten nuorten hoivaajien el\u00e4m\u00e4ss\u00e4 hoiva kietoutuu el\u00e4m\u00e4nkulun siirtymiin, 2) tarkastella sit\u00e4, miten nuorten hoivarooli muokkaa perheen sis\u00e4isi\u00e4 hoivaketjuja ja 3) analysoida nuorten hoivaajien saamaa tukea hoivalle. <\/span><\/p>\n<p><span data-contrast=\"auto\">Nuorten hoivaajien hoivaty\u00f6h\u00f6n liittyy huomattavia ajallisia, fyysisi\u00e4, psyykkisi\u00e4 ja\/tai emotionaalisia vaatimuksia, jotka ovat ristiriidassa nuoruutta ja aikuistumista koskevien nykyisten normatiivisten kulttuuristen ihanteiden kanssa. Nuoruuden ja hoivan v\u00e4linen suhde on j\u00e4nnitteinen, sill\u00e4 hoiva edellytt\u00e4\u00e4 suuntautumista toisiin ihmisiin, kun taas nuoruus miellet\u00e4\u00e4n usein ajanjaksoiksi, joille on ominaista suuntautuminen itseen ja keskittyminen vapauteen, oman identiteetin tutkimiseen ja itsens\u00e4 toteuttamiseen.<\/span><span data-ccp-props=\"{}\">\u00a0<\/span><\/p>\n<p><span data-contrast=\"auto\">Vaikka nuoret hoivaajat muodostavat merkitt\u00e4v\u00e4n m\u00e4\u00e4r\u00e4n niin nuorista kuin omaistaan hoivaavista, heit\u00e4 koskevat kysymykset ovat j\u00e4\u00e4neet Suomessa pitk\u00e4lti n\u00e4kym\u00e4tt\u00f6miin niin poliittisessa p\u00e4\u00e4t\u00f6ksenteossa, lains\u00e4\u00e4d\u00e4nn\u00f6ss\u00e4, palveluissa kuin tutkimuksessa. Tietoa nuorista hoivaajista tarvitaan esimerkiksi asianmukaisten palveluiden ja ammattilaisille suunnattujen k\u00e4yt\u00e4nt\u00f6jen luomiseksi.<\/span><span data-ccp-props=\"{}\">\u00a0<\/span><\/p>\n\t\t\t\t<\/div>\n\t\t\t<\/div>\n\t\t\t\t\t<div class=\"accordion accordion-js\">\n\t\t\t\t<button class=\"accordion__button\" aria-controls=\"content-4723\" aria-expanded=\"false\" id=\"accordion-control-4723\">\n\t\t\t\t\t<h3 class=\"accordion__heading\" >\n\t\t\t\t\t\tTutkimuskutsu\t\t\t\t\t<\/h3>\n\t\t\t\t<\/button>\n\t\t\t\t<div class=\"accordion__content\" role=\"region\" aria-labelledby=\"accordion-control-4723\" aria-hidden=\"true\" id=\"content-4723\">\n\t\t\t\t\t<p><a href=\"https:\/\/sites.uef.fi\/ycafin\/wp-content\/uploads\/sites\/504\/2024\/12\/Tutkimuskutsu.pdf\">Tutkimuskutsu<\/a><\/p>\n\t\t\t\t<\/div>\n\t\t\t<\/div>\n\t\t\t\t\t<div class=\"accordion accordion-js\">\n\t\t\t\t<button class=\"accordion__button\" aria-controls=\"content-5960\" aria-expanded=\"false\" id=\"accordion-control-5960\">\n\t\t\t\t\t<h3 class=\"accordion__heading\" >\n\t\t\t\t\t\tTietosuojaseloste\t\t\t\t\t<\/h3>\n\t\t\t\t<\/button>\n\t\t\t\t<div class=\"accordion__content\" role=\"region\" aria-labelledby=\"accordion-control-5960\" aria-hidden=\"true\" id=\"content-5960\">\n\t\t\t\t\t<p><a href=\"https:\/\/sites.uef.fi\/ycafin\/wp-content\/uploads\/sites\/504\/2024\/11\/Tietosuojaseloste_paivitetty.docx\">Tietosuojaseloste<\/a><\/p>\n\t\t\t\t<\/div>\n\t\t\t<\/div>\n\t\t\t\t\t<div class=\"accordion accordion-js\">\n\t\t\t\t<button class=\"accordion__button\" aria-controls=\"content-1573\" aria-expanded=\"false\" id=\"accordion-control-1573\">\n\t\t\t\t\t<h3 class=\"accordion__heading\" >\n\t\t\t\t\t\tYhteystiedot\t\t\t\t\t<\/h3>\n\t\t\t\t<\/button>\n\t\t\t\t<div class=\"accordion__content\" role=\"region\" aria-labelledby=\"accordion-control-1573\" aria-hidden=\"true\" id=\"content-1573\">\n\t\t\t\t\t<p>Oletko kiinnostunut yhteisty\u00f6st\u00e4 tai esimerkiksi opinn\u00e4yttety\u00f6n teosta osana projektia? Onko sinulla kysymyksi\u00e4 tutkimukseen osallistumisesta? Ota yhteytt\u00e4 projektin vastuulliseen johtajaan <a href=\"https:\/\/uefconnect.uef.fi\/henkilo\/tiina.sihto\/\">Tiina Sihtoon.<\/a><\/p>\n\t\t\t\t<\/div>\n\t\t\t<\/div>\n\t\t\t<\/div>\n\t\n\n\n<figure class=\"wp-block-image size-large\"><img loading=\"lazy\" decoding=\"async\" width=\"1024\" height=\"951\" src=\"https:\/\/sites.uef.fi\/ycafin\/wp-content\/uploads\/sites\/504\/2024\/11\/nuori_hoivaaja_kuvapari_lopullinen-1-1024x951.jpg\" alt=\"Piirros, jossa aikuiset makaavat sohvalla ja lapset seisovat olohuoneessa.\" class=\"wp-image-983\" srcset=\"https:\/\/sites.uef.fi\/ycafin\/wp-content\/uploads\/sites\/504\/2024\/11\/nuori_hoivaaja_kuvapari_lopullinen-1-1024x951.jpg 1024w, https:\/\/sites.uef.fi\/ycafin\/wp-content\/uploads\/sites\/504\/2024\/11\/nuori_hoivaaja_kuvapari_lopullinen-1-300x279.jpg 300w, https:\/\/sites.uef.fi\/ycafin\/wp-content\/uploads\/sites\/504\/2024\/11\/nuori_hoivaaja_kuvapari_lopullinen-1-768x714.jpg 768w, https:\/\/sites.uef.fi\/ycafin\/wp-content\/uploads\/sites\/504\/2024\/11\/nuori_hoivaaja_kuvapari_lopullinen-1-1536x1427.jpg 1536w, https:\/\/sites.uef.fi\/ycafin\/wp-content\/uploads\/sites\/504\/2024\/11\/nuori_hoivaaja_kuvapari_lopullinen-1-2048x1903.jpg 2048w\" sizes=\"auto, (max-width: 1024px) 100vw, 1024px\" \/><\/figure>\n","protected":false},"excerpt":{"rendered":"","protected":false},"author":1201,"featured_media":0,"parent":0,"menu_order":0,"comment_status":"closed","ping_status":"closed","template":"","meta":{"_acf_changed":false,"footnotes":""},"class_list":["post-253","page","type-page","status-publish","hentry"],"acf":[],"yoast_head":"<!-- This site is optimized with the Yoast SEO plugin v27.1.1 - https:\/\/yoast.com\/product\/yoast-seo-wordpress\/ -->\n<title>Tietoa tutkimuksesta - Nuoret hoivaajat Suomessa<\/title>\n<meta name=\"robots\" content=\"index, follow, max-snippet:-1, max-image-preview:large, max-video-preview:-1\" \/>\n<link rel=\"canonical\" href=\"https:\/\/sites.uef.fi\/ycafin\/tietoa-tutkimuksesta\/\" \/>\n<meta property=\"og:locale\" content=\"fi_FI\" \/>\n<meta property=\"og:type\" content=\"article\" \/>\n<meta property=\"og:title\" content=\"Tietoa tutkimuksesta - Nuoret hoivaajat Suomessa\" \/>\n<meta property=\"og:url\" content=\"https:\/\/sites.uef.fi\/ycafin\/tietoa-tutkimuksesta\/\" \/>\n<meta property=\"og:site_name\" content=\"Nuoret hoivaajat Suomessa\" \/>\n<meta property=\"article:modified_time\" content=\"2024-12-18T09:47:20+00:00\" \/>\n<meta property=\"og:image\" content=\"https:\/\/sites.uef.fi\/ycafin\/wp-content\/uploads\/sites\/504\/2024\/11\/nuori_hoivaaja_kuvapari_lopullinen-1-scaled.jpg\" \/>\n\t<meta property=\"og:image:width\" content=\"2560\" \/>\n\t<meta property=\"og:image:height\" content=\"2379\" \/>\n\t<meta property=\"og:image:type\" content=\"image\/jpeg\" \/>\n<meta name=\"twitter:card\" content=\"summary_large_image\" \/>\n<meta name=\"twitter:label1\" content=\"Arvioitu lukuaika\" \/>\n\t<meta name=\"twitter:data1\" content=\"1 minuutti\" \/>\n<script type=\"application\/ld+json\" class=\"yoast-schema-graph\">{\"@context\":\"https:\/\/schema.org\",\"@graph\":[{\"@type\":\"WebPage\",\"@id\":\"https:\/\/sites.uef.fi\/ycafin\/tietoa-tutkimuksesta\/\",\"url\":\"https:\/\/sites.uef.fi\/ycafin\/tietoa-tutkimuksesta\/\",\"name\":\"Tietoa tutkimuksesta - Nuoret hoivaajat Suomessa\",\"isPartOf\":{\"@id\":\"https:\/\/sites.uef.fi\/ycafin\/#website\"},\"primaryImageOfPage\":{\"@id\":\"https:\/\/sites.uef.fi\/ycafin\/tietoa-tutkimuksesta\/#primaryimage\"},\"image\":{\"@id\":\"https:\/\/sites.uef.fi\/ycafin\/tietoa-tutkimuksesta\/#primaryimage\"},\"thumbnailUrl\":\"https:\/\/sites.uef.fi\/ycafin\/wp-content\/uploads\/sites\/504\/2024\/11\/nuori_hoivaaja_kuvapari_lopullinen-1-1024x951.jpg\",\"datePublished\":\"2024-09-23T09:48:56+00:00\",\"dateModified\":\"2024-12-18T09:47:20+00:00\",\"breadcrumb\":{\"@id\":\"https:\/\/sites.uef.fi\/ycafin\/tietoa-tutkimuksesta\/#breadcrumb\"},\"inLanguage\":\"fi\",\"potentialAction\":[{\"@type\":\"ReadAction\",\"target\":[\"https:\/\/sites.uef.fi\/ycafin\/tietoa-tutkimuksesta\/\"]}]},{\"@type\":\"ImageObject\",\"inLanguage\":\"fi\",\"@id\":\"https:\/\/sites.uef.fi\/ycafin\/tietoa-tutkimuksesta\/#primaryimage\",\"url\":\"https:\/\/sites.uef.fi\/ycafin\/wp-content\/uploads\/sites\/504\/2024\/11\/nuori_hoivaaja_kuvapari_lopullinen-1-scaled.jpg\",\"contentUrl\":\"https:\/\/sites.uef.fi\/ycafin\/wp-content\/uploads\/sites\/504\/2024\/11\/nuori_hoivaaja_kuvapari_lopullinen-1-scaled.jpg\",\"width\":2560,\"height\":2379,\"caption\":\"Piirros, jossa aikuiset makaavat sohvalla ja lapset seisovat olohuoneessa.\"},{\"@type\":\"BreadcrumbList\",\"@id\":\"https:\/\/sites.uef.fi\/ycafin\/tietoa-tutkimuksesta\/#breadcrumb\",\"itemListElement\":[{\"@type\":\"ListItem\",\"position\":1,\"name\":\"Home\",\"item\":\"https:\/\/sites.uef.fi\/ycafin\/\"},{\"@type\":\"ListItem\",\"position\":2,\"name\":\"Tietoa tutkimuksesta\"}]},{\"@type\":\"WebSite\",\"@id\":\"https:\/\/sites.uef.fi\/ycafin\/#website\",\"url\":\"https:\/\/sites.uef.fi\/ycafin\/\",\"name\":\"Nuoret hoivaajat Suomessa\",\"description\":\"\",\"potentialAction\":[{\"@type\":\"SearchAction\",\"target\":{\"@type\":\"EntryPoint\",\"urlTemplate\":\"https:\/\/sites.uef.fi\/ycafin\/?s={search_term_string}\"},\"query-input\":{\"@type\":\"PropertyValueSpecification\",\"valueRequired\":true,\"valueName\":\"search_term_string\"}}],\"inLanguage\":\"fi\"}]}<\/script>\n<!-- \/ Yoast SEO plugin. -->","yoast_head_json":{"title":"Tietoa tutkimuksesta - Nuoret hoivaajat Suomessa","robots":{"index":"index","follow":"follow","max-snippet":"max-snippet:-1","max-image-preview":"max-image-preview:large","max-video-preview":"max-video-preview:-1"},"canonical":"https:\/\/sites.uef.fi\/ycafin\/tietoa-tutkimuksesta\/","og_locale":"fi_FI","og_type":"article","og_title":"Tietoa tutkimuksesta - Nuoret hoivaajat Suomessa","og_url":"https:\/\/sites.uef.fi\/ycafin\/tietoa-tutkimuksesta\/","og_site_name":"Nuoret hoivaajat Suomessa","article_modified_time":"2024-12-18T09:47:20+00:00","og_image":[{"width":2560,"height":2379,"url":"https:\/\/sites.uef.fi\/ycafin\/wp-content\/uploads\/sites\/504\/2024\/11\/nuori_hoivaaja_kuvapari_lopullinen-1-scaled.jpg","type":"image\/jpeg"}],"twitter_card":"summary_large_image","twitter_misc":{"Arvioitu lukuaika":"1 minuutti"},"schema":{"@context":"https:\/\/schema.org","@graph":[{"@type":"WebPage","@id":"https:\/\/sites.uef.fi\/ycafin\/tietoa-tutkimuksesta\/","url":"https:\/\/sites.uef.fi\/ycafin\/tietoa-tutkimuksesta\/","name":"Tietoa tutkimuksesta - Nuoret hoivaajat Suomessa","isPartOf":{"@id":"https:\/\/sites.uef.fi\/ycafin\/#website"},"primaryImageOfPage":{"@id":"https:\/\/sites.uef.fi\/ycafin\/tietoa-tutkimuksesta\/#primaryimage"},"image":{"@id":"https:\/\/sites.uef.fi\/ycafin\/tietoa-tutkimuksesta\/#primaryimage"},"thumbnailUrl":"https:\/\/sites.uef.fi\/ycafin\/wp-content\/uploads\/sites\/504\/2024\/11\/nuori_hoivaaja_kuvapari_lopullinen-1-1024x951.jpg","datePublished":"2024-09-23T09:48:56+00:00","dateModified":"2024-12-18T09:47:20+00:00","breadcrumb":{"@id":"https:\/\/sites.uef.fi\/ycafin\/tietoa-tutkimuksesta\/#breadcrumb"},"inLanguage":"fi","potentialAction":[{"@type":"ReadAction","target":["https:\/\/sites.uef.fi\/ycafin\/tietoa-tutkimuksesta\/"]}]},{"@type":"ImageObject","inLanguage":"fi","@id":"https:\/\/sites.uef.fi\/ycafin\/tietoa-tutkimuksesta\/#primaryimage","url":"https:\/\/sites.uef.fi\/ycafin\/wp-content\/uploads\/sites\/504\/2024\/11\/nuori_hoivaaja_kuvapari_lopullinen-1-scaled.jpg","contentUrl":"https:\/\/sites.uef.fi\/ycafin\/wp-content\/uploads\/sites\/504\/2024\/11\/nuori_hoivaaja_kuvapari_lopullinen-1-scaled.jpg","width":2560,"height":2379,"caption":"Piirros, jossa aikuiset makaavat sohvalla ja lapset seisovat olohuoneessa."},{"@type":"BreadcrumbList","@id":"https:\/\/sites.uef.fi\/ycafin\/tietoa-tutkimuksesta\/#breadcrumb","itemListElement":[{"@type":"ListItem","position":1,"name":"Home","item":"https:\/\/sites.uef.fi\/ycafin\/"},{"@type":"ListItem","position":2,"name":"Tietoa tutkimuksesta"}]},{"@type":"WebSite","@id":"https:\/\/sites.uef.fi\/ycafin\/#website","url":"https:\/\/sites.uef.fi\/ycafin\/","name":"Nuoret hoivaajat Suomessa","description":"","potentialAction":[{"@type":"SearchAction","target":{"@type":"EntryPoint","urlTemplate":"https:\/\/sites.uef.fi\/ycafin\/?s={search_term_string}"},"query-input":{"@type":"PropertyValueSpecification","valueRequired":true,"valueName":"search_term_string"}}],"inLanguage":"fi"}]}},"_links":{"self":[{"href":"https:\/\/sites.uef.fi\/ycafin\/wp-json\/wp\/v2\/pages\/253","targetHints":{"allow":["GET"]}}],"collection":[{"href":"https:\/\/sites.uef.fi\/ycafin\/wp-json\/wp\/v2\/pages"}],"about":[{"href":"https:\/\/sites.uef.fi\/ycafin\/wp-json\/wp\/v2\/types\/page"}],"author":[{"embeddable":true,"href":"https:\/\/sites.uef.fi\/ycafin\/wp-json\/wp\/v2\/users\/1201"}],"replies":[{"embeddable":true,"href":"https:\/\/sites.uef.fi\/ycafin\/wp-json\/wp\/v2\/comments?post=253"}],"version-history":[{"count":2,"href":"https:\/\/sites.uef.fi\/ycafin\/wp-json\/wp\/v2\/pages\/253\/revisions"}],"predecessor-version":[{"id":1169,"href":"https:\/\/sites.uef.fi\/ycafin\/wp-json\/wp\/v2\/pages\/253\/revisions\/1169"}],"wp:attachment":[{"href":"https:\/\/sites.uef.fi\/ycafin\/wp-json\/wp\/v2\/media?parent=253"}],"curies":[{"name":"wp","href":"https:\/\/api.w.org\/{rel}","templated":true}]}}