{"id":712,"date":"2024-11-01T17:36:34","date_gmt":"2024-11-01T14:36:34","guid":{"rendered":"https:\/\/sites.uef.fi\/ycafin\/newsletter\/"},"modified":"2024-12-16T11:28:05","modified_gmt":"2024-12-16T08:28:05","slug":"newsletter","status":"publish","type":"page","link":"https:\/\/sites.uef.fi\/ycafin\/newsletter\/?lang=en","title":{"rendered":"Newsletter"},"content":{"rendered":"\n<p>Subscribe to our newsletter by clicking here:<\/p>\n\n\n\n<p>(only available in Finnish)<\/p>\n\n\n\n<div class=\"links-block\">\n\n    \n    <ul class=\"link-list\">\n        \n            \n            <li class=\"link-list-item\">\n                <a href=\"https:\/\/mailchi.mp\/ce9a0e64f792\/uutiskirje-nuoret-hoivaajat-suomessa\" class=\"link-reset link hover-scale-down\">\n                    <svg\n        width=\"43\" height=\"25\"\n        viewBox=\"0 0 43 25\"\n        xmlns=\"http:\/\/www.w3.org\/2000\/svg\">\n    <path\n        d=\"M30.027 0 43 12.5 30.027 25 27 22.083 34.351 15H0v-5h34.351L27 2.917z\"\n        fill=\"currentColor\"\n        fill-rule=\"evenodd\"\/>\n<\/svg>                    <div>Newsletter<\/div>\n                <\/a>\n                <div class=\"link-info\">\n                                    <\/div>\n            <\/li>\n\n                <\/ul>\n<\/div>\n\n\n<p>Read newsletters in your browser:<\/p>\n\n\n\n<div class=\"links-block\">\n\n    \n    <ul class=\"link-list\">\n        \n            \n            <li class=\"link-list-item\">\n                <a href=\"https:\/\/us9.campaign-archive.com\/home\/?u=221c780a0a3cef5033d046021&amp;id=aa29359d37\" class=\"link-reset link hover-scale-down\">\n                    <svg\n        width=\"43\" height=\"25\"\n        viewBox=\"0 0 43 25\"\n        xmlns=\"http:\/\/www.w3.org\/2000\/svg\">\n    <path\n        d=\"M30.027 0 43 12.5 30.027 25 27 22.083 34.351 15H0v-5h34.351L27 2.917z\"\n        fill=\"currentColor\"\n        fill-rule=\"evenodd\"\/>\n<\/svg>                    <div>Newsletter archive<\/div>\n                <\/a>\n                <div class=\"link-info\">\n                                    <\/div>\n            <\/li>\n\n                <\/ul>\n<\/div>\n\n\n<figure class=\"wp-block-image size-large\"><img loading=\"lazy\" decoding=\"async\" width=\"1024\" height=\"827\" src=\"https:\/\/sites.uef.fi\/ycafin\/wp-content\/uploads\/sites\/504\/2024\/11\/nuori_hoivaaja3_lopullinen-1024x827.jpg\" alt=\"An illustration of an old and young person at a computer.\" class=\"wp-image-998\" srcset=\"https:\/\/sites.uef.fi\/ycafin\/wp-content\/uploads\/sites\/504\/2024\/11\/nuori_hoivaaja3_lopullinen-1024x827.jpg 1024w, https:\/\/sites.uef.fi\/ycafin\/wp-content\/uploads\/sites\/504\/2024\/11\/nuori_hoivaaja3_lopullinen-300x242.jpg 300w, https:\/\/sites.uef.fi\/ycafin\/wp-content\/uploads\/sites\/504\/2024\/11\/nuori_hoivaaja3_lopullinen-768x620.jpg 768w, https:\/\/sites.uef.fi\/ycafin\/wp-content\/uploads\/sites\/504\/2024\/11\/nuori_hoivaaja3_lopullinen-1536x1240.jpg 1536w, https:\/\/sites.uef.fi\/ycafin\/wp-content\/uploads\/sites\/504\/2024\/11\/nuori_hoivaaja3_lopullinen.jpg 1948w\" sizes=\"auto, (max-width: 1024px) 100vw, 1024px\" \/><\/figure>\n","protected":false},"excerpt":{"rendered":"<p>Subscribe to our newsletter by clicking here: (only available in Finnish) Read newsletters in your browser:<\/p>\n","protected":false},"author":1202,"featured_media":0,"parent":0,"menu_order":0,"comment_status":"closed","ping_status":"closed","template":"","meta":{"_acf_changed":false,"footnotes":""},"class_list":["post-712","page","type-page","status-publish","hentry"],"acf":[],"yoast_head":"<!-- This site is optimized with the Yoast SEO plugin v27.1.1 - https:\/\/yoast.com\/product\/yoast-seo-wordpress\/ -->\n<title>Newsletter - Nuoret hoivaajat Suomessa<\/title>\n<meta name=\"robots\" content=\"index, follow, max-snippet:-1, max-image-preview:large, max-video-preview:-1\" \/>\n<link rel=\"canonical\" href=\"https:\/\/sites.uef.fi\/ycafin\/newsletter\/\" \/>\n<meta property=\"og:locale\" content=\"fi_FI\" \/>\n<meta property=\"og:type\" content=\"article\" \/>\n<meta property=\"og:title\" content=\"Newsletter - Nuoret hoivaajat Suomessa\" \/>\n<meta property=\"og:description\" content=\"Subscribe to our newsletter by clicking here: (only available in Finnish) Read newsletters in your browser:\" \/>\n<meta property=\"og:url\" content=\"https:\/\/sites.uef.fi\/ycafin\/newsletter\/?lang=en\" \/>\n<meta property=\"og:site_name\" content=\"Nuoret hoivaajat Suomessa\" \/>\n<meta property=\"article:modified_time\" content=\"2024-12-16T08:28:05+00:00\" \/>\n<meta property=\"og:image\" content=\"https:\/\/sites.uef.fi\/ycafin\/wp-content\/uploads\/sites\/504\/2024\/11\/nuori_hoivaaja3_lopullinen.jpg\" \/>\n\t<meta property=\"og:image:width\" content=\"1948\" \/>\n\t<meta property=\"og:image:height\" content=\"1573\" \/>\n\t<meta property=\"og:image:type\" content=\"image\/jpeg\" \/>\n<meta name=\"twitter:card\" content=\"summary_large_image\" \/>\n<meta name=\"twitter:label1\" content=\"Arvioitu lukuaika\" \/>\n\t<meta name=\"twitter:data1\" content=\"1 minuutti\" \/>\n<script type=\"application\/ld+json\" class=\"yoast-schema-graph\">{\"@context\":\"https:\/\/schema.org\",\"@graph\":[{\"@type\":\"WebPage\",\"@id\":\"https:\/\/sites.uef.fi\/ycafin\/newsletter\/?lang=en\",\"url\":\"https:\/\/sites.uef.fi\/ycafin\/newsletter\/?lang=en\",\"name\":\"Newsletter - Nuoret hoivaajat Suomessa\",\"isPartOf\":{\"@id\":\"https:\/\/sites.uef.fi\/ycafin\/#website\"},\"primaryImageOfPage\":{\"@id\":\"https:\/\/sites.uef.fi\/ycafin\/newsletter\/?lang=en#primaryimage\"},\"image\":{\"@id\":\"https:\/\/sites.uef.fi\/ycafin\/newsletter\/?lang=en#primaryimage\"},\"thumbnailUrl\":\"https:\/\/sites.uef.fi\/ycafin\/wp-content\/uploads\/sites\/504\/2024\/11\/nuori_hoivaaja3_lopullinen-1024x827.jpg\",\"datePublished\":\"2024-11-01T14:36:34+00:00\",\"dateModified\":\"2024-12-16T08:28:05+00:00\",\"breadcrumb\":{\"@id\":\"https:\/\/sites.uef.fi\/ycafin\/newsletter\/?lang=en#breadcrumb\"},\"inLanguage\":\"fi\",\"potentialAction\":[{\"@type\":\"ReadAction\",\"target\":[\"https:\/\/sites.uef.fi\/ycafin\/newsletter\/?lang=en\"]}]},{\"@type\":\"ImageObject\",\"inLanguage\":\"fi\",\"@id\":\"https:\/\/sites.uef.fi\/ycafin\/newsletter\/?lang=en#primaryimage\",\"url\":\"https:\/\/sites.uef.fi\/ycafin\/wp-content\/uploads\/sites\/504\/2024\/11\/nuori_hoivaaja3_lopullinen.jpg\",\"contentUrl\":\"https:\/\/sites.uef.fi\/ycafin\/wp-content\/uploads\/sites\/504\/2024\/11\/nuori_hoivaaja3_lopullinen.jpg\",\"width\":1948,\"height\":1573,\"caption\":\"Piirros vanhasta ja nuoresta ihmisest\u00e4 tietokoneen \u00e4\u00e4ress\u00e4.\"},{\"@type\":\"BreadcrumbList\",\"@id\":\"https:\/\/sites.uef.fi\/ycafin\/newsletter\/?lang=en#breadcrumb\",\"itemListElement\":[{\"@type\":\"ListItem\",\"position\":1,\"name\":\"Home\",\"item\":\"https:\/\/sites.uef.fi\/ycafin\/\"},{\"@type\":\"ListItem\",\"position\":2,\"name\":\"Newsletter\"}]},{\"@type\":\"WebSite\",\"@id\":\"https:\/\/sites.uef.fi\/ycafin\/#website\",\"url\":\"https:\/\/sites.uef.fi\/ycafin\/\",\"name\":\"Nuoret hoivaajat Suomessa\",\"description\":\"\",\"potentialAction\":[{\"@type\":\"SearchAction\",\"target\":{\"@type\":\"EntryPoint\",\"urlTemplate\":\"https:\/\/sites.uef.fi\/ycafin\/?s={search_term_string}\"},\"query-input\":{\"@type\":\"PropertyValueSpecification\",\"valueRequired\":true,\"valueName\":\"search_term_string\"}}],\"inLanguage\":\"fi\"}]}<\/script>\n<!-- \/ Yoast SEO plugin. -->","yoast_head_json":{"title":"Newsletter - Nuoret hoivaajat Suomessa","robots":{"index":"index","follow":"follow","max-snippet":"max-snippet:-1","max-image-preview":"max-image-preview:large","max-video-preview":"max-video-preview:-1"},"canonical":"https:\/\/sites.uef.fi\/ycafin\/newsletter\/","og_locale":"fi_FI","og_type":"article","og_title":"Newsletter - Nuoret hoivaajat Suomessa","og_description":"Subscribe to our newsletter by clicking here: (only available in Finnish) Read newsletters in your browser:","og_url":"https:\/\/sites.uef.fi\/ycafin\/newsletter\/?lang=en","og_site_name":"Nuoret hoivaajat Suomessa","article_modified_time":"2024-12-16T08:28:05+00:00","og_image":[{"width":1948,"height":1573,"url":"https:\/\/sites.uef.fi\/ycafin\/wp-content\/uploads\/sites\/504\/2024\/11\/nuori_hoivaaja3_lopullinen.jpg","type":"image\/jpeg"}],"twitter_card":"summary_large_image","twitter_misc":{"Arvioitu lukuaika":"1 minuutti"},"schema":{"@context":"https:\/\/schema.org","@graph":[{"@type":"WebPage","@id":"https:\/\/sites.uef.fi\/ycafin\/newsletter\/?lang=en","url":"https:\/\/sites.uef.fi\/ycafin\/newsletter\/?lang=en","name":"Newsletter - Nuoret hoivaajat Suomessa","isPartOf":{"@id":"https:\/\/sites.uef.fi\/ycafin\/#website"},"primaryImageOfPage":{"@id":"https:\/\/sites.uef.fi\/ycafin\/newsletter\/?lang=en#primaryimage"},"image":{"@id":"https:\/\/sites.uef.fi\/ycafin\/newsletter\/?lang=en#primaryimage"},"thumbnailUrl":"https:\/\/sites.uef.fi\/ycafin\/wp-content\/uploads\/sites\/504\/2024\/11\/nuori_hoivaaja3_lopullinen-1024x827.jpg","datePublished":"2024-11-01T14:36:34+00:00","dateModified":"2024-12-16T08:28:05+00:00","breadcrumb":{"@id":"https:\/\/sites.uef.fi\/ycafin\/newsletter\/?lang=en#breadcrumb"},"inLanguage":"fi","potentialAction":[{"@type":"ReadAction","target":["https:\/\/sites.uef.fi\/ycafin\/newsletter\/?lang=en"]}]},{"@type":"ImageObject","inLanguage":"fi","@id":"https:\/\/sites.uef.fi\/ycafin\/newsletter\/?lang=en#primaryimage","url":"https:\/\/sites.uef.fi\/ycafin\/wp-content\/uploads\/sites\/504\/2024\/11\/nuori_hoivaaja3_lopullinen.jpg","contentUrl":"https:\/\/sites.uef.fi\/ycafin\/wp-content\/uploads\/sites\/504\/2024\/11\/nuori_hoivaaja3_lopullinen.jpg","width":1948,"height":1573,"caption":"Piirros vanhasta ja nuoresta ihmisest\u00e4 tietokoneen \u00e4\u00e4ress\u00e4."},{"@type":"BreadcrumbList","@id":"https:\/\/sites.uef.fi\/ycafin\/newsletter\/?lang=en#breadcrumb","itemListElement":[{"@type":"ListItem","position":1,"name":"Home","item":"https:\/\/sites.uef.fi\/ycafin\/"},{"@type":"ListItem","position":2,"name":"Newsletter"}]},{"@type":"WebSite","@id":"https:\/\/sites.uef.fi\/ycafin\/#website","url":"https:\/\/sites.uef.fi\/ycafin\/","name":"Nuoret hoivaajat Suomessa","description":"","potentialAction":[{"@type":"SearchAction","target":{"@type":"EntryPoint","urlTemplate":"https:\/\/sites.uef.fi\/ycafin\/?s={search_term_string}"},"query-input":{"@type":"PropertyValueSpecification","valueRequired":true,"valueName":"search_term_string"}}],"inLanguage":"fi"}]}},"_links":{"self":[{"href":"https:\/\/sites.uef.fi\/ycafin\/wp-json\/wp\/v2\/pages\/712","targetHints":{"allow":["GET"]}}],"collection":[{"href":"https:\/\/sites.uef.fi\/ycafin\/wp-json\/wp\/v2\/pages"}],"about":[{"href":"https:\/\/sites.uef.fi\/ycafin\/wp-json\/wp\/v2\/types\/page"}],"author":[{"embeddable":true,"href":"https:\/\/sites.uef.fi\/ycafin\/wp-json\/wp\/v2\/users\/1202"}],"replies":[{"embeddable":true,"href":"https:\/\/sites.uef.fi\/ycafin\/wp-json\/wp\/v2\/comments?post=712"}],"version-history":[{"count":1,"href":"https:\/\/sites.uef.fi\/ycafin\/wp-json\/wp\/v2\/pages\/712\/revisions"}],"predecessor-version":[{"id":1137,"href":"https:\/\/sites.uef.fi\/ycafin\/wp-json\/wp\/v2\/pages\/712\/revisions\/1137"}],"wp:attachment":[{"href":"https:\/\/sites.uef.fi\/ycafin\/wp-json\/wp\/v2\/media?parent=712"}],"curies":[{"name":"wp","href":"https:\/\/api.w.org\/{rel}","templated":true}]}}