{"id":70,"date":"2023-03-31T09:15:08","date_gmt":"2023-03-31T07:15:08","guid":{"rendered":"https:\/\/sites.uef.fi\/yhys2023\/?page_id=70"},"modified":"2023-10-09T10:46:02","modified_gmt":"2023-10-09T08:46:02","slug":"keynotes","status":"publish","type":"page","link":"https:\/\/sites.uef.fi\/yhys2023\/keynotes\/","title":{"rendered":"Keynotes"},"content":{"rendered":"\n<h3 class=\"wp-block-heading\">Keynote speakers at YHYS Colloquium 2023<\/h3>\n\n\n\n<figure class=\"wp-block-gallery has-nested-images columns-default is-cropped wp-block-gallery-1 is-layout-flex wp-block-gallery-is-layout-flex\">\n<figure class=\"wp-block-image size-full is-style-default\"><img loading=\"lazy\" decoding=\"async\" width=\"265\" height=\"301\" data-id=\"592\" src=\"https:\/\/sites.uef.fi\/yhys2023\/wp-content\/uploads\/sites\/411\/2023\/04\/Picture1.jpg\" alt=\"\" class=\"wp-image-592\" \/><figcaption class=\"wp-element-caption\">Ulrich Brand<\/figcaption><\/figure>\n\n\n\n<figure class=\"wp-block-image size-large\"><img loading=\"lazy\" decoding=\"async\" width=\"683\" height=\"1024\" data-id=\"571\" src=\"https:\/\/sites.uef.fi\/yhys2023\/wp-content\/uploads\/sites\/411\/2023\/04\/patience_mususa_hires-683x1024.jpg\" alt=\"\" class=\"wp-image-571\" srcset=\"https:\/\/sites.uef.fi\/yhys2023\/wp-content\/uploads\/sites\/411\/2023\/04\/patience_mususa_hires-683x1024.jpg 683w, https:\/\/sites.uef.fi\/yhys2023\/wp-content\/uploads\/sites\/411\/2023\/04\/patience_mususa_hires-200x300.jpg 200w, https:\/\/sites.uef.fi\/yhys2023\/wp-content\/uploads\/sites\/411\/2023\/04\/patience_mususa_hires-768x1152.jpg 768w, https:\/\/sites.uef.fi\/yhys2023\/wp-content\/uploads\/sites\/411\/2023\/04\/patience_mususa_hires-1024x1536.jpg 1024w, https:\/\/sites.uef.fi\/yhys2023\/wp-content\/uploads\/sites\/411\/2023\/04\/patience_mususa_hires-1365x2048.jpg 1365w, https:\/\/sites.uef.fi\/yhys2023\/wp-content\/uploads\/sites\/411\/2023\/04\/patience_mususa_hires-scaled.jpg 1706w\" sizes=\"auto, (max-width: 683px) 100vw, 683px\" \/><figcaption class=\"wp-element-caption\">Patience Mususa<\/figcaption><\/figure>\n\n\n\n<figure class=\"wp-block-image size-large\"><img loading=\"lazy\" decoding=\"async\" width=\"682\" height=\"1024\" data-id=\"526\" src=\"https:\/\/sites.uef.fi\/yhys2023\/wp-content\/uploads\/sites\/411\/2023\/04\/Ville-Lahde-3-682x1024.jpg\" alt=\"\" class=\"wp-image-526\" srcset=\"https:\/\/sites.uef.fi\/yhys2023\/wp-content\/uploads\/sites\/411\/2023\/04\/Ville-Lahde-3-682x1024.jpg 682w, https:\/\/sites.uef.fi\/yhys2023\/wp-content\/uploads\/sites\/411\/2023\/04\/Ville-Lahde-3-200x300.jpg 200w, https:\/\/sites.uef.fi\/yhys2023\/wp-content\/uploads\/sites\/411\/2023\/04\/Ville-Lahde-3-768x1154.jpg 768w, https:\/\/sites.uef.fi\/yhys2023\/wp-content\/uploads\/sites\/411\/2023\/04\/Ville-Lahde-3-1022x1536.jpg 1022w, https:\/\/sites.uef.fi\/yhys2023\/wp-content\/uploads\/sites\/411\/2023\/04\/Ville-Lahde-3-1363x2048.jpg 1363w, https:\/\/sites.uef.fi\/yhys2023\/wp-content\/uploads\/sites\/411\/2023\/04\/Ville-Lahde-3-scaled.jpg 1704w\" sizes=\"auto, (max-width: 682px) 100vw, 682px\" \/><figcaption class=\"wp-element-caption\">Ville L\u00e4hde<\/figcaption><\/figure>\n<\/figure>\n\n\n\n<p><\/p>\n\n\n\n<h4 class=\"wp-block-heading\">Ulrich Brand, Professor<\/h4>\n\n\n\n<h3 class=\"wp-block-heading\">Keynote: Eco-social reconstruction as horizon for emancipatory social-ecological transformations<\/h3>\n\n\n\n<p><strong>Ulrich Brand<\/strong>, Professor of International Politics at the University of Vienna. He has a Ph.D. from Goethe University Frankfurt\/Main and finished successfully his habilitation at the University of Kassel, Germany. He does research and teaches in the areas of critical social theory \u2013 particularly regulation theory, state theory, and political ecology &#8211; globalization studies, international environmental and resource politics, Latin America, social-ecological transformations, and degrowth. <\/p>\n\n\n\n<p>Together with Markus Wissen he coined the concept \u201cimperial mode of living\u201d. A book on the topic, published with Verso, was translated into eleven languages. Since 2018, he is head of the Latin America Research Network at the University of Vienna. Currently, he is also a member of the Sustainability Board of his university and the recently established Environment and Climate Hub. Brand is editor of the monthly \u201cBl\u00e4tter f\u00fcr deutsche und international Politik\u201d, a member of Rosa Luxemburg Foundation, and co-founder and member of the Assoziation f\u00fcr kritische Gesellschaftsforschung (Association for Critical Social Research, AkG) as well as co-founder and member of \u201c<a href=\"https:\/\/www.diskurs-wissenschaftsnetz.at\/\">Diskurs. The Science Network<\/a>\u201d.<\/p>\n\n\n\n<p>More information: <a href=\"https:\/\/eur03.safelinks.protection.outlook.com\/?url=https%3A%2F%2Fintpol.univie.ac.at%2Fteam%2Fulrich-brand%2F&amp;data=05%7C01%7C%7C1ae396cc48404eccdbaf08db5b7f6f0c%7C87879f2e73044bf2baf263e7f83f3c34%7C0%7C0%7C638204375107832174%7CUnknown%7CTWFpbGZsb3d8eyJWIjoiMC4wLjAwMDAiLCJQIjoiV2luMzIiLCJBTiI6Ik1haWwiLCJXVCI6Mn0%3D%7C3000%7C%7C%7C&amp;sdata=O2VllCIpa7wk8ZYyFCygVRgmeG9P4TLunSMck2x5Wxc%3D&amp;reserved=0\">https:\/\/intpol.univie.ac.at\/team\/ulrich-brand\/<\/a><\/p>\n\n\n\n<p>Ulrich Brand in <a href=\"http:\/\/orcid.org\/0000-0002-5760-4652\">ORCID<\/a><\/p>\n\n\n\n<hr class=\"wp-block-separator has-alpha-channel-opacity\" \/>\n\n\n\n<h4 class=\"wp-block-heading\">Patience Mususa, Ph.D. and senior researcher<\/h4>\n\n\n\n<h3 class=\"wp-block-heading\">Keynote: The Political Economy of Conviviality in Times of Crisis<\/h3>\n\n\n\n<p><strong>Patience Mususa<\/strong> is Senior Researcher at the Nordic Africa Institute, Uppsala. Her research focuses on mining, welfare, and urbanization covering issues of inequality, social, economic, and environmental change and with a regional focus on southern central Africa. <\/p>\n\n\n\n<p>Mususa is the author of the monograph <strong><a href=\"https:\/\/open.uct.ac.za\/handle\/11427\/9291\">There Used to Be Order: Life on the Copperbelt after the privatisation of the Zambia Consolidated Copper Mines<\/a><\/strong> (Ann Arbor: University of Michigan Press, 2021) which explores the experience of middle-income decline amid an economic crisis compounded by the retreat of state welfare and an HIV\/AIDS epidemic. She is also co-editor together with Stephen Marr of the book <a href=\"https:\/\/www.bloomsbury.com\/us\/diy-urbanism-in-africa-9781786999016\/\"><strong>DIY Urbanism in Africa: Politics and Practice<\/strong><\/a><em> <\/em>(London: Bloomsbury, expected November 2023). <\/p>\n\n\n\n<p>Mususa has previously worked in architectural practice in Zambia and taught at the University of Cape Town and the Copperbelt University in anthropology and architecture respectively.<\/p>\n\n\n\n<p>Profile: <a href=\"https:\/\/nai.uu.se\/about-us\/person\/patience-mususa.html\">https:\/\/nai.uu.se\/about-us\/person\/patience-mususa.html<\/a>&nbsp; &nbsp;<\/p>\n\n\n\n<p>Twitter: <a href=\"https:\/\/twitter.com\/patiencemususa\">@PatienceMususa<\/a><\/p>\n\n\n\n<p>Patience Mususa in <a href=\"https:\/\/orcid.org\/0000-0002-8416-2642\">ORCID<\/a><\/p>\n\n\n\n<hr class=\"wp-block-separator has-alpha-channel-opacity\" \/>\n\n\n\n<h4 class=\"wp-block-heading\">Ville L\u00e4hde, PhD and researcher<\/h4>\n\n\n\n<h3 class=\"wp-block-heading\">Keynote: The Case for Polycrisis as a keyword of our interconnected times<\/h3>\n\n\n\n<p><strong>Ville L\u00e4hde<\/strong>&nbsp;(born 1972) is a Finnish environmental researcher, philosopher, author, and science journalist, currently living in Lemp\u00e4\u00e4l\u00e4. He studied philosophy and environmental policy at Tampere University. His 2008 dissertation&nbsp;Rousseau\u2019s Rhetoric of \u2018Nature\u2019&nbsp;handled the varied meanings of the word \u201cnature\u201d and its use in moral and political disputes. During his years as a researcher of environmental policy, he contributed to the book&nbsp;<a href=\"https:\/\/www.dukeupress.edu\/how-nature-speaks\"><strong>How Nature Speaks<\/strong><\/a>&nbsp;(Duke University Press, 2006).<\/p>\n\n\n\n<p>During 2010\u20132012 L\u00e4hde was the chief editor of the journal&nbsp;<a href=\"https:\/\/www.netn.fi\/lehti\"><strong>niin &amp; n\u00e4in<\/strong><\/a>, having been part of the journalist crew since 2001. He continues to write for the journal and is the chairman of Eurooppalaisen filosofian seura ry, the society that publishes the journal and a book series.<\/p>\n\n\n\n<p>His widely acclaimed book&nbsp;<a href=\"http:\/\/www.villelahde.fi\/niukkuuden-maailmassa\/\"><strong>Niukkuuden maailmassa<\/strong><\/a>&nbsp;(niin &amp; n\u00e4in, 2013) handled the issues of resource scarcity, and the next book&nbsp;<a href=\"http:\/\/www.villelahde.fi\/paljon-liikkuvia-osia\/\"><strong>Paljon liikkuvia osia<\/strong><\/a>&nbsp;(Savukeidas, 2015) addressed the problem of polarization in public debates, both as a problem in itself and as a conscious rhetorical strategy.<\/p>\n\n\n\n<p>Currently, Ville L\u00e4hde is working for the independent multidisciplinary research unit&nbsp;<a href=\"https:\/\/bios.fi\/\">BIOS<\/a>. Its areas of interest are environmental and resource problems. The researchers of BIOS both do research and engage in public discussion and education.<\/p>\n\n\n\n<p>During his long and varied career in environmental issues, philosophy, and other fields, L\u00e4hde has published circa 300 texts ranging from journal articles to book reviews, short stories, and newspaper columns. His young adult fantasy novel&nbsp;<strong>Noitatorvi<\/strong>&nbsp;was published in 1988.<\/p>\n\n\n\n<p>In addition to his writing and active lecturing around Finland, Ville L\u00e4hde tends to the old family garden with his dear wife and is a prolific food blogger.<\/p>\n\n\n\n<p>Ville L\u00e4hde in <a href=\"https:\/\/orcid.org\/0000-0003-1214-0484\">ORCID<\/a><\/p>\n","protected":false},"excerpt":{"rendered":"<p>Keynote speakers at YHYS Colloquium 2023 Ulrich Brand, Professor Keynote: Eco-social reconstruction as horizon for emancipatory social-ecological transformations Ulrich Brand, Professor of International Politics at the University of Vienna. He has a Ph.D. from Goethe University Frankfurt\/Main and finished successfully his habilitation at the University of Kassel, Germany. He does research and teaches in the [&hellip;]<\/p>\n","protected":false},"author":949,"featured_media":0,"parent":0,"menu_order":0,"comment_status":"closed","ping_status":"closed","template":"","meta":{"_acf_changed":false,"footnotes":""},"class_list":["post-70","page","type-page","status-publish","hentry"],"acf":[],"yoast_head":"<!-- This site is optimized with the Yoast SEO plugin v27.1.1 - https:\/\/yoast.com\/product\/yoast-seo-wordpress\/ -->\n<title>Keynotes - YHYS Colloquium 2023<\/title>\n<meta name=\"robots\" content=\"index, follow, max-snippet:-1, max-image-preview:large, max-video-preview:-1\" \/>\n<link rel=\"canonical\" href=\"https:\/\/sites.uef.fi\/yhys2023\/keynotes\/\" \/>\n<meta property=\"og:locale\" content=\"en_US\" \/>\n<meta property=\"og:type\" content=\"article\" \/>\n<meta property=\"og:title\" content=\"Keynotes - YHYS Colloquium 2023\" \/>\n<meta property=\"og:description\" content=\"Keynote speakers at YHYS Colloquium 2023 Ulrich Brand, Professor Keynote: Eco-social reconstruction as horizon for emancipatory social-ecological transformations Ulrich Brand, Professor of International Politics at the University of Vienna. He has a Ph.D. from Goethe University Frankfurt\/Main and finished successfully his habilitation at the University of Kassel, Germany. He does research and teaches in the [&hellip;]\" \/>\n<meta property=\"og:url\" content=\"https:\/\/sites.uef.fi\/yhys2023\/keynotes\/\" \/>\n<meta property=\"og:site_name\" content=\"YHYS Colloquium 2023\" \/>\n<meta property=\"article:modified_time\" content=\"2023-10-09T08:46:02+00:00\" \/>\n<meta property=\"og:image\" content=\"https:\/\/sites.uef.fi\/yhys2023\/wp-content\/uploads\/sites\/411\/2023\/04\/Picture1.jpg\" \/>\n<meta name=\"twitter:card\" content=\"summary_large_image\" \/>\n<meta name=\"twitter:label1\" content=\"Est. reading time\" \/>\n\t<meta name=\"twitter:data1\" content=\"4 minutes\" \/>\n<script type=\"application\/ld+json\" class=\"yoast-schema-graph\">{\"@context\":\"https:\/\/schema.org\",\"@graph\":[{\"@type\":\"WebPage\",\"@id\":\"https:\/\/sites.uef.fi\/yhys2023\/keynotes\/\",\"url\":\"https:\/\/sites.uef.fi\/yhys2023\/keynotes\/\",\"name\":\"Keynotes - YHYS Colloquium 2023\",\"isPartOf\":{\"@id\":\"https:\/\/sites.uef.fi\/yhys2023\/#website\"},\"primaryImageOfPage\":{\"@id\":\"https:\/\/sites.uef.fi\/yhys2023\/keynotes\/#primaryimage\"},\"image\":{\"@id\":\"https:\/\/sites.uef.fi\/yhys2023\/keynotes\/#primaryimage\"},\"thumbnailUrl\":\"https:\/\/sites.uef.fi\/yhys2023\/wp-content\/uploads\/sites\/411\/2023\/04\/Picture1.jpg\",\"datePublished\":\"2023-03-31T07:15:08+00:00\",\"dateModified\":\"2023-10-09T08:46:02+00:00\",\"breadcrumb\":{\"@id\":\"https:\/\/sites.uef.fi\/yhys2023\/keynotes\/#breadcrumb\"},\"inLanguage\":\"en-US\",\"potentialAction\":[{\"@type\":\"ReadAction\",\"target\":[\"https:\/\/sites.uef.fi\/yhys2023\/keynotes\/\"]}]},{\"@type\":\"ImageObject\",\"inLanguage\":\"en-US\",\"@id\":\"https:\/\/sites.uef.fi\/yhys2023\/keynotes\/#primaryimage\",\"url\":\"https:\/\/sites.uef.fi\/yhys2023\/wp-content\/uploads\/sites\/411\/2023\/04\/Picture1.jpg\",\"contentUrl\":\"https:\/\/sites.uef.fi\/yhys2023\/wp-content\/uploads\/sites\/411\/2023\/04\/Picture1.jpg\",\"width\":265,\"height\":301},{\"@type\":\"BreadcrumbList\",\"@id\":\"https:\/\/sites.uef.fi\/yhys2023\/keynotes\/#breadcrumb\",\"itemListElement\":[{\"@type\":\"ListItem\",\"position\":1,\"name\":\"Home\",\"item\":\"https:\/\/sites.uef.fi\/yhys2023\/\"},{\"@type\":\"ListItem\",\"position\":2,\"name\":\"Keynotes\"}]},{\"@type\":\"WebSite\",\"@id\":\"https:\/\/sites.uef.fi\/yhys2023\/#website\",\"url\":\"https:\/\/sites.uef.fi\/yhys2023\/\",\"name\":\"YHYS Colloquium 2023\",\"description\":\"\",\"publisher\":{\"@id\":\"https:\/\/sites.uef.fi\/yhys2023\/#organization\"},\"potentialAction\":[{\"@type\":\"SearchAction\",\"target\":{\"@type\":\"EntryPoint\",\"urlTemplate\":\"https:\/\/sites.uef.fi\/yhys2023\/?s={search_term_string}\"},\"query-input\":{\"@type\":\"PropertyValueSpecification\",\"valueRequired\":true,\"valueName\":\"search_term_string\"}}],\"inLanguage\":\"en-US\"},{\"@type\":\"Organization\",\"@id\":\"https:\/\/sites.uef.fi\/yhys2023\/#organization\",\"name\":\"YHYS Colloquium 2023\",\"url\":\"https:\/\/sites.uef.fi\/yhys2023\/\",\"logo\":{\"@type\":\"ImageObject\",\"inLanguage\":\"en-US\",\"@id\":\"https:\/\/sites.uef.fi\/yhys2023\/#\/schema\/logo\/image\/\",\"url\":\"https:\/\/sites.uef.fi\/yhys2023\/wp-content\/uploads\/sites\/411\/2023\/03\/cropped-UEF_wordpress_white.png\",\"contentUrl\":\"https:\/\/sites.uef.fi\/yhys2023\/wp-content\/uploads\/sites\/411\/2023\/03\/cropped-UEF_wordpress_white.png\",\"width\":250,\"height\":250,\"caption\":\"YHYS Colloquium 2023\"},\"image\":{\"@id\":\"https:\/\/sites.uef.fi\/yhys2023\/#\/schema\/logo\/image\/\"}}]}<\/script>\n<!-- \/ Yoast SEO plugin. -->","yoast_head_json":{"title":"Keynotes - YHYS Colloquium 2023","robots":{"index":"index","follow":"follow","max-snippet":"max-snippet:-1","max-image-preview":"max-image-preview:large","max-video-preview":"max-video-preview:-1"},"canonical":"https:\/\/sites.uef.fi\/yhys2023\/keynotes\/","og_locale":"en_US","og_type":"article","og_title":"Keynotes - YHYS Colloquium 2023","og_description":"Keynote speakers at YHYS Colloquium 2023 Ulrich Brand, Professor Keynote: Eco-social reconstruction as horizon for emancipatory social-ecological transformations Ulrich Brand, Professor of International Politics at the University of Vienna. He has a Ph.D. from Goethe University Frankfurt\/Main and finished successfully his habilitation at the University of Kassel, Germany. He does research and teaches in the [&hellip;]","og_url":"https:\/\/sites.uef.fi\/yhys2023\/keynotes\/","og_site_name":"YHYS Colloquium 2023","article_modified_time":"2023-10-09T08:46:02+00:00","og_image":[{"url":"https:\/\/sites.uef.fi\/yhys2023\/wp-content\/uploads\/sites\/411\/2023\/04\/Picture1.jpg","type":"","width":"","height":""}],"twitter_card":"summary_large_image","twitter_misc":{"Est. reading time":"4 minutes"},"schema":{"@context":"https:\/\/schema.org","@graph":[{"@type":"WebPage","@id":"https:\/\/sites.uef.fi\/yhys2023\/keynotes\/","url":"https:\/\/sites.uef.fi\/yhys2023\/keynotes\/","name":"Keynotes - YHYS Colloquium 2023","isPartOf":{"@id":"https:\/\/sites.uef.fi\/yhys2023\/#website"},"primaryImageOfPage":{"@id":"https:\/\/sites.uef.fi\/yhys2023\/keynotes\/#primaryimage"},"image":{"@id":"https:\/\/sites.uef.fi\/yhys2023\/keynotes\/#primaryimage"},"thumbnailUrl":"https:\/\/sites.uef.fi\/yhys2023\/wp-content\/uploads\/sites\/411\/2023\/04\/Picture1.jpg","datePublished":"2023-03-31T07:15:08+00:00","dateModified":"2023-10-09T08:46:02+00:00","breadcrumb":{"@id":"https:\/\/sites.uef.fi\/yhys2023\/keynotes\/#breadcrumb"},"inLanguage":"en-US","potentialAction":[{"@type":"ReadAction","target":["https:\/\/sites.uef.fi\/yhys2023\/keynotes\/"]}]},{"@type":"ImageObject","inLanguage":"en-US","@id":"https:\/\/sites.uef.fi\/yhys2023\/keynotes\/#primaryimage","url":"https:\/\/sites.uef.fi\/yhys2023\/wp-content\/uploads\/sites\/411\/2023\/04\/Picture1.jpg","contentUrl":"https:\/\/sites.uef.fi\/yhys2023\/wp-content\/uploads\/sites\/411\/2023\/04\/Picture1.jpg","width":265,"height":301},{"@type":"BreadcrumbList","@id":"https:\/\/sites.uef.fi\/yhys2023\/keynotes\/#breadcrumb","itemListElement":[{"@type":"ListItem","position":1,"name":"Home","item":"https:\/\/sites.uef.fi\/yhys2023\/"},{"@type":"ListItem","position":2,"name":"Keynotes"}]},{"@type":"WebSite","@id":"https:\/\/sites.uef.fi\/yhys2023\/#website","url":"https:\/\/sites.uef.fi\/yhys2023\/","name":"YHYS Colloquium 2023","description":"","publisher":{"@id":"https:\/\/sites.uef.fi\/yhys2023\/#organization"},"potentialAction":[{"@type":"SearchAction","target":{"@type":"EntryPoint","urlTemplate":"https:\/\/sites.uef.fi\/yhys2023\/?s={search_term_string}"},"query-input":{"@type":"PropertyValueSpecification","valueRequired":true,"valueName":"search_term_string"}}],"inLanguage":"en-US"},{"@type":"Organization","@id":"https:\/\/sites.uef.fi\/yhys2023\/#organization","name":"YHYS Colloquium 2023","url":"https:\/\/sites.uef.fi\/yhys2023\/","logo":{"@type":"ImageObject","inLanguage":"en-US","@id":"https:\/\/sites.uef.fi\/yhys2023\/#\/schema\/logo\/image\/","url":"https:\/\/sites.uef.fi\/yhys2023\/wp-content\/uploads\/sites\/411\/2023\/03\/cropped-UEF_wordpress_white.png","contentUrl":"https:\/\/sites.uef.fi\/yhys2023\/wp-content\/uploads\/sites\/411\/2023\/03\/cropped-UEF_wordpress_white.png","width":250,"height":250,"caption":"YHYS Colloquium 2023"},"image":{"@id":"https:\/\/sites.uef.fi\/yhys2023\/#\/schema\/logo\/image\/"}}]}},"_links":{"self":[{"href":"https:\/\/sites.uef.fi\/yhys2023\/wp-json\/wp\/v2\/pages\/70","targetHints":{"allow":["GET"]}}],"collection":[{"href":"https:\/\/sites.uef.fi\/yhys2023\/wp-json\/wp\/v2\/pages"}],"about":[{"href":"https:\/\/sites.uef.fi\/yhys2023\/wp-json\/wp\/v2\/types\/page"}],"author":[{"embeddable":true,"href":"https:\/\/sites.uef.fi\/yhys2023\/wp-json\/wp\/v2\/users\/949"}],"replies":[{"embeddable":true,"href":"https:\/\/sites.uef.fi\/yhys2023\/wp-json\/wp\/v2\/comments?post=70"}],"version-history":[{"count":1,"href":"https:\/\/sites.uef.fi\/yhys2023\/wp-json\/wp\/v2\/pages\/70\/revisions"}],"predecessor-version":[{"id":1670,"href":"https:\/\/sites.uef.fi\/yhys2023\/wp-json\/wp\/v2\/pages\/70\/revisions\/1670"}],"wp:attachment":[{"href":"https:\/\/sites.uef.fi\/yhys2023\/wp-json\/wp\/v2\/media?parent=70"}],"curies":[{"name":"wp","href":"https:\/\/api.w.org\/{rel}","templated":true}]}}