{"id":280,"date":"2020-08-20T14:39:52","date_gmt":"2020-08-20T11:39:52","guid":{"rendered":"https:\/\/sites.uef.fi\/yritystaoppimisymparistoihin\/?page_id=280"},"modified":"2024-02-08T09:04:55","modified_gmt":"2024-02-08T07:04:55","slug":"lautasuon-paivakoti","status":"publish","type":"page","link":"https:\/\/sites.uef.fi\/yritystaoppimisymparistoihin\/yhteistyossa\/koulutusorganisaatiot\/lautasuon-paivakoti\/","title":{"rendered":"Lautasuon p\u00e4iv\u00e4koti"},"content":{"rendered":"\n<p>Lautasuon p\u00e4iv\u00e4kodilla on&nbsp;kolme sisarusryhm\u00e4\u00e4.<\/p>\n\n\n\n<p><em>&#8220;Yhteis\u00f6llisyys on yksi Lautasuon p\u00e4iv\u00e4kodin toimintaperiaatteista: koko talo on lapsia varten ja kaikki aikuiset toimivat kaikkien lasten kanssa. Sis\u00e4tilojen leikki-, liikunta- ja taidealueet ovat yhteisess\u00e4 k\u00e4yt\u00f6ss\u00e4. Lapset saavat valita tekemisens\u00e4 omien mielenkiinnon kohteidensa perusteella ja aikuiset ohjaavat pienryhm\u00e4toimintaa. P\u00e4iv\u00e4kodin ymp\u00e4rist\u00f6ss\u00e4 on hyv\u00e4t ulkoilu- ja liikuntamahdollisuudet kes\u00e4ll\u00e4 ja talvella. Kes\u00e4ll\u00e4 p\u00e4iv\u00e4kodin pihapiiriin muuttavat kes\u00e4kanat. Lapset kasvattavat kasvihuoneessa erilaisia kasveja.&#8221;<\/em><\/p>\n\n\n\n<p>Lis\u00e4tietoja:<br><a href=\"https:\/\/www.liperi.fi\/lautasuon-paivakoti\">P\u00e4iv\u00e4kodin kotisivut<\/a><\/p>\n","protected":false},"excerpt":{"rendered":"<p>Lautasuon p\u00e4iv\u00e4kodilla on&nbsp;kolme sisarusryhm\u00e4\u00e4. &#8220;Yhteis\u00f6llisyys on yksi Lautasuon p\u00e4iv\u00e4kodin toimintaperiaatteista: koko talo on lapsia varten ja kaikki aikuiset toimivat kaikkien lasten kanssa. Sis\u00e4tilojen leikki-, liikunta- ja taidealueet ovat yhteisess\u00e4 k\u00e4yt\u00f6ss\u00e4. Lapset saavat valita tekemisens\u00e4 omien mielenkiinnon kohteidensa perusteella ja aikuiset ohjaavat pienryhm\u00e4toimintaa. P\u00e4iv\u00e4kodin ymp\u00e4rist\u00f6ss\u00e4 on hyv\u00e4t ulkoilu- ja liikuntamahdollisuudet kes\u00e4ll\u00e4 ja talvella. Kes\u00e4ll\u00e4 p\u00e4iv\u00e4kodin pihapiiriin [&hellip;]<\/p>\n","protected":false},"author":98,"featured_media":0,"parent":244,"menu_order":1,"comment_status":"closed","ping_status":"closed","template":"","meta":{"_acf_changed":false,"_monsterinsights_skip_tracking":false,"_monsterinsights_sitenote_active":false,"_monsterinsights_sitenote_note":"","_monsterinsights_sitenote_category":0,"footnotes":""},"class_list":["post-280","page","type-page","status-publish","hentry"],"acf":[],"yoast_head":"<!-- This site is optimized with the Yoast SEO plugin v27.3 - https:\/\/yoast.com\/product\/yoast-seo-wordpress\/ -->\n<title>Lautasuon p\u00e4iv\u00e4koti - Yrityst\u00e4 oppimisymp\u00e4rist\u00f6ihin<\/title>\n<meta name=\"robots\" content=\"index, follow, max-snippet:-1, max-image-preview:large, max-video-preview:-1\" \/>\n<link rel=\"canonical\" href=\"https:\/\/sites.uef.fi\/yritystaoppimisymparistoihin\/yhteistyossa\/koulutusorganisaatiot\/lautasuon-paivakoti\/\" \/>\n<meta property=\"og:locale\" content=\"en_US\" \/>\n<meta property=\"og:type\" content=\"article\" \/>\n<meta property=\"og:title\" content=\"Lautasuon p\u00e4iv\u00e4koti - Yrityst\u00e4 oppimisymp\u00e4rist\u00f6ihin\" \/>\n<meta property=\"og:description\" content=\"Lautasuon p\u00e4iv\u00e4kodilla on&nbsp;kolme sisarusryhm\u00e4\u00e4. &#8220;Yhteis\u00f6llisyys on yksi Lautasuon p\u00e4iv\u00e4kodin toimintaperiaatteista: koko talo on lapsia varten ja kaikki aikuiset toimivat kaikkien lasten kanssa. Sis\u00e4tilojen leikki-, liikunta- ja taidealueet ovat yhteisess\u00e4 k\u00e4yt\u00f6ss\u00e4. Lapset saavat valita tekemisens\u00e4 omien mielenkiinnon kohteidensa perusteella ja aikuiset ohjaavat pienryhm\u00e4toimintaa. P\u00e4iv\u00e4kodin ymp\u00e4rist\u00f6ss\u00e4 on hyv\u00e4t ulkoilu- ja liikuntamahdollisuudet kes\u00e4ll\u00e4 ja talvella. Kes\u00e4ll\u00e4 p\u00e4iv\u00e4kodin pihapiiriin [&hellip;]\" \/>\n<meta property=\"og:url\" content=\"https:\/\/sites.uef.fi\/yritystaoppimisymparistoihin\/yhteistyossa\/koulutusorganisaatiot\/lautasuon-paivakoti\/\" \/>\n<meta property=\"og:site_name\" content=\"Yrityst\u00e4 oppimisymp\u00e4rist\u00f6ihin\" \/>\n<meta property=\"article:modified_time\" content=\"2024-02-08T07:04:55+00:00\" \/>\n<meta name=\"twitter:card\" content=\"summary_large_image\" \/>\n<meta name=\"twitter:label1\" content=\"Est. reading time\" \/>\n\t<meta name=\"twitter:data1\" content=\"1 minute\" \/>\n<script type=\"application\/ld+json\" class=\"yoast-schema-graph\">{\"@context\":\"https:\\\/\\\/schema.org\",\"@graph\":[{\"@type\":\"WebPage\",\"@id\":\"https:\\\/\\\/sites.uef.fi\\\/yritystaoppimisymparistoihin\\\/yhteistyossa\\\/koulutusorganisaatiot\\\/lautasuon-paivakoti\\\/\",\"url\":\"https:\\\/\\\/sites.uef.fi\\\/yritystaoppimisymparistoihin\\\/yhteistyossa\\\/koulutusorganisaatiot\\\/lautasuon-paivakoti\\\/\",\"name\":\"Lautasuon p\u00e4iv\u00e4koti - Yrityst\u00e4 oppimisymp\u00e4rist\u00f6ihin\",\"isPartOf\":{\"@id\":\"https:\\\/\\\/sites.uef.fi\\\/yritystaoppimisymparistoihin\\\/#website\"},\"datePublished\":\"2020-08-20T11:39:52+00:00\",\"dateModified\":\"2024-02-08T07:04:55+00:00\",\"breadcrumb\":{\"@id\":\"https:\\\/\\\/sites.uef.fi\\\/yritystaoppimisymparistoihin\\\/yhteistyossa\\\/koulutusorganisaatiot\\\/lautasuon-paivakoti\\\/#breadcrumb\"},\"inLanguage\":\"en-US\",\"potentialAction\":[{\"@type\":\"ReadAction\",\"target\":[\"https:\\\/\\\/sites.uef.fi\\\/yritystaoppimisymparistoihin\\\/yhteistyossa\\\/koulutusorganisaatiot\\\/lautasuon-paivakoti\\\/\"]}]},{\"@type\":\"BreadcrumbList\",\"@id\":\"https:\\\/\\\/sites.uef.fi\\\/yritystaoppimisymparistoihin\\\/yhteistyossa\\\/koulutusorganisaatiot\\\/lautasuon-paivakoti\\\/#breadcrumb\",\"itemListElement\":[{\"@type\":\"ListItem\",\"position\":1,\"name\":\"Home\",\"item\":\"https:\\\/\\\/sites.uef.fi\\\/yritystaoppimisymparistoihin\\\/\"},{\"@type\":\"ListItem\",\"position\":2,\"name\":\"Yhteisty\u00f6ss\u00e4\",\"item\":\"https:\\\/\\\/sites.uef.fi\\\/yritystaoppimisymparistoihin\\\/yhteistyossa\\\/\"},{\"@type\":\"ListItem\",\"position\":3,\"name\":\"Koulutusorganisaatiot\",\"item\":\"https:\\\/\\\/sites.uef.fi\\\/yritystaoppimisymparistoihin\\\/yhteistyossa\\\/koulutusorganisaatiot\\\/\"},{\"@type\":\"ListItem\",\"position\":4,\"name\":\"Lautasuon p\u00e4iv\u00e4koti\"}]},{\"@type\":\"WebSite\",\"@id\":\"https:\\\/\\\/sites.uef.fi\\\/yritystaoppimisymparistoihin\\\/#website\",\"url\":\"https:\\\/\\\/sites.uef.fi\\\/yritystaoppimisymparistoihin\\\/\",\"name\":\"Yrityst\u00e4 oppimisymp\u00e4rist\u00f6ihin\",\"description\":\"\",\"potentialAction\":[{\"@type\":\"SearchAction\",\"target\":{\"@type\":\"EntryPoint\",\"urlTemplate\":\"https:\\\/\\\/sites.uef.fi\\\/yritystaoppimisymparistoihin\\\/?s={search_term_string}\"},\"query-input\":{\"@type\":\"PropertyValueSpecification\",\"valueRequired\":true,\"valueName\":\"search_term_string\"}}],\"inLanguage\":\"en-US\"}]}<\/script>\n<!-- \/ Yoast SEO plugin. -->","yoast_head_json":{"title":"Lautasuon p\u00e4iv\u00e4koti - Yrityst\u00e4 oppimisymp\u00e4rist\u00f6ihin","robots":{"index":"index","follow":"follow","max-snippet":"max-snippet:-1","max-image-preview":"max-image-preview:large","max-video-preview":"max-video-preview:-1"},"canonical":"https:\/\/sites.uef.fi\/yritystaoppimisymparistoihin\/yhteistyossa\/koulutusorganisaatiot\/lautasuon-paivakoti\/","og_locale":"en_US","og_type":"article","og_title":"Lautasuon p\u00e4iv\u00e4koti - Yrityst\u00e4 oppimisymp\u00e4rist\u00f6ihin","og_description":"Lautasuon p\u00e4iv\u00e4kodilla on&nbsp;kolme sisarusryhm\u00e4\u00e4. &#8220;Yhteis\u00f6llisyys on yksi Lautasuon p\u00e4iv\u00e4kodin toimintaperiaatteista: koko talo on lapsia varten ja kaikki aikuiset toimivat kaikkien lasten kanssa. Sis\u00e4tilojen leikki-, liikunta- ja taidealueet ovat yhteisess\u00e4 k\u00e4yt\u00f6ss\u00e4. Lapset saavat valita tekemisens\u00e4 omien mielenkiinnon kohteidensa perusteella ja aikuiset ohjaavat pienryhm\u00e4toimintaa. P\u00e4iv\u00e4kodin ymp\u00e4rist\u00f6ss\u00e4 on hyv\u00e4t ulkoilu- ja liikuntamahdollisuudet kes\u00e4ll\u00e4 ja talvella. Kes\u00e4ll\u00e4 p\u00e4iv\u00e4kodin pihapiiriin [&hellip;]","og_url":"https:\/\/sites.uef.fi\/yritystaoppimisymparistoihin\/yhteistyossa\/koulutusorganisaatiot\/lautasuon-paivakoti\/","og_site_name":"Yrityst\u00e4 oppimisymp\u00e4rist\u00f6ihin","article_modified_time":"2024-02-08T07:04:55+00:00","twitter_card":"summary_large_image","twitter_misc":{"Est. reading time":"1 minute"},"schema":{"@context":"https:\/\/schema.org","@graph":[{"@type":"WebPage","@id":"https:\/\/sites.uef.fi\/yritystaoppimisymparistoihin\/yhteistyossa\/koulutusorganisaatiot\/lautasuon-paivakoti\/","url":"https:\/\/sites.uef.fi\/yritystaoppimisymparistoihin\/yhteistyossa\/koulutusorganisaatiot\/lautasuon-paivakoti\/","name":"Lautasuon p\u00e4iv\u00e4koti - Yrityst\u00e4 oppimisymp\u00e4rist\u00f6ihin","isPartOf":{"@id":"https:\/\/sites.uef.fi\/yritystaoppimisymparistoihin\/#website"},"datePublished":"2020-08-20T11:39:52+00:00","dateModified":"2024-02-08T07:04:55+00:00","breadcrumb":{"@id":"https:\/\/sites.uef.fi\/yritystaoppimisymparistoihin\/yhteistyossa\/koulutusorganisaatiot\/lautasuon-paivakoti\/#breadcrumb"},"inLanguage":"en-US","potentialAction":[{"@type":"ReadAction","target":["https:\/\/sites.uef.fi\/yritystaoppimisymparistoihin\/yhteistyossa\/koulutusorganisaatiot\/lautasuon-paivakoti\/"]}]},{"@type":"BreadcrumbList","@id":"https:\/\/sites.uef.fi\/yritystaoppimisymparistoihin\/yhteistyossa\/koulutusorganisaatiot\/lautasuon-paivakoti\/#breadcrumb","itemListElement":[{"@type":"ListItem","position":1,"name":"Home","item":"https:\/\/sites.uef.fi\/yritystaoppimisymparistoihin\/"},{"@type":"ListItem","position":2,"name":"Yhteisty\u00f6ss\u00e4","item":"https:\/\/sites.uef.fi\/yritystaoppimisymparistoihin\/yhteistyossa\/"},{"@type":"ListItem","position":3,"name":"Koulutusorganisaatiot","item":"https:\/\/sites.uef.fi\/yritystaoppimisymparistoihin\/yhteistyossa\/koulutusorganisaatiot\/"},{"@type":"ListItem","position":4,"name":"Lautasuon p\u00e4iv\u00e4koti"}]},{"@type":"WebSite","@id":"https:\/\/sites.uef.fi\/yritystaoppimisymparistoihin\/#website","url":"https:\/\/sites.uef.fi\/yritystaoppimisymparistoihin\/","name":"Yrityst\u00e4 oppimisymp\u00e4rist\u00f6ihin","description":"","potentialAction":[{"@type":"SearchAction","target":{"@type":"EntryPoint","urlTemplate":"https:\/\/sites.uef.fi\/yritystaoppimisymparistoihin\/?s={search_term_string}"},"query-input":{"@type":"PropertyValueSpecification","valueRequired":true,"valueName":"search_term_string"}}],"inLanguage":"en-US"}]}},"_links":{"self":[{"href":"https:\/\/sites.uef.fi\/yritystaoppimisymparistoihin\/wp-json\/wp\/v2\/pages\/280","targetHints":{"allow":["GET"]}}],"collection":[{"href":"https:\/\/sites.uef.fi\/yritystaoppimisymparistoihin\/wp-json\/wp\/v2\/pages"}],"about":[{"href":"https:\/\/sites.uef.fi\/yritystaoppimisymparistoihin\/wp-json\/wp\/v2\/types\/page"}],"author":[{"embeddable":true,"href":"https:\/\/sites.uef.fi\/yritystaoppimisymparistoihin\/wp-json\/wp\/v2\/users\/98"}],"replies":[{"embeddable":true,"href":"https:\/\/sites.uef.fi\/yritystaoppimisymparistoihin\/wp-json\/wp\/v2\/comments?post=280"}],"version-history":[{"count":2,"href":"https:\/\/sites.uef.fi\/yritystaoppimisymparistoihin\/wp-json\/wp\/v2\/pages\/280\/revisions"}],"predecessor-version":[{"id":1156,"href":"https:\/\/sites.uef.fi\/yritystaoppimisymparistoihin\/wp-json\/wp\/v2\/pages\/280\/revisions\/1156"}],"up":[{"embeddable":true,"href":"https:\/\/sites.uef.fi\/yritystaoppimisymparistoihin\/wp-json\/wp\/v2\/pages\/244"}],"wp:attachment":[{"href":"https:\/\/sites.uef.fi\/yritystaoppimisymparistoihin\/wp-json\/wp\/v2\/media?parent=280"}],"curies":[{"name":"wp","href":"https:\/\/api.w.org\/{rel}","templated":true}]}}