{"id":286,"date":"2020-08-20T14:40:18","date_gmt":"2020-08-20T11:40:18","guid":{"rendered":"https:\/\/sites.uef.fi\/yritystaoppimisymparistoihin\/?page_id=286"},"modified":"2024-02-08T09:05:27","modified_gmt":"2024-02-08T07:05:27","slug":"liperin-paivakoti","status":"publish","type":"page","link":"https:\/\/sites.uef.fi\/yritystaoppimisymparistoihin\/yhteistyossa\/koulutusorganisaatiot\/liperin-paivakoti\/","title":{"rendered":"Liperin p\u00e4iv\u00e4koti"},"content":{"rendered":"\n<p>Liperin p\u00e4iv\u00e4koti sijaitsee maalaismaisemassa&nbsp;Liperin kirkonkyl\u00e4ll\u00e4 ja siell\u00e4&nbsp; toimii nelj\u00e4 pient\u00e4 sisarusryhm\u00e4\u00e4.<\/p>\n\n\n\n<p><em>&#8220;Liperin p\u00e4iv\u00e4kodissa innostamme lapsia&nbsp;luonnossa &nbsp;liikkumiseen ja luonnosta nauttimiseen.&nbsp;Lapset retkeilev\u00e4t paljon luonnossa ja l\u00e4hiymp\u00e4rist\u00f6ss\u00e4. P\u00e4iv\u00e4kodin piha ja l\u00e4hell\u00e4 sijaitseva liikuntapuisto Nopsakka tarjoavat monipuoliset ulkoliikunta mahdollisuudet.&nbsp; Yhteis\u00f6llisyys, vahvuuksien korostaminen ja tekemisen ilo n\u00e4kyv\u00e4t meill\u00e4 arjessa. &#8220;<\/em><\/p>\n\n\n\n<p>Lis\u00e4tietoja:<br><a href=\"https:\/\/www.liperi.fi\/liperin-paivakoti\">P\u00e4iv\u00e4kodin kotisivut<\/a><\/p>\n","protected":false},"excerpt":{"rendered":"<p>Liperin p\u00e4iv\u00e4koti sijaitsee maalaismaisemassa&nbsp;Liperin kirkonkyl\u00e4ll\u00e4 ja siell\u00e4&nbsp; toimii nelj\u00e4 pient\u00e4 sisarusryhm\u00e4\u00e4. &#8220;Liperin p\u00e4iv\u00e4kodissa innostamme lapsia&nbsp;luonnossa &nbsp;liikkumiseen ja luonnosta nauttimiseen.&nbsp;Lapset retkeilev\u00e4t paljon luonnossa ja l\u00e4hiymp\u00e4rist\u00f6ss\u00e4. P\u00e4iv\u00e4kodin piha ja l\u00e4hell\u00e4 sijaitseva liikuntapuisto Nopsakka tarjoavat monipuoliset ulkoliikunta mahdollisuudet.&nbsp; Yhteis\u00f6llisyys, vahvuuksien korostaminen ja tekemisen ilo n\u00e4kyv\u00e4t meill\u00e4 arjessa. &#8220; Lis\u00e4tietoja:P\u00e4iv\u00e4kodin kotisivut<\/p>\n","protected":false},"author":98,"featured_media":0,"parent":244,"menu_order":2,"comment_status":"closed","ping_status":"closed","template":"","meta":{"_acf_changed":false,"_monsterinsights_skip_tracking":false,"_monsterinsights_sitenote_active":false,"_monsterinsights_sitenote_note":"","_monsterinsights_sitenote_category":0,"footnotes":""},"class_list":["post-286","page","type-page","status-publish","hentry"],"acf":[],"yoast_head":"<!-- This site is optimized with the Yoast SEO plugin v27.3 - https:\/\/yoast.com\/product\/yoast-seo-wordpress\/ -->\n<title>Liperin p\u00e4iv\u00e4koti - Yrityst\u00e4 oppimisymp\u00e4rist\u00f6ihin<\/title>\n<meta name=\"robots\" content=\"index, follow, max-snippet:-1, max-image-preview:large, max-video-preview:-1\" \/>\n<link rel=\"canonical\" href=\"https:\/\/sites.uef.fi\/yritystaoppimisymparistoihin\/yhteistyossa\/koulutusorganisaatiot\/liperin-paivakoti\/\" \/>\n<meta property=\"og:locale\" content=\"en_US\" \/>\n<meta property=\"og:type\" content=\"article\" \/>\n<meta property=\"og:title\" content=\"Liperin p\u00e4iv\u00e4koti - Yrityst\u00e4 oppimisymp\u00e4rist\u00f6ihin\" \/>\n<meta property=\"og:description\" content=\"Liperin p\u00e4iv\u00e4koti sijaitsee maalaismaisemassa&nbsp;Liperin kirkonkyl\u00e4ll\u00e4 ja siell\u00e4&nbsp; toimii nelj\u00e4 pient\u00e4 sisarusryhm\u00e4\u00e4. &#8220;Liperin p\u00e4iv\u00e4kodissa innostamme lapsia&nbsp;luonnossa &nbsp;liikkumiseen ja luonnosta nauttimiseen.&nbsp;Lapset retkeilev\u00e4t paljon luonnossa ja l\u00e4hiymp\u00e4rist\u00f6ss\u00e4. P\u00e4iv\u00e4kodin piha ja l\u00e4hell\u00e4 sijaitseva liikuntapuisto Nopsakka tarjoavat monipuoliset ulkoliikunta mahdollisuudet.&nbsp; Yhteis\u00f6llisyys, vahvuuksien korostaminen ja tekemisen ilo n\u00e4kyv\u00e4t meill\u00e4 arjessa. &#8220; Lis\u00e4tietoja:P\u00e4iv\u00e4kodin kotisivut\" \/>\n<meta property=\"og:url\" content=\"https:\/\/sites.uef.fi\/yritystaoppimisymparistoihin\/yhteistyossa\/koulutusorganisaatiot\/liperin-paivakoti\/\" \/>\n<meta property=\"og:site_name\" content=\"Yrityst\u00e4 oppimisymp\u00e4rist\u00f6ihin\" \/>\n<meta property=\"article:modified_time\" content=\"2024-02-08T07:05:27+00:00\" \/>\n<meta name=\"twitter:card\" content=\"summary_large_image\" \/>\n<meta name=\"twitter:label1\" content=\"Est. reading time\" \/>\n\t<meta name=\"twitter:data1\" content=\"1 minute\" \/>\n<script type=\"application\/ld+json\" class=\"yoast-schema-graph\">{\"@context\":\"https:\\\/\\\/schema.org\",\"@graph\":[{\"@type\":\"WebPage\",\"@id\":\"https:\\\/\\\/sites.uef.fi\\\/yritystaoppimisymparistoihin\\\/yhteistyossa\\\/koulutusorganisaatiot\\\/liperin-paivakoti\\\/\",\"url\":\"https:\\\/\\\/sites.uef.fi\\\/yritystaoppimisymparistoihin\\\/yhteistyossa\\\/koulutusorganisaatiot\\\/liperin-paivakoti\\\/\",\"name\":\"Liperin p\u00e4iv\u00e4koti - Yrityst\u00e4 oppimisymp\u00e4rist\u00f6ihin\",\"isPartOf\":{\"@id\":\"https:\\\/\\\/sites.uef.fi\\\/yritystaoppimisymparistoihin\\\/#website\"},\"datePublished\":\"2020-08-20T11:40:18+00:00\",\"dateModified\":\"2024-02-08T07:05:27+00:00\",\"breadcrumb\":{\"@id\":\"https:\\\/\\\/sites.uef.fi\\\/yritystaoppimisymparistoihin\\\/yhteistyossa\\\/koulutusorganisaatiot\\\/liperin-paivakoti\\\/#breadcrumb\"},\"inLanguage\":\"en-US\",\"potentialAction\":[{\"@type\":\"ReadAction\",\"target\":[\"https:\\\/\\\/sites.uef.fi\\\/yritystaoppimisymparistoihin\\\/yhteistyossa\\\/koulutusorganisaatiot\\\/liperin-paivakoti\\\/\"]}]},{\"@type\":\"BreadcrumbList\",\"@id\":\"https:\\\/\\\/sites.uef.fi\\\/yritystaoppimisymparistoihin\\\/yhteistyossa\\\/koulutusorganisaatiot\\\/liperin-paivakoti\\\/#breadcrumb\",\"itemListElement\":[{\"@type\":\"ListItem\",\"position\":1,\"name\":\"Home\",\"item\":\"https:\\\/\\\/sites.uef.fi\\\/yritystaoppimisymparistoihin\\\/\"},{\"@type\":\"ListItem\",\"position\":2,\"name\":\"Yhteisty\u00f6ss\u00e4\",\"item\":\"https:\\\/\\\/sites.uef.fi\\\/yritystaoppimisymparistoihin\\\/yhteistyossa\\\/\"},{\"@type\":\"ListItem\",\"position\":3,\"name\":\"Koulutusorganisaatiot\",\"item\":\"https:\\\/\\\/sites.uef.fi\\\/yritystaoppimisymparistoihin\\\/yhteistyossa\\\/koulutusorganisaatiot\\\/\"},{\"@type\":\"ListItem\",\"position\":4,\"name\":\"Liperin p\u00e4iv\u00e4koti\"}]},{\"@type\":\"WebSite\",\"@id\":\"https:\\\/\\\/sites.uef.fi\\\/yritystaoppimisymparistoihin\\\/#website\",\"url\":\"https:\\\/\\\/sites.uef.fi\\\/yritystaoppimisymparistoihin\\\/\",\"name\":\"Yrityst\u00e4 oppimisymp\u00e4rist\u00f6ihin\",\"description\":\"\",\"potentialAction\":[{\"@type\":\"SearchAction\",\"target\":{\"@type\":\"EntryPoint\",\"urlTemplate\":\"https:\\\/\\\/sites.uef.fi\\\/yritystaoppimisymparistoihin\\\/?s={search_term_string}\"},\"query-input\":{\"@type\":\"PropertyValueSpecification\",\"valueRequired\":true,\"valueName\":\"search_term_string\"}}],\"inLanguage\":\"en-US\"}]}<\/script>\n<!-- \/ Yoast SEO plugin. -->","yoast_head_json":{"title":"Liperin p\u00e4iv\u00e4koti - Yrityst\u00e4 oppimisymp\u00e4rist\u00f6ihin","robots":{"index":"index","follow":"follow","max-snippet":"max-snippet:-1","max-image-preview":"max-image-preview:large","max-video-preview":"max-video-preview:-1"},"canonical":"https:\/\/sites.uef.fi\/yritystaoppimisymparistoihin\/yhteistyossa\/koulutusorganisaatiot\/liperin-paivakoti\/","og_locale":"en_US","og_type":"article","og_title":"Liperin p\u00e4iv\u00e4koti - Yrityst\u00e4 oppimisymp\u00e4rist\u00f6ihin","og_description":"Liperin p\u00e4iv\u00e4koti sijaitsee maalaismaisemassa&nbsp;Liperin kirkonkyl\u00e4ll\u00e4 ja siell\u00e4&nbsp; toimii nelj\u00e4 pient\u00e4 sisarusryhm\u00e4\u00e4. &#8220;Liperin p\u00e4iv\u00e4kodissa innostamme lapsia&nbsp;luonnossa &nbsp;liikkumiseen ja luonnosta nauttimiseen.&nbsp;Lapset retkeilev\u00e4t paljon luonnossa ja l\u00e4hiymp\u00e4rist\u00f6ss\u00e4. P\u00e4iv\u00e4kodin piha ja l\u00e4hell\u00e4 sijaitseva liikuntapuisto Nopsakka tarjoavat monipuoliset ulkoliikunta mahdollisuudet.&nbsp; Yhteis\u00f6llisyys, vahvuuksien korostaminen ja tekemisen ilo n\u00e4kyv\u00e4t meill\u00e4 arjessa. &#8220; Lis\u00e4tietoja:P\u00e4iv\u00e4kodin kotisivut","og_url":"https:\/\/sites.uef.fi\/yritystaoppimisymparistoihin\/yhteistyossa\/koulutusorganisaatiot\/liperin-paivakoti\/","og_site_name":"Yrityst\u00e4 oppimisymp\u00e4rist\u00f6ihin","article_modified_time":"2024-02-08T07:05:27+00:00","twitter_card":"summary_large_image","twitter_misc":{"Est. reading time":"1 minute"},"schema":{"@context":"https:\/\/schema.org","@graph":[{"@type":"WebPage","@id":"https:\/\/sites.uef.fi\/yritystaoppimisymparistoihin\/yhteistyossa\/koulutusorganisaatiot\/liperin-paivakoti\/","url":"https:\/\/sites.uef.fi\/yritystaoppimisymparistoihin\/yhteistyossa\/koulutusorganisaatiot\/liperin-paivakoti\/","name":"Liperin p\u00e4iv\u00e4koti - Yrityst\u00e4 oppimisymp\u00e4rist\u00f6ihin","isPartOf":{"@id":"https:\/\/sites.uef.fi\/yritystaoppimisymparistoihin\/#website"},"datePublished":"2020-08-20T11:40:18+00:00","dateModified":"2024-02-08T07:05:27+00:00","breadcrumb":{"@id":"https:\/\/sites.uef.fi\/yritystaoppimisymparistoihin\/yhteistyossa\/koulutusorganisaatiot\/liperin-paivakoti\/#breadcrumb"},"inLanguage":"en-US","potentialAction":[{"@type":"ReadAction","target":["https:\/\/sites.uef.fi\/yritystaoppimisymparistoihin\/yhteistyossa\/koulutusorganisaatiot\/liperin-paivakoti\/"]}]},{"@type":"BreadcrumbList","@id":"https:\/\/sites.uef.fi\/yritystaoppimisymparistoihin\/yhteistyossa\/koulutusorganisaatiot\/liperin-paivakoti\/#breadcrumb","itemListElement":[{"@type":"ListItem","position":1,"name":"Home","item":"https:\/\/sites.uef.fi\/yritystaoppimisymparistoihin\/"},{"@type":"ListItem","position":2,"name":"Yhteisty\u00f6ss\u00e4","item":"https:\/\/sites.uef.fi\/yritystaoppimisymparistoihin\/yhteistyossa\/"},{"@type":"ListItem","position":3,"name":"Koulutusorganisaatiot","item":"https:\/\/sites.uef.fi\/yritystaoppimisymparistoihin\/yhteistyossa\/koulutusorganisaatiot\/"},{"@type":"ListItem","position":4,"name":"Liperin p\u00e4iv\u00e4koti"}]},{"@type":"WebSite","@id":"https:\/\/sites.uef.fi\/yritystaoppimisymparistoihin\/#website","url":"https:\/\/sites.uef.fi\/yritystaoppimisymparistoihin\/","name":"Yrityst\u00e4 oppimisymp\u00e4rist\u00f6ihin","description":"","potentialAction":[{"@type":"SearchAction","target":{"@type":"EntryPoint","urlTemplate":"https:\/\/sites.uef.fi\/yritystaoppimisymparistoihin\/?s={search_term_string}"},"query-input":{"@type":"PropertyValueSpecification","valueRequired":true,"valueName":"search_term_string"}}],"inLanguage":"en-US"}]}},"_links":{"self":[{"href":"https:\/\/sites.uef.fi\/yritystaoppimisymparistoihin\/wp-json\/wp\/v2\/pages\/286","targetHints":{"allow":["GET"]}}],"collection":[{"href":"https:\/\/sites.uef.fi\/yritystaoppimisymparistoihin\/wp-json\/wp\/v2\/pages"}],"about":[{"href":"https:\/\/sites.uef.fi\/yritystaoppimisymparistoihin\/wp-json\/wp\/v2\/types\/page"}],"author":[{"embeddable":true,"href":"https:\/\/sites.uef.fi\/yritystaoppimisymparistoihin\/wp-json\/wp\/v2\/users\/98"}],"replies":[{"embeddable":true,"href":"https:\/\/sites.uef.fi\/yritystaoppimisymparistoihin\/wp-json\/wp\/v2\/comments?post=286"}],"version-history":[{"count":2,"href":"https:\/\/sites.uef.fi\/yritystaoppimisymparistoihin\/wp-json\/wp\/v2\/pages\/286\/revisions"}],"predecessor-version":[{"id":1159,"href":"https:\/\/sites.uef.fi\/yritystaoppimisymparistoihin\/wp-json\/wp\/v2\/pages\/286\/revisions\/1159"}],"up":[{"embeddable":true,"href":"https:\/\/sites.uef.fi\/yritystaoppimisymparistoihin\/wp-json\/wp\/v2\/pages\/244"}],"wp:attachment":[{"href":"https:\/\/sites.uef.fi\/yritystaoppimisymparistoihin\/wp-json\/wp\/v2\/media?parent=286"}],"curies":[{"name":"wp","href":"https:\/\/api.w.org\/{rel}","templated":true}]}}

Liperin päiväkoti

<p>Liperin päiväkoti sijaitsee maalaismaisemassa&nbsp;Liperin kirkonkylällä ja siellä&nbsp; toimii neljä pientä sisarusryhmää.</p>



<p><em>&#8220;Liperin päiväkodissa innostamme lapsia&nbsp;luonnossa &nbsp;liikkumiseen ja luonnosta nauttimiseen.&nbsp;Lapset retkeilevät paljon luonnossa ja lähiympäristössä. Päiväkodin piha ja lähellä sijaitseva liikuntapuisto Nopsakka tarjoavat monipuoliset ulkoliikunta mahdollisuudet.&nbsp; Yhteisöllisyys, vahvuuksien korostaminen ja tekemisen ilo näkyvät meillä arjessa. &#8220;</em></p>



<p>Lisätietoja:<br><a href="https://www.liperi.fi/liperin-paivakoti">Päiväkodin kotisivut</a></p>

<p>Liperin päiväkoti sijaitsee maalaismaisemassa&nbsp;Liperin kirkonkylällä ja siellä&nbsp; toimii neljä pientä sisarusryhmää. &#8220;Liperin päiväkodissa innostamme lapsia&nbsp;luonnossa &nbsp;liikkumiseen ja luonnosta nauttimiseen.&nbsp;Lapset retkeilevät paljon luonnossa ja lähiympäristössä. Päiväkodin piha ja lähellä sijaitseva liikuntapuisto Nopsakka tarjoavat monipuoliset ulkoliikunta mahdollisuudet.&nbsp; Yhteisöllisyys, vahvuuksien korostaminen ja tekemisen ilo näkyvät meillä arjessa. &#8220; Lisätietoja:Päiväkodin kotisivut</p>

<!-- This site is optimized with the Yoast SEO plugin v27.3 - https://yoast.com/product/yoast-seo-wordpress/ -->
<title>Liperin päiväkoti - Yritystä oppimisympäristöihin</title>
<meta name="robots" content="index, follow, max-snippet:-1, max-image-preview:large, max-video-preview:-1" />
<link rel="canonical" href="https://sites.uef.fi/yritystaoppimisymparistoihin/yhteistyossa/koulutusorganisaatiot/liperin-paivakoti/" />
<meta property="og:locale" content="en_US" />
<meta property="og:type" content="article" />
<meta property="og:title" content="Liperin päiväkoti - Yritystä oppimisympäristöihin" />
<meta property="og:description" content="Liperin päiväkoti sijaitsee maalaismaisemassa&nbsp;Liperin kirkonkylällä ja siellä&nbsp; toimii neljä pientä sisarusryhmää. &#8220;Liperin päiväkodissa innostamme lapsia&nbsp;luonnossa &nbsp;liikkumiseen ja luonnosta nauttimiseen.&nbsp;Lapset retkeilevät paljon luonnossa ja lähiympäristössä. Päiväkodin piha ja lähellä sijaitseva liikuntapuisto Nopsakka tarjoavat monipuoliset ulkoliikunta mahdollisuudet.&nbsp; Yhteisöllisyys, vahvuuksien korostaminen ja tekemisen ilo näkyvät meillä arjessa. &#8220; Lisätietoja:Päiväkodin kotisivut" />
<meta property="og:url" content="https://sites.uef.fi/yritystaoppimisymparistoihin/yhteistyossa/koulutusorganisaatiot/liperin-paivakoti/" />
<meta property="og:site_name" content="Yritystä oppimisympäristöihin" />
<meta property="article:modified_time" content="2024-02-08T07:05:27+00:00" />
<meta name="twitter:card" content="summary_large_image" />
<meta name="twitter:label1" content="Est. reading time" />
	<meta name="twitter:data1" content="1 minute" />
<script type="application/ld+json" class="yoast-schema-graph">{"@context":"https:\/\/schema.org","@graph":[{"@type":"WebPage","@id":"https:\/\/sites.uef.fi\/yritystaoppimisymparistoihin\/yhteistyossa\/koulutusorganisaatiot\/liperin-paivakoti\/","url":"https:\/\/sites.uef.fi\/yritystaoppimisymparistoihin\/yhteistyossa\/koulutusorganisaatiot\/liperin-paivakoti\/","name":"Liperin päiväkoti - Yritystä oppimisympäristöihin","isPartOf":{"@id":"https:\/\/sites.uef.fi\/yritystaoppimisymparistoihin\/#website"},"datePublished":"2020-08-20T11:40:18+00:00","dateModified":"2024-02-08T07:05:27+00:00","breadcrumb":{"@id":"https:\/\/sites.uef.fi\/yritystaoppimisymparistoihin\/yhteistyossa\/koulutusorganisaatiot\/liperin-paivakoti\/#breadcrumb"},"inLanguage":"en-US","potentialAction":[{"@type":"ReadAction","target":["https:\/\/sites.uef.fi\/yritystaoppimisymparistoihin\/yhteistyossa\/koulutusorganisaatiot\/liperin-paivakoti\/"]}]},{"@type":"BreadcrumbList","@id":"https:\/\/sites.uef.fi\/yritystaoppimisymparistoihin\/yhteistyossa\/koulutusorganisaatiot\/liperin-paivakoti\/#breadcrumb","itemListElement":[{"@type":"ListItem","position":1,"name":"Home","item":"https:\/\/sites.uef.fi\/yritystaoppimisymparistoihin\/"},{"@type":"ListItem","position":2,"name":"Yhteistyössä","item":"https:\/\/sites.uef.fi\/yritystaoppimisymparistoihin\/yhteistyossa\/"},{"@type":"ListItem","position":3,"name":"Koulutusorganisaatiot","item":"https:\/\/sites.uef.fi\/yritystaoppimisymparistoihin\/yhteistyossa\/koulutusorganisaatiot\/"},{"@type":"ListItem","position":4,"name":"Liperin päiväkoti"}]},{"@type":"WebSite","@id":"https:\/\/sites.uef.fi\/yritystaoppimisymparistoihin\/#website","url":"https:\/\/sites.uef.fi\/yritystaoppimisymparistoihin\/","name":"Yritystä oppimisympäristöihin","description":"","potentialAction":[{"@type":"SearchAction","target":{"@type":"EntryPoint","urlTemplate":"https:\/\/sites.uef.fi\/yritystaoppimisymparistoihin\/?s={search_term_string}"},"query-input":{"@type":"PropertyValueSpecification","valueRequired":true,"valueName":"search_term_string"}}],"inLanguage":"en-US"}]}</script>
<!-- / Yoast SEO plugin. -->

Liperin päiväkoti - Yritystä oppimisympäristöihin

Liperin päiväkoti sijaitsee maalaismaisemassa&nbsp;Liperin kirkonkylällä ja siellä&nbsp; toimii neljä pientä sisarusryhmää. &#8220;Liperin päiväkodissa innostamme lapsia&nbsp;luonnossa &nbsp;liikkumiseen ja luonnosta nauttimiseen.&nbsp;Lapset retkeilevät paljon luonnossa ja lähiympäristössä. Päiväkodin piha ja lähellä sijaitseva liikuntapuisto Nopsakka tarjoavat monipuoliset ulkoliikunta mahdollisuudet.&nbsp; Yhteisöllisyys, vahvuuksien korostaminen ja tekemisen ilo näkyvät meillä arjessa. &#8220; Lisätietoja:Päiväkodin kotisivut

Yritystä oppimisympäristöihin

Yhteistyössä
