{"id":292,"date":"2020-08-20T14:40:46","date_gmt":"2020-08-20T11:40:46","guid":{"rendered":"https:\/\/sites.uef.fi\/yritystaoppimisymparistoihin\/?page_id=292"},"modified":"2024-02-08T09:06:01","modified_gmt":"2024-02-08T07:06:01","slug":"marjalan-paivakoti","status":"publish","type":"page","link":"https:\/\/sites.uef.fi\/yritystaoppimisymparistoihin\/yhteistyossa\/koulutusorganisaatiot\/marjalan-paivakoti\/","title":{"rendered":"Marjalan p\u00e4iv\u00e4koti"},"content":{"rendered":"\n<p><em>T\u00e4rke\u00e4n\u00e4 tavoitteenamme on, ett\u00e4 lapselle jokainen p\u00e4iv\u00e4 on &#8220;Hyv\u00e4 p\u00e4iv\u00e4&#8221;. T\u00e4h\u00e4n pyrimme avoimella ja rakentavalla yhteisty\u00f6ll\u00e4 perheiden ja muiden yhteisty\u00f6tahojen kanssa.<\/em><\/p>\n\n\n\n<p>P\u00e4iv\u00e4koti sijaitsee kauniilla paikalla Marjalan kanavan rannalla. L\u00e4hiymp\u00e4rist\u00f6, mm. urheilukentt\u00e4 ja luonnonniitty kanavan toisella puolella antavat monipuoliset mahdollisuudet liikkumiseen ja luonnon tutkimiseen. Talvella samat alueet toimivat luistelukentt\u00e4n\u00e4 ja hiihtoalueena. Bunkkerimuseo ja l\u00e4hileikkipuistot ovat oivallisia retkikohteita.<\/p>\n\n\n\n<p>Lis\u00e4tietoja:<br><a href=\"https:\/\/www.joensuu.fi\/paivakodit#ots1\">P\u00e4iv\u00e4kodin tiedot <\/a><\/p>\n","protected":false},"excerpt":{"rendered":"<p>T\u00e4rke\u00e4n\u00e4 tavoitteenamme on, ett\u00e4 lapselle jokainen p\u00e4iv\u00e4 on &#8220;Hyv\u00e4 p\u00e4iv\u00e4&#8221;. T\u00e4h\u00e4n pyrimme avoimella ja rakentavalla yhteisty\u00f6ll\u00e4 perheiden ja muiden yhteisty\u00f6tahojen kanssa. P\u00e4iv\u00e4koti sijaitsee kauniilla paikalla Marjalan kanavan rannalla. L\u00e4hiymp\u00e4rist\u00f6, mm. urheilukentt\u00e4 ja luonnonniitty kanavan toisella puolella antavat monipuoliset mahdollisuudet liikkumiseen ja luonnon tutkimiseen. Talvella samat alueet toimivat luistelukentt\u00e4n\u00e4 ja hiihtoalueena. Bunkkerimuseo ja l\u00e4hileikkipuistot ovat oivallisia [&hellip;]<\/p>\n","protected":false},"author":98,"featured_media":0,"parent":244,"menu_order":3,"comment_status":"closed","ping_status":"closed","template":"","meta":{"_acf_changed":false,"_monsterinsights_skip_tracking":false,"_monsterinsights_sitenote_active":false,"_monsterinsights_sitenote_note":"","_monsterinsights_sitenote_category":0,"footnotes":""},"class_list":["post-292","page","type-page","status-publish","hentry"],"acf":[],"yoast_head":"<!-- This site is optimized with the Yoast SEO plugin v27.3 - https:\/\/yoast.com\/product\/yoast-seo-wordpress\/ -->\n<title>Marjalan p\u00e4iv\u00e4koti - Yrityst\u00e4 oppimisymp\u00e4rist\u00f6ihin<\/title>\n<meta name=\"robots\" content=\"index, follow, max-snippet:-1, max-image-preview:large, max-video-preview:-1\" \/>\n<link rel=\"canonical\" href=\"https:\/\/sites.uef.fi\/yritystaoppimisymparistoihin\/yhteistyossa\/koulutusorganisaatiot\/marjalan-paivakoti\/\" \/>\n<meta property=\"og:locale\" content=\"en_US\" \/>\n<meta property=\"og:type\" content=\"article\" \/>\n<meta property=\"og:title\" content=\"Marjalan p\u00e4iv\u00e4koti - Yrityst\u00e4 oppimisymp\u00e4rist\u00f6ihin\" \/>\n<meta property=\"og:description\" content=\"T\u00e4rke\u00e4n\u00e4 tavoitteenamme on, ett\u00e4 lapselle jokainen p\u00e4iv\u00e4 on &#8220;Hyv\u00e4 p\u00e4iv\u00e4&#8221;. T\u00e4h\u00e4n pyrimme avoimella ja rakentavalla yhteisty\u00f6ll\u00e4 perheiden ja muiden yhteisty\u00f6tahojen kanssa. P\u00e4iv\u00e4koti sijaitsee kauniilla paikalla Marjalan kanavan rannalla. L\u00e4hiymp\u00e4rist\u00f6, mm. urheilukentt\u00e4 ja luonnonniitty kanavan toisella puolella antavat monipuoliset mahdollisuudet liikkumiseen ja luonnon tutkimiseen. Talvella samat alueet toimivat luistelukentt\u00e4n\u00e4 ja hiihtoalueena. Bunkkerimuseo ja l\u00e4hileikkipuistot ovat oivallisia [&hellip;]\" \/>\n<meta property=\"og:url\" content=\"https:\/\/sites.uef.fi\/yritystaoppimisymparistoihin\/yhteistyossa\/koulutusorganisaatiot\/marjalan-paivakoti\/\" \/>\n<meta property=\"og:site_name\" content=\"Yrityst\u00e4 oppimisymp\u00e4rist\u00f6ihin\" \/>\n<meta property=\"article:modified_time\" content=\"2024-02-08T07:06:01+00:00\" \/>\n<meta name=\"twitter:card\" content=\"summary_large_image\" \/>\n<meta name=\"twitter:label1\" content=\"Est. reading time\" \/>\n\t<meta name=\"twitter:data1\" content=\"1 minute\" \/>\n<script type=\"application\/ld+json\" class=\"yoast-schema-graph\">{\"@context\":\"https:\\\/\\\/schema.org\",\"@graph\":[{\"@type\":\"WebPage\",\"@id\":\"https:\\\/\\\/sites.uef.fi\\\/yritystaoppimisymparistoihin\\\/yhteistyossa\\\/koulutusorganisaatiot\\\/marjalan-paivakoti\\\/\",\"url\":\"https:\\\/\\\/sites.uef.fi\\\/yritystaoppimisymparistoihin\\\/yhteistyossa\\\/koulutusorganisaatiot\\\/marjalan-paivakoti\\\/\",\"name\":\"Marjalan p\u00e4iv\u00e4koti - Yrityst\u00e4 oppimisymp\u00e4rist\u00f6ihin\",\"isPartOf\":{\"@id\":\"https:\\\/\\\/sites.uef.fi\\\/yritystaoppimisymparistoihin\\\/#website\"},\"datePublished\":\"2020-08-20T11:40:46+00:00\",\"dateModified\":\"2024-02-08T07:06:01+00:00\",\"breadcrumb\":{\"@id\":\"https:\\\/\\\/sites.uef.fi\\\/yritystaoppimisymparistoihin\\\/yhteistyossa\\\/koulutusorganisaatiot\\\/marjalan-paivakoti\\\/#breadcrumb\"},\"inLanguage\":\"en-US\",\"potentialAction\":[{\"@type\":\"ReadAction\",\"target\":[\"https:\\\/\\\/sites.uef.fi\\\/yritystaoppimisymparistoihin\\\/yhteistyossa\\\/koulutusorganisaatiot\\\/marjalan-paivakoti\\\/\"]}]},{\"@type\":\"BreadcrumbList\",\"@id\":\"https:\\\/\\\/sites.uef.fi\\\/yritystaoppimisymparistoihin\\\/yhteistyossa\\\/koulutusorganisaatiot\\\/marjalan-paivakoti\\\/#breadcrumb\",\"itemListElement\":[{\"@type\":\"ListItem\",\"position\":1,\"name\":\"Home\",\"item\":\"https:\\\/\\\/sites.uef.fi\\\/yritystaoppimisymparistoihin\\\/\"},{\"@type\":\"ListItem\",\"position\":2,\"name\":\"Yhteisty\u00f6ss\u00e4\",\"item\":\"https:\\\/\\\/sites.uef.fi\\\/yritystaoppimisymparistoihin\\\/yhteistyossa\\\/\"},{\"@type\":\"ListItem\",\"position\":3,\"name\":\"Koulutusorganisaatiot\",\"item\":\"https:\\\/\\\/sites.uef.fi\\\/yritystaoppimisymparistoihin\\\/yhteistyossa\\\/koulutusorganisaatiot\\\/\"},{\"@type\":\"ListItem\",\"position\":4,\"name\":\"Marjalan p\u00e4iv\u00e4koti\"}]},{\"@type\":\"WebSite\",\"@id\":\"https:\\\/\\\/sites.uef.fi\\\/yritystaoppimisymparistoihin\\\/#website\",\"url\":\"https:\\\/\\\/sites.uef.fi\\\/yritystaoppimisymparistoihin\\\/\",\"name\":\"Yrityst\u00e4 oppimisymp\u00e4rist\u00f6ihin\",\"description\":\"\",\"potentialAction\":[{\"@type\":\"SearchAction\",\"target\":{\"@type\":\"EntryPoint\",\"urlTemplate\":\"https:\\\/\\\/sites.uef.fi\\\/yritystaoppimisymparistoihin\\\/?s={search_term_string}\"},\"query-input\":{\"@type\":\"PropertyValueSpecification\",\"valueRequired\":true,\"valueName\":\"search_term_string\"}}],\"inLanguage\":\"en-US\"}]}<\/script>\n<!-- \/ Yoast SEO plugin. -->","yoast_head_json":{"title":"Marjalan p\u00e4iv\u00e4koti - Yrityst\u00e4 oppimisymp\u00e4rist\u00f6ihin","robots":{"index":"index","follow":"follow","max-snippet":"max-snippet:-1","max-image-preview":"max-image-preview:large","max-video-preview":"max-video-preview:-1"},"canonical":"https:\/\/sites.uef.fi\/yritystaoppimisymparistoihin\/yhteistyossa\/koulutusorganisaatiot\/marjalan-paivakoti\/","og_locale":"en_US","og_type":"article","og_title":"Marjalan p\u00e4iv\u00e4koti - Yrityst\u00e4 oppimisymp\u00e4rist\u00f6ihin","og_description":"T\u00e4rke\u00e4n\u00e4 tavoitteenamme on, ett\u00e4 lapselle jokainen p\u00e4iv\u00e4 on &#8220;Hyv\u00e4 p\u00e4iv\u00e4&#8221;. T\u00e4h\u00e4n pyrimme avoimella ja rakentavalla yhteisty\u00f6ll\u00e4 perheiden ja muiden yhteisty\u00f6tahojen kanssa. P\u00e4iv\u00e4koti sijaitsee kauniilla paikalla Marjalan kanavan rannalla. L\u00e4hiymp\u00e4rist\u00f6, mm. urheilukentt\u00e4 ja luonnonniitty kanavan toisella puolella antavat monipuoliset mahdollisuudet liikkumiseen ja luonnon tutkimiseen. Talvella samat alueet toimivat luistelukentt\u00e4n\u00e4 ja hiihtoalueena. Bunkkerimuseo ja l\u00e4hileikkipuistot ovat oivallisia [&hellip;]","og_url":"https:\/\/sites.uef.fi\/yritystaoppimisymparistoihin\/yhteistyossa\/koulutusorganisaatiot\/marjalan-paivakoti\/","og_site_name":"Yrityst\u00e4 oppimisymp\u00e4rist\u00f6ihin","article_modified_time":"2024-02-08T07:06:01+00:00","twitter_card":"summary_large_image","twitter_misc":{"Est. reading time":"1 minute"},"schema":{"@context":"https:\/\/schema.org","@graph":[{"@type":"WebPage","@id":"https:\/\/sites.uef.fi\/yritystaoppimisymparistoihin\/yhteistyossa\/koulutusorganisaatiot\/marjalan-paivakoti\/","url":"https:\/\/sites.uef.fi\/yritystaoppimisymparistoihin\/yhteistyossa\/koulutusorganisaatiot\/marjalan-paivakoti\/","name":"Marjalan p\u00e4iv\u00e4koti - Yrityst\u00e4 oppimisymp\u00e4rist\u00f6ihin","isPartOf":{"@id":"https:\/\/sites.uef.fi\/yritystaoppimisymparistoihin\/#website"},"datePublished":"2020-08-20T11:40:46+00:00","dateModified":"2024-02-08T07:06:01+00:00","breadcrumb":{"@id":"https:\/\/sites.uef.fi\/yritystaoppimisymparistoihin\/yhteistyossa\/koulutusorganisaatiot\/marjalan-paivakoti\/#breadcrumb"},"inLanguage":"en-US","potentialAction":[{"@type":"ReadAction","target":["https:\/\/sites.uef.fi\/yritystaoppimisymparistoihin\/yhteistyossa\/koulutusorganisaatiot\/marjalan-paivakoti\/"]}]},{"@type":"BreadcrumbList","@id":"https:\/\/sites.uef.fi\/yritystaoppimisymparistoihin\/yhteistyossa\/koulutusorganisaatiot\/marjalan-paivakoti\/#breadcrumb","itemListElement":[{"@type":"ListItem","position":1,"name":"Home","item":"https:\/\/sites.uef.fi\/yritystaoppimisymparistoihin\/"},{"@type":"ListItem","position":2,"name":"Yhteisty\u00f6ss\u00e4","item":"https:\/\/sites.uef.fi\/yritystaoppimisymparistoihin\/yhteistyossa\/"},{"@type":"ListItem","position":3,"name":"Koulutusorganisaatiot","item":"https:\/\/sites.uef.fi\/yritystaoppimisymparistoihin\/yhteistyossa\/koulutusorganisaatiot\/"},{"@type":"ListItem","position":4,"name":"Marjalan p\u00e4iv\u00e4koti"}]},{"@type":"WebSite","@id":"https:\/\/sites.uef.fi\/yritystaoppimisymparistoihin\/#website","url":"https:\/\/sites.uef.fi\/yritystaoppimisymparistoihin\/","name":"Yrityst\u00e4 oppimisymp\u00e4rist\u00f6ihin","description":"","potentialAction":[{"@type":"SearchAction","target":{"@type":"EntryPoint","urlTemplate":"https:\/\/sites.uef.fi\/yritystaoppimisymparistoihin\/?s={search_term_string}"},"query-input":{"@type":"PropertyValueSpecification","valueRequired":true,"valueName":"search_term_string"}}],"inLanguage":"en-US"}]}},"_links":{"self":[{"href":"https:\/\/sites.uef.fi\/yritystaoppimisymparistoihin\/wp-json\/wp\/v2\/pages\/292","targetHints":{"allow":["GET"]}}],"collection":[{"href":"https:\/\/sites.uef.fi\/yritystaoppimisymparistoihin\/wp-json\/wp\/v2\/pages"}],"about":[{"href":"https:\/\/sites.uef.fi\/yritystaoppimisymparistoihin\/wp-json\/wp\/v2\/types\/page"}],"author":[{"embeddable":true,"href":"https:\/\/sites.uef.fi\/yritystaoppimisymparistoihin\/wp-json\/wp\/v2\/users\/98"}],"replies":[{"embeddable":true,"href":"https:\/\/sites.uef.fi\/yritystaoppimisymparistoihin\/wp-json\/wp\/v2\/comments?post=292"}],"version-history":[{"count":2,"href":"https:\/\/sites.uef.fi\/yritystaoppimisymparistoihin\/wp-json\/wp\/v2\/pages\/292\/revisions"}],"predecessor-version":[{"id":1162,"href":"https:\/\/sites.uef.fi\/yritystaoppimisymparistoihin\/wp-json\/wp\/v2\/pages\/292\/revisions\/1162"}],"up":[{"embeddable":true,"href":"https:\/\/sites.uef.fi\/yritystaoppimisymparistoihin\/wp-json\/wp\/v2\/pages\/244"}],"wp:attachment":[{"href":"https:\/\/sites.uef.fi\/yritystaoppimisymparistoihin\/wp-json\/wp\/v2\/media?parent=292"}],"curies":[{"name":"wp","href":"https:\/\/api.w.org\/{rel}","templated":true}]}}