{"id":298,"date":"2020-08-20T14:41:13","date_gmt":"2020-08-20T11:41:13","guid":{"rendered":"https:\/\/sites.uef.fi\/yritystaoppimisymparistoihin\/?page_id=298"},"modified":"2024-02-08T09:07:38","modified_gmt":"2024-02-08T07:07:38","slug":"nepenmaen-koulu","status":"publish","type":"page","link":"https:\/\/sites.uef.fi\/yritystaoppimisymparistoihin\/yhteistyossa\/koulutusorganisaatiot\/nepenmaen-koulu\/","title":{"rendered":"Nepenm\u00e4en koulu"},"content":{"rendered":"\n<p>Nepenm\u00e4en koulu on Joensuussa Nepenm\u00e4ell\u00e4 sijaitseva yhten\u00e4iskoulu.<\/p>\n\n\n\n<p><em>&#8220;Nepenm\u00e4en koulussa pyrit\u00e4\u00e4n kaikessa toiminnassa turvallisen, rohkaisevan ja luovan ilmapiirin rakentamiseen.<\/em><\/p>\n\n\n\n<p><em>Koulun oppilaita kasvatetaan itsens\u00e4 ja toiset hyv\u00e4ksyviksi, vastoink\u00e4ymisi\u00e4kin siet\u00e4viksi sek\u00e4 rehellisiksi ja aktiivisiksi kansalaisiksi.<\/em><\/p>\n\n\n\n<p><em>Koulussamme opitaan tarpeellisia tietoja ja taitoja monipuolisin menetelmin \u2013 yksin ja yhdess\u00e4 toimien.&#8221;<\/em><\/p>\n\n\n\n<p>Lis\u00e4tietoja:<br><a href=\"http:\/\/www.joensuu.fi\/nepenmaenkoulu\">Koulun kotisivut<\/a><\/p>\n","protected":false},"excerpt":{"rendered":"<p>Nepenm\u00e4en koulu on Joensuussa Nepenm\u00e4ell\u00e4 sijaitseva yhten\u00e4iskoulu. &#8220;Nepenm\u00e4en koulussa pyrit\u00e4\u00e4n kaikessa toiminnassa turvallisen, rohkaisevan ja luovan ilmapiirin rakentamiseen. Koulun oppilaita kasvatetaan itsens\u00e4 ja toiset hyv\u00e4ksyviksi, vastoink\u00e4ymisi\u00e4kin siet\u00e4viksi sek\u00e4 rehellisiksi ja aktiivisiksi kansalaisiksi. Koulussamme opitaan tarpeellisia tietoja ja taitoja monipuolisin menetelmin \u2013 yksin ja yhdess\u00e4 toimien.&#8221; Lis\u00e4tietoja:Koulun kotisivut<\/p>\n","protected":false},"author":98,"featured_media":0,"parent":244,"menu_order":4,"comment_status":"closed","ping_status":"closed","template":"","meta":{"_acf_changed":false,"_monsterinsights_skip_tracking":false,"_monsterinsights_sitenote_active":false,"_monsterinsights_sitenote_note":"","_monsterinsights_sitenote_category":0,"footnotes":""},"class_list":["post-298","page","type-page","status-publish","hentry"],"acf":[],"yoast_head":"<!-- This site is optimized with the Yoast SEO plugin v27.3 - https:\/\/yoast.com\/product\/yoast-seo-wordpress\/ -->\n<title>Nepenm\u00e4en koulu - Yrityst\u00e4 oppimisymp\u00e4rist\u00f6ihin<\/title>\n<meta name=\"robots\" content=\"index, follow, max-snippet:-1, max-image-preview:large, max-video-preview:-1\" \/>\n<link rel=\"canonical\" href=\"https:\/\/sites.uef.fi\/yritystaoppimisymparistoihin\/yhteistyossa\/koulutusorganisaatiot\/nepenmaen-koulu\/\" \/>\n<meta property=\"og:locale\" content=\"en_US\" \/>\n<meta property=\"og:type\" content=\"article\" \/>\n<meta property=\"og:title\" content=\"Nepenm\u00e4en koulu - Yrityst\u00e4 oppimisymp\u00e4rist\u00f6ihin\" \/>\n<meta property=\"og:description\" content=\"Nepenm\u00e4en koulu on Joensuussa Nepenm\u00e4ell\u00e4 sijaitseva yhten\u00e4iskoulu. &#8220;Nepenm\u00e4en koulussa pyrit\u00e4\u00e4n kaikessa toiminnassa turvallisen, rohkaisevan ja luovan ilmapiirin rakentamiseen. Koulun oppilaita kasvatetaan itsens\u00e4 ja toiset hyv\u00e4ksyviksi, vastoink\u00e4ymisi\u00e4kin siet\u00e4viksi sek\u00e4 rehellisiksi ja aktiivisiksi kansalaisiksi. Koulussamme opitaan tarpeellisia tietoja ja taitoja monipuolisin menetelmin \u2013 yksin ja yhdess\u00e4 toimien.&#8221; Lis\u00e4tietoja:Koulun kotisivut\" \/>\n<meta property=\"og:url\" content=\"https:\/\/sites.uef.fi\/yritystaoppimisymparistoihin\/yhteistyossa\/koulutusorganisaatiot\/nepenmaen-koulu\/\" \/>\n<meta property=\"og:site_name\" content=\"Yrityst\u00e4 oppimisymp\u00e4rist\u00f6ihin\" \/>\n<meta property=\"article:modified_time\" content=\"2024-02-08T07:07:38+00:00\" \/>\n<meta name=\"twitter:card\" content=\"summary_large_image\" \/>\n<meta name=\"twitter:label1\" content=\"Est. reading time\" \/>\n\t<meta name=\"twitter:data1\" content=\"1 minute\" \/>\n<script type=\"application\/ld+json\" class=\"yoast-schema-graph\">{\"@context\":\"https:\\\/\\\/schema.org\",\"@graph\":[{\"@type\":\"WebPage\",\"@id\":\"https:\\\/\\\/sites.uef.fi\\\/yritystaoppimisymparistoihin\\\/yhteistyossa\\\/koulutusorganisaatiot\\\/nepenmaen-koulu\\\/\",\"url\":\"https:\\\/\\\/sites.uef.fi\\\/yritystaoppimisymparistoihin\\\/yhteistyossa\\\/koulutusorganisaatiot\\\/nepenmaen-koulu\\\/\",\"name\":\"Nepenm\u00e4en koulu - Yrityst\u00e4 oppimisymp\u00e4rist\u00f6ihin\",\"isPartOf\":{\"@id\":\"https:\\\/\\\/sites.uef.fi\\\/yritystaoppimisymparistoihin\\\/#website\"},\"datePublished\":\"2020-08-20T11:41:13+00:00\",\"dateModified\":\"2024-02-08T07:07:38+00:00\",\"breadcrumb\":{\"@id\":\"https:\\\/\\\/sites.uef.fi\\\/yritystaoppimisymparistoihin\\\/yhteistyossa\\\/koulutusorganisaatiot\\\/nepenmaen-koulu\\\/#breadcrumb\"},\"inLanguage\":\"en-US\",\"potentialAction\":[{\"@type\":\"ReadAction\",\"target\":[\"https:\\\/\\\/sites.uef.fi\\\/yritystaoppimisymparistoihin\\\/yhteistyossa\\\/koulutusorganisaatiot\\\/nepenmaen-koulu\\\/\"]}]},{\"@type\":\"BreadcrumbList\",\"@id\":\"https:\\\/\\\/sites.uef.fi\\\/yritystaoppimisymparistoihin\\\/yhteistyossa\\\/koulutusorganisaatiot\\\/nepenmaen-koulu\\\/#breadcrumb\",\"itemListElement\":[{\"@type\":\"ListItem\",\"position\":1,\"name\":\"Home\",\"item\":\"https:\\\/\\\/sites.uef.fi\\\/yritystaoppimisymparistoihin\\\/\"},{\"@type\":\"ListItem\",\"position\":2,\"name\":\"Yhteisty\u00f6ss\u00e4\",\"item\":\"https:\\\/\\\/sites.uef.fi\\\/yritystaoppimisymparistoihin\\\/yhteistyossa\\\/\"},{\"@type\":\"ListItem\",\"position\":3,\"name\":\"Koulutusorganisaatiot\",\"item\":\"https:\\\/\\\/sites.uef.fi\\\/yritystaoppimisymparistoihin\\\/yhteistyossa\\\/koulutusorganisaatiot\\\/\"},{\"@type\":\"ListItem\",\"position\":4,\"name\":\"Nepenm\u00e4en koulu\"}]},{\"@type\":\"WebSite\",\"@id\":\"https:\\\/\\\/sites.uef.fi\\\/yritystaoppimisymparistoihin\\\/#website\",\"url\":\"https:\\\/\\\/sites.uef.fi\\\/yritystaoppimisymparistoihin\\\/\",\"name\":\"Yrityst\u00e4 oppimisymp\u00e4rist\u00f6ihin\",\"description\":\"\",\"potentialAction\":[{\"@type\":\"SearchAction\",\"target\":{\"@type\":\"EntryPoint\",\"urlTemplate\":\"https:\\\/\\\/sites.uef.fi\\\/yritystaoppimisymparistoihin\\\/?s={search_term_string}\"},\"query-input\":{\"@type\":\"PropertyValueSpecification\",\"valueRequired\":true,\"valueName\":\"search_term_string\"}}],\"inLanguage\":\"en-US\"}]}<\/script>\n<!-- \/ Yoast SEO plugin. -->","yoast_head_json":{"title":"Nepenm\u00e4en koulu - Yrityst\u00e4 oppimisymp\u00e4rist\u00f6ihin","robots":{"index":"index","follow":"follow","max-snippet":"max-snippet:-1","max-image-preview":"max-image-preview:large","max-video-preview":"max-video-preview:-1"},"canonical":"https:\/\/sites.uef.fi\/yritystaoppimisymparistoihin\/yhteistyossa\/koulutusorganisaatiot\/nepenmaen-koulu\/","og_locale":"en_US","og_type":"article","og_title":"Nepenm\u00e4en koulu - Yrityst\u00e4 oppimisymp\u00e4rist\u00f6ihin","og_description":"Nepenm\u00e4en koulu on Joensuussa Nepenm\u00e4ell\u00e4 sijaitseva yhten\u00e4iskoulu. &#8220;Nepenm\u00e4en koulussa pyrit\u00e4\u00e4n kaikessa toiminnassa turvallisen, rohkaisevan ja luovan ilmapiirin rakentamiseen. Koulun oppilaita kasvatetaan itsens\u00e4 ja toiset hyv\u00e4ksyviksi, vastoink\u00e4ymisi\u00e4kin siet\u00e4viksi sek\u00e4 rehellisiksi ja aktiivisiksi kansalaisiksi. Koulussamme opitaan tarpeellisia tietoja ja taitoja monipuolisin menetelmin \u2013 yksin ja yhdess\u00e4 toimien.&#8221; Lis\u00e4tietoja:Koulun kotisivut","og_url":"https:\/\/sites.uef.fi\/yritystaoppimisymparistoihin\/yhteistyossa\/koulutusorganisaatiot\/nepenmaen-koulu\/","og_site_name":"Yrityst\u00e4 oppimisymp\u00e4rist\u00f6ihin","article_modified_time":"2024-02-08T07:07:38+00:00","twitter_card":"summary_large_image","twitter_misc":{"Est. reading time":"1 minute"},"schema":{"@context":"https:\/\/schema.org","@graph":[{"@type":"WebPage","@id":"https:\/\/sites.uef.fi\/yritystaoppimisymparistoihin\/yhteistyossa\/koulutusorganisaatiot\/nepenmaen-koulu\/","url":"https:\/\/sites.uef.fi\/yritystaoppimisymparistoihin\/yhteistyossa\/koulutusorganisaatiot\/nepenmaen-koulu\/","name":"Nepenm\u00e4en koulu - Yrityst\u00e4 oppimisymp\u00e4rist\u00f6ihin","isPartOf":{"@id":"https:\/\/sites.uef.fi\/yritystaoppimisymparistoihin\/#website"},"datePublished":"2020-08-20T11:41:13+00:00","dateModified":"2024-02-08T07:07:38+00:00","breadcrumb":{"@id":"https:\/\/sites.uef.fi\/yritystaoppimisymparistoihin\/yhteistyossa\/koulutusorganisaatiot\/nepenmaen-koulu\/#breadcrumb"},"inLanguage":"en-US","potentialAction":[{"@type":"ReadAction","target":["https:\/\/sites.uef.fi\/yritystaoppimisymparistoihin\/yhteistyossa\/koulutusorganisaatiot\/nepenmaen-koulu\/"]}]},{"@type":"BreadcrumbList","@id":"https:\/\/sites.uef.fi\/yritystaoppimisymparistoihin\/yhteistyossa\/koulutusorganisaatiot\/nepenmaen-koulu\/#breadcrumb","itemListElement":[{"@type":"ListItem","position":1,"name":"Home","item":"https:\/\/sites.uef.fi\/yritystaoppimisymparistoihin\/"},{"@type":"ListItem","position":2,"name":"Yhteisty\u00f6ss\u00e4","item":"https:\/\/sites.uef.fi\/yritystaoppimisymparistoihin\/yhteistyossa\/"},{"@type":"ListItem","position":3,"name":"Koulutusorganisaatiot","item":"https:\/\/sites.uef.fi\/yritystaoppimisymparistoihin\/yhteistyossa\/koulutusorganisaatiot\/"},{"@type":"ListItem","position":4,"name":"Nepenm\u00e4en koulu"}]},{"@type":"WebSite","@id":"https:\/\/sites.uef.fi\/yritystaoppimisymparistoihin\/#website","url":"https:\/\/sites.uef.fi\/yritystaoppimisymparistoihin\/","name":"Yrityst\u00e4 oppimisymp\u00e4rist\u00f6ihin","description":"","potentialAction":[{"@type":"SearchAction","target":{"@type":"EntryPoint","urlTemplate":"https:\/\/sites.uef.fi\/yritystaoppimisymparistoihin\/?s={search_term_string}"},"query-input":{"@type":"PropertyValueSpecification","valueRequired":true,"valueName":"search_term_string"}}],"inLanguage":"en-US"}]}},"_links":{"self":[{"href":"https:\/\/sites.uef.fi\/yritystaoppimisymparistoihin\/wp-json\/wp\/v2\/pages\/298","targetHints":{"allow":["GET"]}}],"collection":[{"href":"https:\/\/sites.uef.fi\/yritystaoppimisymparistoihin\/wp-json\/wp\/v2\/pages"}],"about":[{"href":"https:\/\/sites.uef.fi\/yritystaoppimisymparistoihin\/wp-json\/wp\/v2\/types\/page"}],"author":[{"embeddable":true,"href":"https:\/\/sites.uef.fi\/yritystaoppimisymparistoihin\/wp-json\/wp\/v2\/users\/98"}],"replies":[{"embeddable":true,"href":"https:\/\/sites.uef.fi\/yritystaoppimisymparistoihin\/wp-json\/wp\/v2\/comments?post=298"}],"version-history":[{"count":2,"href":"https:\/\/sites.uef.fi\/yritystaoppimisymparistoihin\/wp-json\/wp\/v2\/pages\/298\/revisions"}],"predecessor-version":[{"id":1165,"href":"https:\/\/sites.uef.fi\/yritystaoppimisymparistoihin\/wp-json\/wp\/v2\/pages\/298\/revisions\/1165"}],"up":[{"embeddable":true,"href":"https:\/\/sites.uef.fi\/yritystaoppimisymparistoihin\/wp-json\/wp\/v2\/pages\/244"}],"wp:attachment":[{"href":"https:\/\/sites.uef.fi\/yritystaoppimisymparistoihin\/wp-json\/wp\/v2\/media?parent=298"}],"curies":[{"name":"wp","href":"https:\/\/api.w.org\/{rel}","templated":true}]}}