{"id":331,"date":"2020-08-20T14:46:08","date_gmt":"2020-08-20T11:46:08","guid":{"rendered":"https:\/\/sites.uef.fi\/yritystaoppimisymparistoihin\/?page_id=331"},"modified":"2024-02-08T09:13:26","modified_gmt":"2024-02-08T07:13:26","slug":"kasvukaruselli","status":"publish","type":"page","link":"https:\/\/sites.uef.fi\/yritystaoppimisymparistoihin\/yhteistyossa\/yritykset\/kasvukaruselli\/","title":{"rendered":"Kasvukaruselli"},"content":{"rendered":"\n<h2 class=\"wp-block-heading\">Kasvukarusellin tausta<\/h2>\n\n\n\n<p>Joensuulainen Kasvukaruselli on yksi It\u00e4-Suomen yliopiston Yrityst\u00e4 oppimisymp\u00e4rist\u00f6ihin &#8211; hankkeen yhteisty\u00f6yrityksist\u00e4. Kasvukaruselli on It\u00e4-Suomen yliopistosta erityisopettajaksi valmistuneen Saara Sahlst\u00e9nin seksuaalikasvatusta edist\u00e4v\u00e4 yritys, joka kouluttaa etenkin lasten ja nuorten kanssa ty\u00f6skentelevi\u00e4, kuten varhaiskasvattajia ja opettajia.<\/p>\n\n\n\n<h2 class=\"wp-block-heading\">Kasvukarusellin missio<\/h2>\n\n\n\n<p>Kasvukarusellin juuret ovat opettajan arjen havainnoissa. Ty\u00f6ss\u00e4\u00e4n alakoulun opettajana Saara Sahlst\u00e9n huomasi, ett\u00e4 seksuaalisuuteen liittyv\u00e4t aiheet tulevat ty\u00f6ss\u00e4 v\u00e4ist\u00e4m\u00e4tt\u00e4 vastaan, varsinkin oppilaiden \u00e4lylaitteista liikkuvan sis\u00e4ll\u00f6n my\u00f6t\u00e4. Sahlst\u00e9nin seksuaalineuvojan ja -kasvattajan koulutukset avasivat ymm\u00e4rryksen siit\u00e4, kuinka kipe\u00e4sti lis\u00e4tietoa aiheesta tarvitaan. Tietoa ja vastauksia tarvitsevat sek\u00e4 vanhemmat, ett\u00e4 kaikki lasten ja nuorten kanssa ty\u00f6skentelev\u00e4t.<\/p>\n\n\n\n<p>Ammattikasvattajien lis\u00e4ksi Kasvukaruselli j\u00e4rjest\u00e4\u00e4 tilaisuuksia my\u00f6s lasten vanhemmille. Aikuisten spontaaneilla reaktioilla arjen tilanteissa on suuri vaikutus siihen, kuinka hyv\u00e4ksytyksi lapset itsens\u00e4 kokevat ja millaiset asenteet heille muodostuvat. K\u00e4sitykset oikeasta, v\u00e4\u00e4r\u00e4st\u00e4, sallitusta ja sopimattomasta muodostuvat hyvin varhain.<\/p>\n\n\n\n<p>Yhteystiedot:<br>Saara Sahlst\u00e9n<br>p. +358 50 3814901<br>saara.sahlsten (\u00e4t) kasvukaruselli.com<br><a href=\"https:\/\/www.kasvukaruselli.com\">Kotisivut<\/a><\/p>\n\n\n\n<figure class=\"wp-block-image\"><img loading=\"lazy\" decoding=\"async\" width=\"731\" height=\"1024\" src=\"https:\/\/sites.uef.fi\/yritystaoppimisymparistoihin\/wp-content\/uploads\/sites\/50\/2021\/04\/Saara_Sahlsten_Sivulle-731x1024.jpg\" alt=\"Saara Sahlsten\" class=\"wp-image-810\" srcset=\"https:\/\/sites.uef.fi\/yritystaoppimisymparistoihin\/wp-content\/uploads\/sites\/50\/2021\/04\/Saara_Sahlsten_Sivulle-731x1024.jpg 731w, https:\/\/sites.uef.fi\/yritystaoppimisymparistoihin\/wp-content\/uploads\/sites\/50\/2021\/04\/Saara_Sahlsten_Sivulle-214x300.jpg 214w, https:\/\/sites.uef.fi\/yritystaoppimisymparistoihin\/wp-content\/uploads\/sites\/50\/2021\/04\/Saara_Sahlsten_Sivulle-768x1076.jpg 768w, https:\/\/sites.uef.fi\/yritystaoppimisymparistoihin\/wp-content\/uploads\/sites\/50\/2021\/04\/Saara_Sahlsten_Sivulle-1096x1536.jpg 1096w, https:\/\/sites.uef.fi\/yritystaoppimisymparistoihin\/wp-content\/uploads\/sites\/50\/2021\/04\/Saara_Sahlsten_Sivulle-1461x2048.jpg 1461w, https:\/\/sites.uef.fi\/yritystaoppimisymparistoihin\/wp-content\/uploads\/sites\/50\/2021\/04\/Saara_Sahlsten_Sivulle-scaled.jpg 1827w\" sizes=\"auto, (max-width: 731px) 100vw, 731px\" \/><\/figure>\n","protected":false},"excerpt":{"rendered":"<p>Kasvukarusellin tausta Joensuulainen Kasvukaruselli on yksi It\u00e4-Suomen yliopiston Yrityst\u00e4 oppimisymp\u00e4rist\u00f6ihin &#8211; hankkeen yhteisty\u00f6yrityksist\u00e4. Kasvukaruselli on It\u00e4-Suomen yliopistosta erityisopettajaksi valmistuneen Saara Sahlst\u00e9nin seksuaalikasvatusta edist\u00e4v\u00e4 yritys, joka kouluttaa etenkin lasten ja nuorten kanssa ty\u00f6skentelevi\u00e4, kuten varhaiskasvattajia ja opettajia. Kasvukarusellin missio Kasvukarusellin juuret ovat opettajan arjen havainnoissa. Ty\u00f6ss\u00e4\u00e4n alakoulun opettajana Saara Sahlst\u00e9n huomasi, ett\u00e4 seksuaalisuuteen liittyv\u00e4t aiheet tulevat [&hellip;]<\/p>\n","protected":false},"author":98,"featured_media":0,"parent":250,"menu_order":3,"comment_status":"closed","ping_status":"closed","template":"","meta":{"_acf_changed":false,"_monsterinsights_skip_tracking":false,"_monsterinsights_sitenote_active":false,"_monsterinsights_sitenote_note":"","_monsterinsights_sitenote_category":0,"footnotes":""},"class_list":["post-331","page","type-page","status-publish","hentry"],"acf":[],"yoast_head":"<!-- This site is optimized with the Yoast SEO plugin v27.3 - https:\/\/yoast.com\/product\/yoast-seo-wordpress\/ -->\n<title>Kasvukaruselli - Yrityst\u00e4 oppimisymp\u00e4rist\u00f6ihin<\/title>\n<meta name=\"robots\" content=\"index, follow, max-snippet:-1, max-image-preview:large, max-video-preview:-1\" \/>\n<link rel=\"canonical\" href=\"https:\/\/sites.uef.fi\/yritystaoppimisymparistoihin\/yhteistyossa\/yritykset\/kasvukaruselli\/\" \/>\n<meta property=\"og:locale\" content=\"en_US\" \/>\n<meta property=\"og:type\" content=\"article\" \/>\n<meta property=\"og:title\" content=\"Kasvukaruselli - Yrityst\u00e4 oppimisymp\u00e4rist\u00f6ihin\" \/>\n<meta property=\"og:description\" content=\"Kasvukarusellin tausta Joensuulainen Kasvukaruselli on yksi It\u00e4-Suomen yliopiston Yrityst\u00e4 oppimisymp\u00e4rist\u00f6ihin &#8211; hankkeen yhteisty\u00f6yrityksist\u00e4. Kasvukaruselli on It\u00e4-Suomen yliopistosta erityisopettajaksi valmistuneen Saara Sahlst\u00e9nin seksuaalikasvatusta edist\u00e4v\u00e4 yritys, joka kouluttaa etenkin lasten ja nuorten kanssa ty\u00f6skentelevi\u00e4, kuten varhaiskasvattajia ja opettajia. Kasvukarusellin missio Kasvukarusellin juuret ovat opettajan arjen havainnoissa. Ty\u00f6ss\u00e4\u00e4n alakoulun opettajana Saara Sahlst\u00e9n huomasi, ett\u00e4 seksuaalisuuteen liittyv\u00e4t aiheet tulevat [&hellip;]\" \/>\n<meta property=\"og:url\" content=\"https:\/\/sites.uef.fi\/yritystaoppimisymparistoihin\/yhteistyossa\/yritykset\/kasvukaruselli\/\" \/>\n<meta property=\"og:site_name\" content=\"Yrityst\u00e4 oppimisymp\u00e4rist\u00f6ihin\" \/>\n<meta property=\"article:modified_time\" content=\"2024-02-08T07:13:26+00:00\" \/>\n<meta property=\"og:image\" content=\"https:\/\/sites.uef.fi\/yritystaoppimisymparistoihin\/wp-content\/uploads\/sites\/50\/2021\/04\/Saara_Sahlsten_Sivulle-731x1024.jpg\" \/>\n<meta name=\"twitter:card\" content=\"summary_large_image\" \/>\n<meta name=\"twitter:label1\" content=\"Est. reading time\" \/>\n\t<meta name=\"twitter:data1\" content=\"1 minute\" \/>\n<script type=\"application\/ld+json\" class=\"yoast-schema-graph\">{\"@context\":\"https:\\\/\\\/schema.org\",\"@graph\":[{\"@type\":\"WebPage\",\"@id\":\"https:\\\/\\\/sites.uef.fi\\\/yritystaoppimisymparistoihin\\\/yhteistyossa\\\/yritykset\\\/kasvukaruselli\\\/\",\"url\":\"https:\\\/\\\/sites.uef.fi\\\/yritystaoppimisymparistoihin\\\/yhteistyossa\\\/yritykset\\\/kasvukaruselli\\\/\",\"name\":\"Kasvukaruselli - Yrityst\u00e4 oppimisymp\u00e4rist\u00f6ihin\",\"isPartOf\":{\"@id\":\"https:\\\/\\\/sites.uef.fi\\\/yritystaoppimisymparistoihin\\\/#website\"},\"primaryImageOfPage\":{\"@id\":\"https:\\\/\\\/sites.uef.fi\\\/yritystaoppimisymparistoihin\\\/yhteistyossa\\\/yritykset\\\/kasvukaruselli\\\/#primaryimage\"},\"image\":{\"@id\":\"https:\\\/\\\/sites.uef.fi\\\/yritystaoppimisymparistoihin\\\/yhteistyossa\\\/yritykset\\\/kasvukaruselli\\\/#primaryimage\"},\"thumbnailUrl\":\"https:\\\/\\\/sites.uef.fi\\\/yritystaoppimisymparistoihin\\\/wp-content\\\/uploads\\\/sites\\\/50\\\/2021\\\/04\\\/Saara_Sahlsten_Sivulle-731x1024.jpg\",\"datePublished\":\"2020-08-20T11:46:08+00:00\",\"dateModified\":\"2024-02-08T07:13:26+00:00\",\"breadcrumb\":{\"@id\":\"https:\\\/\\\/sites.uef.fi\\\/yritystaoppimisymparistoihin\\\/yhteistyossa\\\/yritykset\\\/kasvukaruselli\\\/#breadcrumb\"},\"inLanguage\":\"en-US\",\"potentialAction\":[{\"@type\":\"ReadAction\",\"target\":[\"https:\\\/\\\/sites.uef.fi\\\/yritystaoppimisymparistoihin\\\/yhteistyossa\\\/yritykset\\\/kasvukaruselli\\\/\"]}]},{\"@type\":\"ImageObject\",\"inLanguage\":\"en-US\",\"@id\":\"https:\\\/\\\/sites.uef.fi\\\/yritystaoppimisymparistoihin\\\/yhteistyossa\\\/yritykset\\\/kasvukaruselli\\\/#primaryimage\",\"url\":\"https:\\\/\\\/sites.uef.fi\\\/yritystaoppimisymparistoihin\\\/wp-content\\\/uploads\\\/sites\\\/50\\\/2021\\\/04\\\/Saara_Sahlsten_Sivulle-scaled.jpg\",\"contentUrl\":\"https:\\\/\\\/sites.uef.fi\\\/yritystaoppimisymparistoihin\\\/wp-content\\\/uploads\\\/sites\\\/50\\\/2021\\\/04\\\/Saara_Sahlsten_Sivulle-scaled.jpg\",\"width\":1827,\"height\":2560,\"caption\":\"Saara Sahlsten\"},{\"@type\":\"BreadcrumbList\",\"@id\":\"https:\\\/\\\/sites.uef.fi\\\/yritystaoppimisymparistoihin\\\/yhteistyossa\\\/yritykset\\\/kasvukaruselli\\\/#breadcrumb\",\"itemListElement\":[{\"@type\":\"ListItem\",\"position\":1,\"name\":\"Home\",\"item\":\"https:\\\/\\\/sites.uef.fi\\\/yritystaoppimisymparistoihin\\\/\"},{\"@type\":\"ListItem\",\"position\":2,\"name\":\"Yhteisty\u00f6ss\u00e4\",\"item\":\"https:\\\/\\\/sites.uef.fi\\\/yritystaoppimisymparistoihin\\\/yhteistyossa\\\/\"},{\"@type\":\"ListItem\",\"position\":3,\"name\":\"Yritykset\",\"item\":\"https:\\\/\\\/sites.uef.fi\\\/yritystaoppimisymparistoihin\\\/yhteistyossa\\\/yritykset\\\/\"},{\"@type\":\"ListItem\",\"position\":4,\"name\":\"Kasvukaruselli\"}]},{\"@type\":\"WebSite\",\"@id\":\"https:\\\/\\\/sites.uef.fi\\\/yritystaoppimisymparistoihin\\\/#website\",\"url\":\"https:\\\/\\\/sites.uef.fi\\\/yritystaoppimisymparistoihin\\\/\",\"name\":\"Yrityst\u00e4 oppimisymp\u00e4rist\u00f6ihin\",\"description\":\"\",\"potentialAction\":[{\"@type\":\"SearchAction\",\"target\":{\"@type\":\"EntryPoint\",\"urlTemplate\":\"https:\\\/\\\/sites.uef.fi\\\/yritystaoppimisymparistoihin\\\/?s={search_term_string}\"},\"query-input\":{\"@type\":\"PropertyValueSpecification\",\"valueRequired\":true,\"valueName\":\"search_term_string\"}}],\"inLanguage\":\"en-US\"}]}<\/script>\n<!-- \/ Yoast SEO plugin. -->","yoast_head_json":{"title":"Kasvukaruselli - Yrityst\u00e4 oppimisymp\u00e4rist\u00f6ihin","robots":{"index":"index","follow":"follow","max-snippet":"max-snippet:-1","max-image-preview":"max-image-preview:large","max-video-preview":"max-video-preview:-1"},"canonical":"https:\/\/sites.uef.fi\/yritystaoppimisymparistoihin\/yhteistyossa\/yritykset\/kasvukaruselli\/","og_locale":"en_US","og_type":"article","og_title":"Kasvukaruselli - Yrityst\u00e4 oppimisymp\u00e4rist\u00f6ihin","og_description":"Kasvukarusellin tausta Joensuulainen Kasvukaruselli on yksi It\u00e4-Suomen yliopiston Yrityst\u00e4 oppimisymp\u00e4rist\u00f6ihin &#8211; hankkeen yhteisty\u00f6yrityksist\u00e4. Kasvukaruselli on It\u00e4-Suomen yliopistosta erityisopettajaksi valmistuneen Saara Sahlst\u00e9nin seksuaalikasvatusta edist\u00e4v\u00e4 yritys, joka kouluttaa etenkin lasten ja nuorten kanssa ty\u00f6skentelevi\u00e4, kuten varhaiskasvattajia ja opettajia. Kasvukarusellin missio Kasvukarusellin juuret ovat opettajan arjen havainnoissa. Ty\u00f6ss\u00e4\u00e4n alakoulun opettajana Saara Sahlst\u00e9n huomasi, ett\u00e4 seksuaalisuuteen liittyv\u00e4t aiheet tulevat [&hellip;]","og_url":"https:\/\/sites.uef.fi\/yritystaoppimisymparistoihin\/yhteistyossa\/yritykset\/kasvukaruselli\/","og_site_name":"Yrityst\u00e4 oppimisymp\u00e4rist\u00f6ihin","article_modified_time":"2024-02-08T07:13:26+00:00","og_image":[{"url":"https:\/\/sites.uef.fi\/yritystaoppimisymparistoihin\/wp-content\/uploads\/sites\/50\/2021\/04\/Saara_Sahlsten_Sivulle-731x1024.jpg","type":"","width":"","height":""}],"twitter_card":"summary_large_image","twitter_misc":{"Est. reading time":"1 minute"},"schema":{"@context":"https:\/\/schema.org","@graph":[{"@type":"WebPage","@id":"https:\/\/sites.uef.fi\/yritystaoppimisymparistoihin\/yhteistyossa\/yritykset\/kasvukaruselli\/","url":"https:\/\/sites.uef.fi\/yritystaoppimisymparistoihin\/yhteistyossa\/yritykset\/kasvukaruselli\/","name":"Kasvukaruselli - Yrityst\u00e4 oppimisymp\u00e4rist\u00f6ihin","isPartOf":{"@id":"https:\/\/sites.uef.fi\/yritystaoppimisymparistoihin\/#website"},"primaryImageOfPage":{"@id":"https:\/\/sites.uef.fi\/yritystaoppimisymparistoihin\/yhteistyossa\/yritykset\/kasvukaruselli\/#primaryimage"},"image":{"@id":"https:\/\/sites.uef.fi\/yritystaoppimisymparistoihin\/yhteistyossa\/yritykset\/kasvukaruselli\/#primaryimage"},"thumbnailUrl":"https:\/\/sites.uef.fi\/yritystaoppimisymparistoihin\/wp-content\/uploads\/sites\/50\/2021\/04\/Saara_Sahlsten_Sivulle-731x1024.jpg","datePublished":"2020-08-20T11:46:08+00:00","dateModified":"2024-02-08T07:13:26+00:00","breadcrumb":{"@id":"https:\/\/sites.uef.fi\/yritystaoppimisymparistoihin\/yhteistyossa\/yritykset\/kasvukaruselli\/#breadcrumb"},"inLanguage":"en-US","potentialAction":[{"@type":"ReadAction","target":["https:\/\/sites.uef.fi\/yritystaoppimisymparistoihin\/yhteistyossa\/yritykset\/kasvukaruselli\/"]}]},{"@type":"ImageObject","inLanguage":"en-US","@id":"https:\/\/sites.uef.fi\/yritystaoppimisymparistoihin\/yhteistyossa\/yritykset\/kasvukaruselli\/#primaryimage","url":"https:\/\/sites.uef.fi\/yritystaoppimisymparistoihin\/wp-content\/uploads\/sites\/50\/2021\/04\/Saara_Sahlsten_Sivulle-scaled.jpg","contentUrl":"https:\/\/sites.uef.fi\/yritystaoppimisymparistoihin\/wp-content\/uploads\/sites\/50\/2021\/04\/Saara_Sahlsten_Sivulle-scaled.jpg","width":1827,"height":2560,"caption":"Saara Sahlsten"},{"@type":"BreadcrumbList","@id":"https:\/\/sites.uef.fi\/yritystaoppimisymparistoihin\/yhteistyossa\/yritykset\/kasvukaruselli\/#breadcrumb","itemListElement":[{"@type":"ListItem","position":1,"name":"Home","item":"https:\/\/sites.uef.fi\/yritystaoppimisymparistoihin\/"},{"@type":"ListItem","position":2,"name":"Yhteisty\u00f6ss\u00e4","item":"https:\/\/sites.uef.fi\/yritystaoppimisymparistoihin\/yhteistyossa\/"},{"@type":"ListItem","position":3,"name":"Yritykset","item":"https:\/\/sites.uef.fi\/yritystaoppimisymparistoihin\/yhteistyossa\/yritykset\/"},{"@type":"ListItem","position":4,"name":"Kasvukaruselli"}]},{"@type":"WebSite","@id":"https:\/\/sites.uef.fi\/yritystaoppimisymparistoihin\/#website","url":"https:\/\/sites.uef.fi\/yritystaoppimisymparistoihin\/","name":"Yrityst\u00e4 oppimisymp\u00e4rist\u00f6ihin","description":"","potentialAction":[{"@type":"SearchAction","target":{"@type":"EntryPoint","urlTemplate":"https:\/\/sites.uef.fi\/yritystaoppimisymparistoihin\/?s={search_term_string}"},"query-input":{"@type":"PropertyValueSpecification","valueRequired":true,"valueName":"search_term_string"}}],"inLanguage":"en-US"}]}},"_links":{"self":[{"href":"https:\/\/sites.uef.fi\/yritystaoppimisymparistoihin\/wp-json\/wp\/v2\/pages\/331","targetHints":{"allow":["GET"]}}],"collection":[{"href":"https:\/\/sites.uef.fi\/yritystaoppimisymparistoihin\/wp-json\/wp\/v2\/pages"}],"about":[{"href":"https:\/\/sites.uef.fi\/yritystaoppimisymparistoihin\/wp-json\/wp\/v2\/types\/page"}],"author":[{"embeddable":true,"href":"https:\/\/sites.uef.fi\/yritystaoppimisymparistoihin\/wp-json\/wp\/v2\/users\/98"}],"replies":[{"embeddable":true,"href":"https:\/\/sites.uef.fi\/yritystaoppimisymparistoihin\/wp-json\/wp\/v2\/comments?post=331"}],"version-history":[{"count":2,"href":"https:\/\/sites.uef.fi\/yritystaoppimisymparistoihin\/wp-json\/wp\/v2\/pages\/331\/revisions"}],"predecessor-version":[{"id":1189,"href":"https:\/\/sites.uef.fi\/yritystaoppimisymparistoihin\/wp-json\/wp\/v2\/pages\/331\/revisions\/1189"}],"up":[{"embeddable":true,"href":"https:\/\/sites.uef.fi\/yritystaoppimisymparistoihin\/wp-json\/wp\/v2\/pages\/250"}],"wp:attachment":[{"href":"https:\/\/sites.uef.fi\/yritystaoppimisymparistoihin\/wp-json\/wp\/v2\/media?parent=331"}],"curies":[{"name":"wp","href":"https:\/\/api.w.org\/{rel}","templated":true}]}}